-- Table structure for table `menus`
--

CREATE TABLE `menus` (
  `id` bigint unsigned NOT NULL AUTO_INCREMENT,
  `business_account_id` varchar(191) COLLATE utf8mb4_unicode_ci NOT NULL,
  `type` varchar(191) COLLATE utf8mb4_unicode_ci NOT NULL DEFAULT 'gamification',
  `title` varchar(191) COLLATE utf8mb4_unicode_ci NOT NULL,
  `url` varchar(191) COLLATE utf8mb4_unicode_ci NOT NULL,
  `order` int NOT NULL,
  `auth` tinyint(1) NOT NULL DEFAULT '1',
  `new_tab` tinyint(1) NOT NULL DEFAULT '1',
  `status` varchar(191) COLLATE utf8mb4_unicode_ci NOT NULL DEFAULT 'active',
  `created_at` timestamp NULL DEFAULT NULL,
  `updated_at` timestamp NULL DEFAULT NULL,
  `icon` varchar(191) COLLATE utf8mb4_unicode_ci DEFAULT NULL,
  `color` varchar(191) COLLATE utf8mb4_unicode_ci DEFAULT NULL,
  `popup` tinyint(1) NOT NULL DEFAULT '0',
  PRIMARY KEY (`id`)
) ENGINE=InnoDB DEFAULT CHARSET=utf8mb4 COLLATE=utf8mb4_unicode_ci;

--
-- Dumping data for table `menus`
--


--
-- Table structure for table `merchants`
--

CREATE TABLE `merchants` (
  `id` bigint unsigned NOT NULL AUTO_INCREMENT,
  `business_account_id` int unsigned NOT NULL,
  `company_name` varchar(300) CHARACTER SET utf8mb4 COLLATE utf8mb4_unicode_ci DEFAULT NULL,
  `country` varchar(191) CHARACTER SET utf8mb4 COLLATE utf8mb4_unicode_ci NOT NULL,
  `company_logo` text CHARACTER SET utf8mb4 COLLATE utf8mb4_unicode_ci,
  `mobile_country_code` varchar(191) CHARACTER SET utf8mb4 COLLATE utf8mb4_unicode_ci NOT NULL,
  `mobile` varchar(191) CHARACTER SET utf8mb4 COLLATE utf8mb4_unicode_ci NOT NULL,
  `email` varchar(191) CHARACTER SET utf8mb4 COLLATE utf8mb4_unicode_ci NOT NULL,
  `description` varchar(191) CHARACTER SET utf8mb4 COLLATE utf8mb4_unicode_ci NOT NULL,
  `slug` varchar(191) CHARACTER SET utf8mb4 COLLATE utf8mb4_unicode_ci NOT NULL,
  `status` varchar(191) CHARACTER SET utf8mb4 COLLATE utf8mb4_unicode_ci NOT NULL,
  `created_at` timestamp NULL DEFAULT NULL,
  `updated_at` timestamp NULL DEFAULT NULL,
  PRIMARY KEY (`id`),
  KEY `merchants_status(6)_slug(10)_index` (`status`(6),`slug`(10))
) ENGINE=InnoDB DEFAULT CHARSET=utf8mb4 COLLATE=utf8mb4_unicode_ci;

--
-- Dumping data for table `merchants`
--


--
-- Table structure for table `migrations`
--

CREATE TABLE `migrations` (
  `id` int unsigned NOT NULL AUTO_INCREMENT,
  `migration` varchar(191) CHARACTER SET utf8mb4 COLLATE utf8mb4_unicode_ci NOT NULL,
  `batch` int NOT NULL,
  PRIMARY KEY (`id`)
) ENGINE=InnoDB AUTO_INCREMENT=485 DEFAULT CHARSET=utf8mb4 COLLATE=utf8mb4_unicode_ci;

--
-- Dumping data for table `migrations`
--

INSERT INTO `migrations` VALUES (1,'2014_10_12_000000_create_users_table',1),(2,'2014_10_12_100000_create_password_resets_table',1),(3,'2019_07_22_100559_create_reminders_tables',1),(4,'2019_07_24_084448_create_permission_tables',1),(5,'2019_07_24_084747_create_vouchers_tables',1),(6,'2019_07_24_085150_create_user_business_tables',1),(7,'2019_08_07_065756_create_system_tables',1),(8,'2019_08_14_102937_update_business_account_table',1),(9,'2019_08_15_083927_create_voucher_series_details',1),(10,'2019_08_19_141833_update_voucher_redeem_code_table',1),(11,'2019_08_20_111635_create_hypermart_data_table',1),(12,'2019_08_22_034511_create_business_details_table',2),(13,'2019_08_22_044327_custom_conversions',2),(14,'2019_08_23_081609_update_voucher_table',2),(15,'2019_08_27_024050_create_business_account_domains_table',2),(16,'2019_08_27_063150_create_sms_blast_tables',2),(17,'2019_08_27_171856_update_business_asset_voucher_table',2),(18,'2019_08_28_151823_create_campaign_business_assets_relation_table',2),(19,'2019_08_28_183842_update_reminder_table',2),(20,'2019_09_11_104032_update_voucher_series_table',2),(21,'2019_10_22_133421_create_voucher_redeem_codes_backup_table',2),(22,'2019_10_29_151026_create_creative_templates_tables',2),(23,'2019_11_01_103157_update_voucher_series_column_use_count_table',2),(24,'2019_11_06_154754_create_voucher_series_import_tables',2),(25,'2019_11_11_183058_update_voucher_series_table_unique_redeem_count_columns',2),(26,'2019_11_12_112835_update_voucher_series_update_columns_order',2),(27,'2019_11_12_114708_create_voucher_send_queues_table',2),(28,'2019_11_13_195914_update_tags_table_add_column_identifier',2),(29,'2019_11_14_121412_create_banner_settings_table',2),(30,'2019_11_14_121518_create_widget_settings_table',2),(31,'2019_11_14_154334_create_form_feedback_datas_table',2),(32,'2019_11_14_195219_create_product_categories_table',2),(33,'2019_11_15_084236_create_hypermart_feedback_form_table',2),(34,'2019_11_15_121947_create_product_categories_voucher_series_relationship',2),(35,'2019_11_18_114541_create_user_logs_table',2),(36,'2019_11_18_180035_update_voucher_series_table_add_mendatory_columns',2),(37,'2019_11_19_120107_create_newsletters_table',2),(38,'2019_11_21_181252_create_user_log_stats_table',2),(39,'2019_11_22_161055_create_voucher_stats_table',2),(40,'2019_12_10_235713_update_voucher_stats_table_add_column_value',2),(41,'2020_06_04_000007_add_column_code_in_voucher_series_asset_relation',2),(42,'2020_06_08_013559_add_column_redemption_method_voucher_series_imports_table',2),(43,'2020_06_08_153458_add_use_by_date_option_column_in_voucher_series_table',2),(44,'2020_06_09_221226_add_generated_password_column_in_voucher_send_queues_table',2),(45,'2020_06_09_231907_add_last_login_column_in_users_table',2),(46,'2020_06_10_011611_add_type_column_in_business_assets_table',2),(47,'2020_06_10_170159_add_password_changed_column_in_user_table',2),(48,'2020_06_19_145145_add_column_user_id_in_vouchers_table',2),(49,'2020_07_23_074752_create_voucher_series_stats_table',2),(50,'2020_07_27_053742_add_max_usable_voucher_column_in_voucher_series_table',2),(51,'2020_10_20_030824_add_google2fa_secret_column_in_user_table',2),(52,'2020_11_25_102008_add_color_store_logo_in_business_assets_table',2),(53,'2020_11_29_235237_create_receipts_table',2),(54,'2020_11_30_002409_create_modules_table',2),(55,'2020_11_30_235200_create_stores_table',2),(56,'2020_12_01_232838_create_voucher_redeem_code_groups_table',2),(57,'2020_12_15_212039_create_tracking_events_table',2),(58,'2020_12_16_015537_add_column_redeem_code_in_business_assets_table',2),(59,'2020_12_16_122638_create_voucher_agreements_table',2),(60,'2020_12_17_194233_add_promotion_code_display_method_colomn_in_business_assets_table',2),(61,'2020_12_17_195934_create_category_group_items_table',2),(62,'2020_12_17_195938_create_category_groups_table',2),(63,'2020_12_17_200049_create_category_group_settings_table',2),(64,'2020_12_20_000000_add_api_column',3),(65,'2021_03_31_005918_create_sso_token_table',3),(66,'2021_03_30_154131_create_user_details_table',4),(67,'2016_06_01_000001_create_oauth_auth_codes_table',5),(68,'2016_06_01_000002_create_oauth_access_tokens_table',5),(69,'2016_06_01_000003_create_oauth_refresh_tokens_table',5),(70,'2016_06_01_000004_create_oauth_clients_table',5),(71,'2016_06_01_000005_create_oauth_personal_access_clients_table',5),(72,'2021_06_30_115700_create_transactions_table',5),(73,'2021_07_01_133652_add_promotion_mechanic_column_in_voucher_series_table',5),(74,'2021_07_02_032100_add_promotion_mechanic_column_in_voucher_series_asset_relations_table',5),(75,'2021_07_19_012728_create_dsc_users_table',6),(76,'2021_07_19_012820_create_dsc_rewards_pos_table',7),(77,'2021_07_19_012828_create_dsc_merchants_table',6),(78,'2021_07_19_012839_create_dsc_logs_table',8),(79,'2021_07_19_012847_create_dsc_locations_table',6),(80,'2021_07_19_012856_create_dsc_grids_table',9),(81,'2021_07_19_012922_create_dsc_entries_table',6),(82,'2021_07_19_012935_create_dsc_api_accesses_table',10),(83,'2021_07_21_004510_create_dsc_reward_items_table',10),(84,'2021_07_21_004757_create_dsc_reward_redemption_logs_table',10),(85,'2021_07_21_022748_create_dsc_reward_groups_table',10),(86,'2021_07_21_134227_create_user_addresses_table',11),(87,'2021_07_22_152426_create_address_states_table',12),(88,'2021_07_27_015132_create_notification_templates_table',13),(90,'2021_07_27_163441_create_notification_logs_table',14),(93,'2021_09_16_173813_add_receipt_uid_to_ocr_samples',15),(94,'2021_09_17_104217_add_merchant_sid_to_ocr_samples',16),(95,'2021_09_23_100340_create_user_device_agents_table',17),(96,'2021_09_23_100442_add_user_device_agent_id_field_to_dsc_entries',17),(148,'2021_10_07_145958_create_plant_user_summary_progress_table',18),(149,'2021_10_07_151700_create_notifications_table',18),(150,'2021_10_07_152158_create_plant_token_transactions_table',18),(151,'2021_10_07_152939_create_plant_supplement_transactions_table',18),(152,'2021_10_07_154201_create_plant_supplements_table',18),(153,'2021_10_08_093934_create_plant_user_plants_table',18),(154,'2021_10_08_094701_create_plant_summary_user_plant_progress_table',18),(155,'2021_10_08_094936_create_plant_growth_token_transactions_table',18),(156,'2021_10_08_095537_create_daily_challenges_table',18),(157,'2021_10_08_095614_create_user_daily_challenges_table',18),(158,'2021_10_08_095625_create_user_question_headers_table',18),(159,'2021_10_08_095638_create_user_question_details_table',18),(160,'2021_10_08_095650_create_questions_table',18),(161,'2021_10_08_095658_create_question_choices_table',18),(162,'2021_10_08_095722_create_daily_core_a_rs_table',18),(163,'2021_10_08_095731_create_user_daily_core_a_rs_table',18),(164,'2021_10_12_113615_create_daily_check_ins_table',18),(165,'2021_10_14_164455_add_cta_action_to_notification_templates',19),(166,'2021_10_15_160053_alter_cta_type_to_nullable_for_notifications',19),(167,'2021_10_15_173053_add_last_interact_at_to_plant_user_summary_progress',19),(168,'2021_10_18_181415_alter_unique_key_for_daily_challenges_and_daily_core_ars',20),(169,'2021_10_19_154729_add_token_img_path_to_plant_supplements',20),(170,'2021_10_24_014347_add_img_landing_path_to_daily_challenges',21),(172,'2021_10_25_215831_create_qr_scan_logs_table',22),(173,'2021_10_26_104507_create_merchants_table',22),(174,'2021_10_15_121757_create_point_transactions_table',23),(175,'2021_10_18_174535_create_exclusive_reward_redemptions_table',23),(176,'2021_10_21_020206_create_referrer_code_logs_table',23),(177,'2021_10_26_120046_add_referrer_code_in_user_table',24),(178,'2021_11_03_174320_add_index_to_necessary_table',25),(179,'2021_11_05_100812_add_day_week_settings_to_daily_challenges',26),(180,'2021_11_11_012133_create_plant_users_table',27),(181,'2021_11_17_102857_add_key_value_column_index_to_user_details',27),(182,'2021_11_17_103434_drop_duplicate_user_id_index_from_plant_user_summary_progress',27),(183,'2021_11_18_115103_add_necessary_index_to_table',28),(186,'2021_11_23_152304_add_column_membership_synced_date_in_users_table',29),(187,'2021_11_26_114010_add_is_membership_auto_sync_mode_to_users_and_plant_users',30),(189,'2021_12_13_234355_add_dob_column_in_user_table',31),(195,'2021_12_14_170313_create_products_table',32),(196,'2021_12_14_225251_add_status_column_in_referrer_code_logs_table',32),(197,'2021_12_15_024004_add_products_column_in_dsc_entry_table',32),(198,'2021_12_16_182927_add_state_column_in_business_assets_table',33),(212,'2021_12_17_011505_add_product_group_id_in_stores_table',34),(213,'2021_12_17_012341_create_product_groups_table',34),(214,'2021_12_17_024757_add_product_group_slug_in_products_table',34),(216,'2021_12_21_001835_add_voucher_type_column_in_voucher_series_table',35),(218,'2021_12_22_182654_add_mobile_verified_column_in_users_table',36),(219,'2021_12_29_141104_add_dob_column_in_plant_and_dsc_users_table',37),(220,'2022_01_05_130534_create_ocr_negative_keywords_table',38),(221,'2022_01_05_134815_add_ocr_columns_in_dsc_entries_table',39),(222,'2014_04_02_193005_create_translations_table',40),(223,'2021_09_06_011955_add_columns_in_category_groups',40),(224,'2021_09_06_022950_create_campaigns_table',40),(225,'2021_09_06_025318_create_campaign_voucher_series_table',40),(226,'2021_09_26_003414_create_category_criterias_table',40),(227,'2021_09_28_174535_add_column_is_downloadable_to_voucher_series',40),(228,'2021_09_29_144046_update_column_redeem_max_in_voucher_series_table',40),(229,'2021_10_02_220806_add_voucher_source_column_in_vouchers',40),(230,'2021_10_16_031824_add_vocuher_type_module_columns_in_voucher_series_table',41),(231,'2021_12_09_145933_add_slug_to_business_accounts',41),(232,'2021_12_14_115042_migrate_pnm_table_needed_for_voucher_demo',41),(233,'2021_12_29_121915_create_audit_revisions_table',41),(234,'2022_01_11_101134_add_apple_touch_icon_to_business_account',41),(235,'2022_01_12_205717_create_merchant_details_table',41),(236,'2022_01_19_100928_create_store_details_table',42),(237,'2022_01_11_162928_create_notification_template_unsubscribes_table',43),(238,'2021_11_09_144901_create_dstw_items_table',44),(239,'2021_11_09_144931_create_dstw_item_periods_table',44),(240,'2021_11_09_144952_create_dstw_entries_table',44),(241,'2021_11_09_145000_create_dstw_entry_statuses_table',44),(242,'2022_02_14_132952_add_timestamp_column_to_analytics_view',44),(243,'2022_02_17_152649_add_necessary_index_for_analytics',44),(244,'2022_02_24_175842_add_bi_related_columns_to_analytics_view',45),(245,'2022_01_25_182442_add_email_masked_column_in_user',45),(254,'2022_02_22_174226_create_blast_target_groups_table',46),(256,'2022_02_27_214640_create_blasts_table',47),(257,'2022_02_18_192528_alter_structure_voucher_series_table',48),(258,'2022_02_28_230551_create_blast_recipients_table',48),(259,'2022_02_25_160845_create_analytics_bi_summaries_table',49),(260,'2022_03_03_232252_add_index_to_bi_summary_used_table',49),(261,'2022_03_06_213002_create_user_menu_favorites_table',49),(262,'2022_03_11_151928_add_type_column_in_voucher_series_tags_table',50),(263,'2022_03_14_183252_alter_column_bi_home_order_analytic_view',50),(264,'2022_03_24_084152_add_business_account_id_to_users',51),(265,'2022_03_24_084401_create_account_user_relations_table',51),(266,'2022_03_28_110943_add_column_last_home_refresh_at_to_users',51),(267,'2022_03_28_185309_add_columns_in_business_accounts_table',51),(268,'2022_03_30_095128_add_column_grouping_slug_to_business_accounts',51),(269,'2022_03_31_143020_create_chance_distribution_transactions_table',51),(270,'2022_04_01_095128_create_user_summaries_table',51),(271,'2022_04_01_101400_rename_plant_token_transactions_to_point_transactions',52),(272,'2022_04_01_182025_add_business_id_to_daily_challenges_table',52),(273,'2022_04_04_123327_add_approval_related_columns_to_point_transactions',53),(274,'2022_04_04_221050_add_columns_to_dstw_items_table',53),(275,'2022_04_06_152240_add_business_account_id_to_questions_table',53),(277,'2022_04_11_145002_add_unique_columns_to_daily_challenges_table',54),(278,'2022_04_12_210641_alter_user_twofa_column',55),(279,'2022_04_12_114237_alter_index_for_enterprise_solution_table',56),(280,'2022_04_13_185910_alter_index_for_enterprise_solution_table_2',57),(281,'2022_04_14_094306_alter_dstw_related_table',57),(282,'2022_04_19_110702_create_user_files_table',58),(283,'2022_04_19_134600_create_approvals_table',59),(284,'2022_04_25_133007_add_ocr_text_column_in_receipts_table',59),(285,'2022_04_25_142044_add_module_identifier_column_in_user_files_table',59),(286,'2022_04_26_103734_add_various_summ_columns_to_user_summaries',60),(287,'2022_04_26_115330_add_business_account_id_to_analytics_view',60),(288,'2022_04_27_123138_alter_struct_for_table_used_for_analystic',60),(289,'2022_04_29_111352_create_business_account_summaries_table',61),(290,'2022_04_29_152155_alter_struct_for_table_used_for_analystic2',61),(291,'2022_05_05_151405_add_column_status_to_table_questions',62),(292,'2022_05_06_095800_add_approval_info_columns_to_dstw_entry_statuses',63),(293,'2022_05_05_155835_add_qr_code_file_url_column_in_business_assets_table',64),(294,'2022_05_06_133454_alter_struct_for_table_used_for_analystic3',65),(295,'2022_04_28_141733_add_business_account_id_in_notification_templates_table',66),(296,'2022_05_13_132606_add_details_column_to_dstw_items_table',67),(297,'2022_05_13_133308_add_updated_at_to_user_question_details',68),(298,'2022_05_13_134325_update_business_account_id_in_notification_templates_table',68),(299,'2022_05_14_171815_add_updated_at_to_qr_scan_logs',69),(300,'2022_05_14_184215_add_last_blast_log_date_to_user_summaries',69),(301,'2022_05_17_132839_add_description_order_column_in_notification_templates_table',70),(302,'2022_05_17_135549_add_shortname_column_in_daily_challenges_table',70),(303,'2022_05_18_110733_add_column_first_onboard_module_to_user_summaries',71),(304,'2022_05_18_121748_create_raw_keywords_table',71),(305,'2022_05_18_181024_alter_struct_receipt_entries',72),(306,'2022_05_25_105226_create_domains_table',73),(307,'2022_05_25_110400_create_external_a_p_is_table',73),(308,'2022_05_25_110538_create_subdomains_table',73),(316,'2022_05_25_093911_create_event_tag_categories_table',74),(317,'2022_05_25_093922_create_event_tag_type_slugs_table',74),(318,'2022_05_25_093923_create_event_tag_types_table',74),(319,'2022_05_25_102224_create_user_event_tags_table',74),(320,'2022_05_27_162906_add_approval_user_id_to_transaction_table',74),(321,'2022_05_31_184623_add_group_columns_to_analytics_bi_summaries_table',74),(322,'2022_06_01_143937_add_total_voucher_download_to_user_summaries',74),(323,'2022_06_03_141839_add_module_into_table_user_event_tags',75),(324,'2022_06_08_094239_add_modal_type_column_to_transaction_related_table',76),(325,'2022_06_08_142459_add_business_account_id_to_audit_revisions',77),(326,'2022_06_08_221125_create_user_daily_challenge_reward_summaries_table',78),(327,'2022_06_10_181242_add_dstw_entry_status_id_to_user_daily_challenges',79),(328,'2022_06_12_164750_create_daily_check_in_summaries_table',79),(329,'2022_06_13_120704_add_module_model_type_to_user_files',79),(330,'2022_06_13_160149_add_slug_index_to_event_tag_type_slugs',79),(331,'2022_06_14_145631_add_column_avg_transaction_amount_to_transaction_items',80),(332,'2022_06_13_133955_add_column_receipt_url_in_receipt_entries_table',81),(333,'2022_06_15_112542_add_promotion_type_column_in_voucher_series_table',81),(334,'2022_06_15_111606_create_voucher_series_summaries_table',82),(335,'2022_06_16_102617_add_transaction_code_to_transactions',82),(336,'2022_06_16_133246_create_jobs_table',82),(337,'2022_06_16_133303_create_failed_jobs_table',82),(338,'2022_06_16_143924_add_serial_index_to_vouchers',82),(353,'2022_06_17_094816_create_user_session_logs_table',83),(354,'2022_06_17_122533_create_user_active_sessions_table',83),(355,'2022_06_28_162905_add_is_agency_to_business_accounts',84),(356,'2022_07_03_162032_add_creation_info_columns_to_business_accounts',85),(357,'2022_07_01_161958_add_columns_to_user_session_logs',86),(358,'2022_07_07_154310_add_anonymous_user_to_user_active_sessions',87),(359,'2022_07_08_144850_add_unique_index_to_business_accounts',88),(360,'2022_07_08_165651_add_alias_to_business_accounts',89),(361,'2022_07_13_193534_create_user_utm_tracks_table',90),(362,'2022_07_15_120322_add_label_to_roles',91),(364,'2022_07_14_143529_create_user_event_tag_stats_table',92),(365,'2022_07_18_103935_add_status_to_business_accounts',93),(366,'2022_07_20_104100_add_index_to_user_addresses',94),(368,'2022_07_19_170952_create_billing_period_logs_table',95),(369,'2022_07_25_190643_add_index_to_blast_related_table',96),(370,'2022_08_11_115841_create_webhook_logs_table',97),(371,'2022_08_15_130415_add_src_receipt_info_to_receipt_entries',97),(372,'2022_09_06_103026_add_index_to_approval_table',98),(373,'2022_09_02_152814_create_custom_pop_up_settings_table',99),(374,'2022_09_12_153747_add_expired_at_to_chance_distribution_transactions',100),(375,'2022_09_19_144250_add_challenge_question_to_questions',101),(376,'2022_09_28_094745_update_is_private_default_val_to_voucher_series',102),(377,'2022_09_26_110807_create_raw_receipts_table',103),(378,'2022_10_12_153403_add_doc_ai_json_to_raw_receipts',104),(379,'2022_11_10_095419_add_item_group_to_dstw_items',105),(380,'2022_11_11_011758_alter_columns_to_nullable_in_sso_tokens_table',105),(381,'2022_11_12_145010_add_column_transaction_uid_in_chance_distribution_transactions',105),(382,'2022_11_14_163532_create_api_logs_table',105),(383,'2022_11_25_101931_alter_index_in_receipt_entries',105),(384,'2022_12_16_095109_add_column_register_at_to_users',105),(385,'2023_01_17_190432_add_soft_delete_to_transaction_items',105),(386,'2023_01_19_102755_alter_smart_receipt_related_table',105),(387,'2023_02_09_145124_add_address_related_column_to_dstw_items',105),(388,'2023_02_21_093143_create_generic_taggables_table',105),(389,'2023_03_07_114946_add_uploaded_at_to_receipt_entries',105),(390,'2023_03_10_142006_add_ip_address_to_ocr_request_logs',105),(391,'2023_04_07_120243_add_whatsapp_to_blasts',105),(392,'2023_04_12_120233_create_ocr_criteria_configs_table',105),(393,'2023_05_05_110141_create_receipt_entry_user_inputs_table',105),(394,'2023_05_26_092908_create_asset_paths_table',105),(395,'2023_05_31_092234_support_dsc_challenge_requirements',105),(396,'2023_05_31_160822_update_stampcard_module_tables',105),(397,'2023_06_01_155951_add_attemps_column_in_blast_recipient_table',105),(398,'2023_06_05_184025_create_voucher_distribution_transactions_table',105),(399,'2023_06_05_191349_alter_user_summaries_table_add_column_total_voucher_provisioned',105),(400,'2023_06_06_142731_create_bonus_modules_table',105),(401,'2023_06_06_214914_create_dsc_tables',105),(402,'2023_06_09_181718_add_grid_image_column_to_dsc_grid_table',105),(403,'2023_06_12_103245_alter_notification_add_cta_target_noti_info',105),(404,'2023_06_14_144344_create_user_device_infos_table',105),(405,'2023_06_15_182230_add_pii_into_user_addresses',105),(406,'2023_06_27_103935_create_user_unsubscriptions_table',105),(407,'2023_07_03_142546_create_pivot_challenges_table',105),(408,'2023_07_07_094402_create_store_types_table',105),(409,'2023_07_11_094337_alter_add_use_by_date_days_to_voucher_series',105),(410,'2023_07_12_151935_create_dstw_item_multipliers_table',105),(411,'2023_07_18_095412_create_dstw_item_vouchers_table',105),(412,'2023_07_18_160250_add_column_max_download_per_series_per_user_in_voucher_series_table',105),(413,'2023_07_18_162632_add_column_allow_download_after_expired_to_voucher_series_table',105),(414,'2023_07_21_115742_add_allow_download_after_used_column_to_voucher_series_table',105),(415,'2023_07_21_154621_add_notif_sms_column_to_voucher_series_table',105),(416,'2023_07_24_145339_add_model_type_column_into_notification_templates',105),(417,'2023_08_01_175818_add_full_address_column_to_business_assets_table',105),(418,'2023_08_03_101715_alter_action_link_column_in_banner_settings_table',105),(419,'2023_08_15_164649_add_receipt_summ_columns_in_user_summaries_table',105),(420,'2023_08_23_143622_create_pivot_date_formats_table',105),(421,'2023_08_29_124109_create_user_short_links_table',105),(422,'2023_08_29_162150_update_dsc_grid_for_chinese_support',105),(423,'2023_09_01_102027_create_dstw_item_slots_table',105),(424,'2023_09_12_093023_add_textract_json_to_raw_receipts',105),(425,'2023_09_19_121726_create_ocr_request_log_variants',105),(426,'2023_09_19_131523_update_dsc_user_cards_columns',105),(427,'2023_09_22_161211_alter_dyn_redeem_code_tbl',105),(428,'2023_10_14_020713_update_dsc_grid_for_chinese_support_title',105),(429,'2023_10_18_225534_add_additional_fields_to_receipt_entry_ocr_summaries_table',105),(430,'2023_10_27_003703_add_analytics_column_to_receipt_entry_product_relations_table',105),(431,'2023_11_01_094526_update_users_table_for_passcode_registrations',105),(432,'2023_11_06_141952_add_year_col_to_users_table',105),(433,'2023_11_15_144020_add_group_column_in_dstw_item_vouchers_table',105),(434,'2024_01_10_184401_create_menuses_table',105),(435,'2024_01_19_144834_create_business_account_details_table',105),(436,'2024_01_19_144834_create_business_account_groups_table',105),(437,'2024_01_19_144835_add_color_column_in_menus_table',105),(438,'2024_03_04_231359_add_birth_month_and_birth_year_fields_to_users_table',105),(439,'2024_03_13_162452_add_qualifying_spend_total_column_to_receipt_entry_ocr_summaries_table',105),(440,'2024_03_18_184344_alter_name_column_in_products_table',105),(441,'2024_04_30_182051_add_image_column_in_business_account_details_table',105),(442,'2024_04_30_183043_delete_addiotnal_column_in_business_account_details',105),(443,'2024_06_03_172516_add_is_admin_email_column_in_notification_templates',105),(444,'2024_06_07_190848_add_product_group_id_to_products_table',105),(445,'2024_06_07_205456_add_product_group_id_to_stores_table',105),(446,'2024_06_15_002321_add_foreign_key_constraint_to_product_group_id_in_products_table',105),(447,'2024_06_15_002343_add_foreign_key_constraint_to_product_group_id_in_stores_table',105),(448,'2024_07_01_021613_create_reward_group_table',105),(449,'2024_07_19_123905_alter_columns_notification_templates_in_voucher_series_table',105),(450,'2024_07_25_143429_add_column_status_messages_in_dsc_grids_table',105),(451,'2024_07_26_140852_add_column_grid_completion_limit_in_dsc_grid_table',105),(452,'2024_07_30_172839_add_column_rejected_grid_message_in_dsc_grids_table',105),(453,'2024_08_07_164110_create_import_merchant_and_product_logs_table',105),(454,'2024_08_15_144018_move_hostname_column_to_after_id_in_business_accounts_table',105),(455,'2024_09_02_125301_create_verification_codes_table',105),(456,'2024_09_18_162900_create_user_notifications_table',105),(457,'2024_09_19_103150_alter_content_column_in_notification_logs',105),(458,'2024_09_24_211847_add_column_skale_vlm_json_in_raw_receipts_table',105),(459,'2024_10_03_175025_create_user_fund_transfer_details',105),(460,'2024_10_14_171510_add_is_pool_in_voucher_series_table',105),(461,'2024_10_17_132642_add_foreign_index_in_voucher_series_table',105),(462,'2024_10_17_133202_create_voucher_series_limit_schedules_table',105),(463,'2024_10_22_164247_add_column_last_name_to_users_table',105),(464,'2024_10_23_172341_add_extra_fields_to_receipt_entry_user_inputs_table',105),(465,'2024_10_25_170456_add_additional_fields_to_receipt_entries_table',105),(466,'2024_11_05_120955_create_sessions_table',105),(467,'2024_11_11_144008_create_game_session_states_table',105),(468,'2024_12_03_112357_add_provisioned_voucher_to_game_session_states_table',105),(469,'2024_12_16_152459_create_variants_table',105),(470,'2024_12_16_152505_create_variant_values_table',105),(471,'2024_12_16_152513_create_variant_combinations_table',105),(472,'2024_12_18_184840_add_variant_combination_id_to_vouchers_table',105),(473,'2025_01_06_002116_add_user_address_id_to_vouchers_table',105),(474,'2025_01_06_002412_add_city_to_user_addresses_table',105),(475,'2025_01_09_125151_create_tags_table',105),(476,'2025_01_09_130635_create_tag_users_table',105),(477,'2025_01_09_131957_create_tag_receipts_table',105),(478,'2025_01_09_153709_create_draw_tables',105),(479,'2025_01_10_161444_add_business_account_id_to_tags_table',105),(480,'2025_01_12_170557_add_google_analytics_cookies_to_user_utm_tracks_table',105),(481,'2025_01_22_001634_add_type_to_user_addresses_table',105),(482,'2025_04_05_135400_add_wa_username_to_users_table',105),(484,'2026_04_14_172033_add_wa_bsuid_to_users_table',106);

--
-- Table structure for table `model_has_permissions`
--

CREATE TABLE `model_has_permissions` (
  `permission_id` int unsigned NOT NULL,
  `model_type` varchar(191) CHARACTER SET utf8mb4 COLLATE utf8mb4_unicode_ci NOT NULL,
  `model_id` bigint unsigned NOT NULL,
  PRIMARY KEY (`permission_id`,`model_id`,`model_type`),
  KEY `model_has_permissions_model_id_model_type_index` (`model_id`,`model_type`),
  CONSTRAINT `model_has_permissions_permission_id_foreign` FOREIGN KEY (`permission_id`) REFERENCES `permissions` (`id`) ON DELETE CASCADE
) ENGINE=InnoDB DEFAULT CHARSET=utf8mb4 COLLATE=utf8mb4_unicode_ci;

--
-- Dumping data for table `model_has_permissions`
--

INSERT INTO `model_has_permissions` VALUES (4,'App\\User',1),(5,'App\\User',1),(4,'App\\User',2),(5,'App\\User',2),(8,'App\\User',2),(4,'App\\User',8),(5,'App\\User',8),(8,'App\\User',8);

--
-- Table structure for table `model_has_roles`
--

CREATE TABLE `model_has_roles` (
  `role_id` int unsigned NOT NULL,
  `model_type` varchar(191) CHARACTER SET utf8mb4 COLLATE utf8mb4_unicode_ci NOT NULL,
  `model_id` bigint unsigned NOT NULL,
  PRIMARY KEY (`role_id`,`model_id`,`model_type`),
  KEY `model_has_roles_model_id_model_type_index` (`model_id`,`model_type`),
  CONSTRAINT `model_has_roles_role_id_foreign` FOREIGN KEY (`role_id`) REFERENCES `roles` (`id`) ON DELETE CASCADE
) ENGINE=InnoDB DEFAULT CHARSET=utf8mb4 COLLATE=utf8mb4_unicode_ci;

--
-- Dumping data for table `model_has_roles`
--

INSERT INTO `model_has_roles` VALUES (1,'App\\User',1),(4,'App\\User',1),(1,'App\\User',2),(4,'App\\User',2),(1,'App\\User',8),(4,'App\\User',8);

--
-- Table structure for table `modules`
--

CREATE TABLE `modules` (
  `id` bigint unsigned NOT NULL AUTO_INCREMENT,
  `business_account_id` bigint unsigned NOT NULL,
  `name` varchar(191) CHARACTER SET utf8mb4 COLLATE utf8mb4_unicode_ci NOT NULL,
  `slug` varchar(191) CHARACTER SET utf8mb4 COLLATE utf8mb4_unicode_ci NOT NULL,
  `description` varchar(191) CHARACTER SET utf8mb4 COLLATE utf8mb4_unicode_ci NOT NULL,
  `status` varchar(191) CHARACTER SET utf8mb4 COLLATE utf8mb4_unicode_ci NOT NULL DEFAULT 'disabled',
  `created_at` timestamp NULL DEFAULT NULL,
  `updated_at` timestamp NULL DEFAULT NULL,
  PRIMARY KEY (`id`),
  KEY `modules_business_account_id_index` (`business_account_id`)
) ENGINE=InnoDB DEFAULT CHARSET=utf8mb4 COLLATE=utf8mb4_unicode_ci;

--
-- Dumping data for table `modules`
--


--
-- Table structure for table `newsletters`
--

CREATE TABLE `newsletters` (
  `id` bigint unsigned NOT NULL AUTO_INCREMENT,
  `business_account_id` varchar(191) CHARACTER SET utf8mb4 COLLATE utf8mb4_unicode_ci DEFAULT NULL,
  `user_id` varchar(191) CHARACTER SET utf8mb4 COLLATE utf8mb4_unicode_ci NOT NULL,
  `type` varchar(191) CHARACTER SET utf8mb4 COLLATE utf8mb4_unicode_ci NOT NULL,
  `value` varchar(191) CHARACTER SET utf8mb4 COLLATE utf8mb4_unicode_ci DEFAULT NULL,
  `details` longtext CHARACTER SET utf8mb4 COLLATE utf8mb4_unicode_ci,
  `request_url` varchar(191) CHARACTER SET utf8mb4 COLLATE utf8mb4_unicode_ci DEFAULT NULL,
  `created_at` timestamp NULL DEFAULT NULL,
  `updated_at` timestamp NULL DEFAULT NULL,
  PRIMARY KEY (`id`)
) ENGINE=InnoDB DEFAULT CHARSET=utf8mb4 COLLATE=utf8mb4_unicode_ci;

--
-- Dumping data for table `newsletters`
--


--
-- Table structure for table `notification_logs`
--

CREATE TABLE `notification_logs` (
  `id` bigint unsigned NOT NULL AUTO_INCREMENT,
  `user_id` bigint unsigned NOT NULL,
  `value` varchar(191) CHARACTER SET utf8mb4 COLLATE utf8mb4_unicode_ci NOT NULL,
  `template_slug` varchar(191) CHARACTER SET utf8mb4 COLLATE utf8mb4_unicode_ci NOT NULL,
  `type` varchar(191) CHARACTER SET utf8mb4 COLLATE utf8mb4_unicode_ci NOT NULL,
  `content` longtext CHARACTER SET utf8mb4 COLLATE utf8mb4_unicode_ci NOT NULL,
  `status` varchar(191) CHARACTER SET utf8mb4 COLLATE utf8mb4_unicode_ci NOT NULL DEFAULT 'pending',
  `created_at` timestamp NULL DEFAULT NULL,
  `updated_at` timestamp NULL DEFAULT NULL,
  PRIMARY KEY (`id`),
  KEY `notification_logs_template_slug(11)_index` (`template_slug`(11)),
  KEY `notification_logs_user_id_index` (`user_id`),
  KEY `notification_logs_type(2)_status(4)_user_id_index` (`type`(2),`status`(4),`user_id`)
) ENGINE=InnoDB AUTO_INCREMENT=9 DEFAULT CHARSET=utf8mb4 COLLATE=utf8mb4_unicode_ci;

--
-- Dumping data for table `notification_logs`
--

INSERT INTO `notification_logs` VALUES (1,8,'6363','receipt_approval_approved','whatsapp','{\"locale\":\"en\",\"template_slug\":\"UserName Testing Upload Receipt Approved\",\"recipient_mobile\":\"63\",\"parameters\":{\"number_of_chance\":1,\"number_of_points\":0,\"number_of_voucher\":0,\"use_voucher_link\":\"-\",\"login_url\":\"https:\\/\\/wa-username-testing.growthdesk.dev\\/uid\\/T16ZM2JP04\"}}','sent','2026-05-12 04:06:28','2026-05-12 04:06:28'),(2,8,'6363','receipt_approval_approved','whatsapp','{\"locale\":\"en\",\"template_slug\":\"UserName Testing Upload Receipt Approved\",\"recipient_mobile\":\"63\",\"parameters\":{\"number_of_chance\":1,\"number_of_points\":0,\"number_of_voucher\":0,\"use_voucher_link\":\"-\",\"login_url\":\"https:\\/\\/wa-username-testing.growthdesk.dev\\/uid\\/T16ZM2JP04\"}}','sent','2026-05-12 04:23:05','2026-05-12 04:23:05'),(3,8,'6363','receipt_approval_approved','whatsapp','{\"locale\":\"en\",\"template_slug\":\"UserName Testing Upload Receipt Approved\",\"recipient_mobile\":\"63\",\"parameters\":{\"number_of_chance\":1,\"number_of_points\":0,\"number_of_voucher\":0,\"use_voucher_link\":\"-\",\"login_url\":\"https:\\/\\/wa-username-testing.growthdesk.dev\\/uid\\/T16ZM2JP04\"}}','sent','2026-05-12 05:15:53','2026-05-12 05:15:53'),(4,8,'6363','receipt_approval_approved','whatsapp','{\"locale\":\"en\",\"template_slug\":\"UserName Testing Upload Receipt Approved\",\"recipient_mobile\":\"63\",\"parameters\":{\"number_of_chance\":1,\"number_of_points\":0,\"number_of_voucher\":0,\"use_voucher_link\":\"-\",\"login_url\":\"https:\\/\\/wa-username-testing.growthdesk.dev\\/uid\\/T16ZM2JP04\"}}','sent','2026-05-12 05:31:48','2026-05-12 05:31:48'),(5,8,'@wi**********ne','receipt_approval_approved','whatsapp','{\"locale\":\"en\",\"template_slug\":\"UserName Testing Upload Receipt Approved\",\"recipient_mobile\":\"@wilson_nophone\",\"parameters\":{\"number_of_chance\":1,\"number_of_points\":0,\"number_of_voucher\":0,\"use_voucher_link\":\"-\",\"login_url\":\"https:\\/\\/wa-username-testing.growthdesk.dev\\/uid\\/T16ZM2JP04\"}}','sent','2026-05-12 05:47:26','2026-05-12 05:47:26'),(6,8,'@wi**********ne','receipt_approval_approved','whatsapp','{\"locale\":\"en\",\"template_slug\":\"UserName Testing Upload Receipt Approved\",\"recipient_mobile\":\"@wilson_nophone\",\"parameters\":{\"number_of_chance\":1,\"number_of_points\":0,\"number_of_voucher\":0,\"use_voucher_link\":\"-\",\"login_url\":\"https:\\/\\/wa-username-testing.growthdesk.dev\\/uid\\/T16ZM2JP04\"}}','sent','2026-05-12 05:50:15','2026-05-12 05:50:15'),(7,8,'@wi**********ne','receipt_approval_approved','whatsapp','{\"locale\":\"en\",\"template_slug\":\"UserName Testing Upload Receipt Approved\",\"recipient_mobile\":\"@wilson_nophone\",\"parameters\":{\"number_of_chance\":1,\"number_of_points\":0,\"number_of_voucher\":0,\"use_voucher_link\":\"-\",\"login_url\":\"https:\\/\\/wa-username-testing.growthdesk.dev\\/uid\\/T16ZM2JP04\"}}','sent','2026-05-12 08:23:19','2026-05-12 08:23:19'),(8,8,'@wi**********ne','receipt_approval_approved','whatsapp','{\"locale\":\"en\",\"template_slug\":\"UserName Testing Upload Receipt Approved\",\"recipient_mobile\":\"@wilson_nophone\",\"parameters\":{\"number_of_chance\":1,\"number_of_points\":0,\"number_of_voucher\":0,\"use_voucher_link\":\"-\",\"login_url\":\"https:\\/\\/wa-username-testing.growthdesk.dev\\/uid\\/T16ZM2JP04\"}}','sent','2026-05-13 09:09:25','2026-05-13 09:09:25');

--
-- Table structure for table `notification_template_unsubscribes`
--

CREATE TABLE `notification_template_unsubscribes` (
  `id` bigint unsigned NOT NULL AUTO_INCREMENT,
  `template_id` bigint unsigned NOT NULL,
  `user_id` bigint unsigned NOT NULL,
  `created_at` timestamp NOT NULL DEFAULT CURRENT_TIMESTAMP,
  `updated_at` timestamp NOT NULL DEFAULT CURRENT_TIMESTAMP ON UPDATE CURRENT_TIMESTAMP,
  PRIMARY KEY (`id`),
  KEY `notification_template_unsubscribes_template_id_user_id_index` (`template_id`,`user_id`)
) ENGINE=InnoDB DEFAULT CHARSET=utf8mb4 COLLATE=utf8mb4_unicode_ci;

--
-- Dumping data for table `notification_template_unsubscribes`
--


--
-- Table structure for table `notification_templates`
--

CREATE TABLE `notification_templates` (
  `id` bigint unsigned NOT NULL AUTO_INCREMENT,
  `slug` varchar(50) CHARACTER SET utf8mb4 COLLATE utf8mb4_unicode_ci NOT NULL,
  `type` varchar(191) CHARACTER SET utf8mb4 COLLATE utf8mb4_unicode_ci NOT NULL,
  `subject` text CHARACTER SET utf8mb4 COLLATE utf8mb4_unicode_ci,
  `content` text CHARACTER SET utf8mb4 COLLATE utf8mb4_unicode_ci NOT NULL,
  `order` int NOT NULL,
  `cta_action` varchar(50) CHARACTER SET utf8mb4 COLLATE utf8mb4_unicode_ci DEFAULT NULL,
  `cta_target` varchar(191) COLLATE utf8mb4_unicode_ci DEFAULT NULL,
  `language` varchar(50) CHARACTER SET utf8mb4 COLLATE utf8mb4_unicode_ci NOT NULL DEFAULT 'en',
  `status` varchar(50) CHARACTER SET utf8mb4 COLLATE utf8mb4_unicode_ci NOT NULL DEFAULT 'active',
  `description` longtext CHARACTER SET utf8mb4 COLLATE utf8mb4_unicode_ci,
  `model_type` varchar(191) COLLATE utf8mb4_unicode_ci DEFAULT NULL,
  `model_id` bigint DEFAULT NULL,
  `admin_email_to` text COLLATE utf8mb4_unicode_ci,
  `admin_email_cc` text COLLATE utf8mb4_unicode_ci,
  `admin_email_bcc` text COLLATE utf8mb4_unicode_ci,
  `created_at` timestamp NULL DEFAULT NULL,
  `updated_at` timestamp NULL DEFAULT NULL,
  `business_account_id` bigint unsigned NOT NULL,
  PRIMARY KEY (`id`),
  KEY `account_slug_type_index` (`business_account_id`,`slug`(20),`type`(6))
) ENGINE=InnoDB AUTO_INCREMENT=19 DEFAULT CHARSET=utf8mb4 COLLATE=utf8mb4_unicode_ci;

--
-- Dumping data for table `notification_templates`
--

INSERT INTO `notification_templates` VALUES (1,'welcome_with_otp_retry','sms',NULL,'WA Username Test: OTP: {{otp_code}} Thank you for registering with us! Enter the OTP or verify via this link: {{login_url}}',0,NULL,NULL,'en','active','Sent upon registration with OTP password for mobile verification ',NULL,NULL,NULL,NULL,NULL,'2026-04-07 06:36:24','2026-04-07 06:36:24',1),(2,'welcome_with_otp','sms',NULL,'WA Username Test: {{otp_code}} Thank you for registering with us! Enter the OTP or verify via this link: {{login_url}}',0,NULL,NULL,'en','active','Sent upon registration with OTP password for mobile verification ',NULL,NULL,NULL,NULL,NULL,'2026-04-07 06:36:24','2026-04-07 06:36:24',1),(3,'user_relogin','sms',NULL,'WA Username Test: Login to your account via this link: {{login_url}}',0,NULL,NULL,'en','active','Sent when user is logged out and attempts to relogin to platform',NULL,NULL,NULL,NULL,NULL,'2026-04-07 06:36:24','2026-04-07 06:36:24',1),(4,'user_login_via_otp','sms',NULL,'WA Username Test: Your OTP To Login is: {{otp_code}}',0,NULL,NULL,'en','active','Sent when user is logged out and attempts to relogin to platform via OTP',NULL,NULL,NULL,NULL,NULL,'2026-04-07 06:36:24','2026-04-07 06:36:24',1),(5,'receipt_approval_approved','sms',NULL,'WA Username Test: Your receipt has been approved. Login to your account via this link:{{login_url}}',0,NULL,NULL,'en','inactive','Shown when receipt uploaded is approved ',NULL,NULL,NULL,NULL,NULL,'2026-04-07 06:36:24','2026-04-07 06:36:24',1),(6,'receipt_approval_approved','in-app',NULL,'WA Username Test: Your receipt has been approved.',0,NULL,NULL,'en','inactive','Shown when receipt uploaded is approved ',NULL,NULL,NULL,NULL,NULL,'2026-04-07 06:36:24','2026-04-07 06:36:24',1),(7,'receipt_approval_rejected','in-app',NULL,'WA Username Test: Your receipt has been rejected.',0,NULL,NULL,'en','inactive','Shown when receipt uploaded is rejected ',NULL,NULL,NULL,NULL,NULL,'2026-04-07 06:36:24','2026-04-07 06:36:24',1),(8,'referral_success','in-app',NULL,'WA Username Test: Congratulations! Someone registered using your referral link. You have been credited with additional tokens.',0,'referral',NULL,'en','active','Shown when user successfully refers new prospect and prospect registers for platform',NULL,NULL,NULL,NULL,NULL,'2026-04-07 06:36:24','2026-04-07 06:36:24',1),(9,'referral_limit_reached','in-app',NULL,'WA Username Test: You have reached the maximum referral reward limit of {{limit}}. Thank you for spreading the word!',0,NULL,NULL,'en','active','Shown when referrer reaches maximum referral reward limit',NULL,NULL,NULL,NULL,NULL,'2026-04-07 06:36:24','2026-04-07 06:36:24',1),(10,'main_game_reward','in-app',NULL,'',0,NULL,NULL,'en','inactive','Shown when user played main game regardless of win or lose',NULL,NULL,NULL,NULL,NULL,'2026-04-07 06:36:24','2026-04-07 06:36:24',1),(11,'main_game_reward_won','in-app',NULL,'',0,NULL,NULL,'en','inactive','Shown when user played main game and win the game',NULL,NULL,NULL,NULL,NULL,'2026-04-07 06:36:24','2026-04-07 06:36:24',1),(12,'main_game_reward_lose','in-app',NULL,'',0,NULL,NULL,'en','inactive','Shown when user played main game and lose the game',NULL,NULL,NULL,NULL,NULL,'2026-04-07 06:36:24','2026-04-07 06:36:24',1),(13,'bonus_reward_voucher_provisioning','in-app',NULL,'',0,NULL,NULL,'en','inactive','Shown when user received reward by completed X number of grid',NULL,NULL,NULL,NULL,NULL,'2026-04-07 06:36:24','2026-04-07 06:36:24',1),(14,'upon_check_in','in-app',NULL,'',0,NULL,NULL,'en','inactive','Shown when user successfully check in',NULL,NULL,NULL,NULL,NULL,'2026-04-07 06:36:24','2026-04-07 06:36:24',1),(15,'upon_big_giveaway_challenge','in-app',NULL,'',0,NULL,NULL,'en','inactive','Shown when user successfully scan a QR code',NULL,NULL,NULL,NULL,NULL,'2026-04-07 06:36:24','2026-04-07 06:36:24',1),(16,'upon_login','in-app',NULL,'',0,NULL,NULL,'en','inactive','Shown when user successfully login',NULL,NULL,NULL,NULL,NULL,'2026-04-07 06:36:24','2026-04-07 06:36:24',1),(17,'receipt_approval_approved','whatsapp',NULL,'UserName Testing Upload Receipt Approved',0,NULL,NULL,'en','active','Shown when receipt uploaded is approved ',NULL,NULL,NULL,NULL,NULL,'2026-04-07 06:36:24','2026-04-07 06:36:24',1),(18,'receipt_approval_rejected','whatsapp',NULL,'UserName Testing Upload Receipt Rejected',0,NULL,NULL,'en','active','Shown when receipt uploaded is rejected ',NULL,NULL,NULL,NULL,NULL,'2026-04-07 06:36:24','2026-04-07 06:36:24',1);

--
-- Table structure for table `notifications`
--

CREATE TABLE `notifications` (
  `id` bigint unsigned NOT NULL AUTO_INCREMENT,
  `user_id` int unsigned NOT NULL,
  `issue_module` varchar(20) CHARACTER SET utf8mb4 COLLATE utf8mb4_unicode_ci NOT NULL,
  `description` text CHARACTER SET utf8mb4 COLLATE utf8mb4_unicode_ci NOT NULL,
  `cta_type` varchar(20) CHARACTER SET utf8mb4 COLLATE utf8mb4_unicode_ci DEFAULT NULL,
  `cta_target` varchar(191) COLLATE utf8mb4_unicode_ci DEFAULT NULL,
  `issue_date` date NOT NULL,
  `issue_time` varchar(8) CHARACTER SET utf8mb4 COLLATE utf8mb4_unicode_ci NOT NULL,
  `is_cta_clicked` tinyint(1) NOT NULL DEFAULT '0',
  `is_read` tinyint(1) NOT NULL DEFAULT '0',
  `is_notify` tinyint(1) NOT NULL DEFAULT '0',
  `notification_template_slug` varchar(191) CHARACTER SET utf8mb4 COLLATE utf8mb4_unicode_ci NOT NULL,
  `created_at` timestamp NULL DEFAULT NULL,
  `updated_at` timestamp NULL DEFAULT NULL,
  PRIMARY KEY (`id`),
  KEY `notifications_issue_module_user_id_index` (`issue_module`,`user_id`),
  KEY `notifications_user_id_index` (`user_id`)
) ENGINE=InnoDB DEFAULT CHARSET=utf8mb4 COLLATE=utf8mb4_unicode_ci;

--
-- Dumping data for table `notifications`
--


--
-- Table structure for table `oauth_access_tokens`
--

CREATE TABLE `oauth_access_tokens` (
  `id` varchar(100) CHARACTER SET utf8mb4 COLLATE utf8mb4_unicode_ci NOT NULL,
  `user_id` bigint unsigned DEFAULT NULL,
  `client_id` bigint unsigned NOT NULL,
  `name` varchar(191) CHARACTER SET utf8mb4 COLLATE utf8mb4_unicode_ci DEFAULT NULL,
  `scopes` text CHARACTER SET utf8mb4 COLLATE utf8mb4_unicode_ci,
  `revoked` tinyint(1) NOT NULL,
  `created_at` timestamp NULL DEFAULT NULL,
  `updated_at` timestamp NULL DEFAULT NULL,
  `expires_at` datetime DEFAULT NULL,
  PRIMARY KEY (`id`),
  KEY `oauth_access_tokens_user_id_index` (`user_id`)
) ENGINE=InnoDB DEFAULT CHARSET=utf8mb4 COLLATE=utf8mb4_unicode_ci;

--
-- Dumping data for table `oauth_access_tokens`
--


--
-- Table structure for table `oauth_auth_codes`
--

CREATE TABLE `oauth_auth_codes` (
  `id` varchar(100) CHARACTER SET utf8mb4 COLLATE utf8mb4_unicode_ci NOT NULL,
  `user_id` bigint unsigned NOT NULL,
  `client_id` bigint unsigned NOT NULL,
  `scopes` text CHARACTER SET utf8mb4 COLLATE utf8mb4_unicode_ci,
  `revoked` tinyint(1) NOT NULL,
  `expires_at` datetime DEFAULT NULL,
  PRIMARY KEY (`id`),
  KEY `oauth_auth_codes_user_id_index` (`user_id`)
) ENGINE=InnoDB DEFAULT CHARSET=utf8mb4 COLLATE=utf8mb4_unicode_ci;

--
-- Dumping data for table `oauth_auth_codes`
--


--
-- Table structure for table `oauth_clients`
--

CREATE TABLE `oauth_clients` (
  `id` bigint unsigned NOT NULL AUTO_INCREMENT,
  `user_id` bigint unsigned DEFAULT NULL,
  `name` varchar(191) CHARACTER SET utf8mb4 COLLATE utf8mb4_unicode_ci NOT NULL,
  `secret` varchar(100) CHARACTER SET utf8mb4 COLLATE utf8mb4_unicode_ci DEFAULT NULL,
  `provider` varchar(191) CHARACTER SET utf8mb4 COLLATE utf8mb4_unicode_ci DEFAULT NULL,
  `redirect` text CHARACTER SET utf8mb4 COLLATE utf8mb4_unicode_ci NOT NULL,
  `personal_access_client` tinyint(1) NOT NULL,
  `password_client` tinyint(1) NOT NULL,
  `revoked` tinyint(1) NOT NULL,
  `created_at` timestamp NULL DEFAULT NULL,
  `updated_at` timestamp NULL DEFAULT NULL,
  PRIMARY KEY (`id`),
  KEY `oauth_clients_user_id_index` (`user_id`)
) ENGINE=InnoDB DEFAULT CHARSET=utf8mb4 COLLATE=utf8mb4_unicode_ci;

--
-- Dumping data for table `oauth_clients`
--


--
-- Table structure for table `oauth_personal_access_clients`
--

CREATE TABLE `oauth_personal_access_clients` (
  `id` bigint unsigned NOT NULL AUTO_INCREMENT,
  `client_id` bigint unsigned NOT NULL,
  `created_at` timestamp NULL DEFAULT NULL,
  `updated_at` timestamp NULL DEFAULT NULL,
  PRIMARY KEY (`id`)
) ENGINE=InnoDB DEFAULT CHARSET=utf8mb4 COLLATE=utf8mb4_unicode_ci;

--
-- Dumping data for table `oauth_personal_access_clients`
--


--
-- Table structure for table `oauth_refresh_tokens`
--

CREATE TABLE `oauth_refresh_tokens` (
  `id` varchar(100) CHARACTER SET utf8mb4 COLLATE utf8mb4_unicode_ci NOT NULL,
  `access_token_id` varchar(100) CHARACTER SET utf8mb4 COLLATE utf8mb4_unicode_ci NOT NULL,
  `revoked` tinyint(1) NOT NULL,
  `expires_at` datetime DEFAULT NULL,
  PRIMARY KEY (`id`),
  KEY `oauth_refresh_tokens_access_token_id_index` (`access_token_id`)
) ENGINE=InnoDB DEFAULT CHARSET=utf8mb4 COLLATE=utf8mb4_unicode_ci;

--
-- Dumping data for table `oauth_refresh_tokens`
--


--
-- Table structure for table `ocr_criteria_configs`
--

CREATE TABLE `ocr_criteria_configs` (
  `id` bigint unsigned NOT NULL AUTO_INCREMENT,
  `business_account_id` bigint unsigned NOT NULL,
  `upload_date_from` date NOT NULL,
  `upload_date_to` date NOT NULL,
  `receipt_date_from` date NOT NULL,
  `receipt_date_to` date NOT NULL,
  `data_setting_json` longtext COLLATE utf8mb4_unicode_ci,
  `reward_setting_json` longtext COLLATE utf8mb4_unicode_ci,
  `configurable_type` varchar(191) COLLATE utf8mb4_unicode_ci DEFAULT NULL,
  `configurable_id` bigint unsigned DEFAULT NULL,
  `deleted_at` timestamp NULL DEFAULT NULL,
  `created_at` timestamp NULL DEFAULT NULL,
  `updated_at` timestamp NULL DEFAULT NULL,
  PRIMARY KEY (`id`),
  KEY `upload_period_index` (`business_account_id`,`upload_date_from`,`upload_date_to`),
  KEY `configurable_index` (`configurable_type`,`configurable_id`)
) ENGINE=InnoDB DEFAULT CHARSET=utf8mb4 COLLATE=utf8mb4_unicode_ci;

--
-- Dumping data for table `ocr_criteria_configs`
--


--
-- Table structure for table `ocr_job_requests`
--

CREATE TABLE `ocr_job_requests` (
  `id` bigint unsigned NOT NULL AUTO_INCREMENT,
  `uuid` char(36) COLLATE utf8mb4_unicode_ci NOT NULL,
  `business_account_id` bigint unsigned NOT NULL,
  `service_type` varchar(191) COLLATE utf8mb4_unicode_ci NOT NULL,
  `user_id` bigint unsigned DEFAULT NULL,
  `status` varchar(191) COLLATE utf8mb4_unicode_ci NOT NULL,
  `attempt_at` timestamp NULL DEFAULT NULL,
  `completed_at` timestamp NULL DEFAULT NULL,
  `job_uuid` varchar(36) COLLATE utf8mb4_unicode_ci DEFAULT NULL,
  `requester_type` varchar(191) COLLATE utf8mb4_unicode_ci DEFAULT NULL,
  `requester_id` bigint unsigned DEFAULT NULL,
  `ocr_request_log_id` bigint unsigned DEFAULT NULL,
  `created_at` timestamp NULL DEFAULT NULL,
  `updated_at` timestamp NULL DEFAULT NULL,
  PRIMARY KEY (`id`),
  KEY `main_index` (`business_account_id`,`uuid`),
  KEY `requester_index` (`requester_type`,`requester_id`),
  KEY `ocr_job_requests_ocr_request_log_id_index` (`ocr_request_log_id`)
) ENGINE=InnoDB DEFAULT CHARSET=utf8mb4 COLLATE=utf8mb4_unicode_ci;

--
-- Dumping data for table `ocr_job_requests`
--


--
-- Table structure for table `ocr_keywords`
--

CREATE TABLE `ocr_keywords` (
  `id` bigint unsigned NOT NULL AUTO_INCREMENT,
  `business_account_id` bigint unsigned NOT NULL,
  `type` varchar(191) CHARACTER SET utf8mb4 COLLATE utf8mb4_unicode_ci NOT NULL,
  `keywords` longtext CHARACTER SET utf8mb4 COLLATE utf8mb4_unicode_ci NOT NULL,
  `deleted_at` timestamp NULL DEFAULT NULL,
  `created_at` timestamp NULL DEFAULT NULL,
  `updated_at` timestamp NULL DEFAULT NULL,
  PRIMARY KEY (`id`),
  KEY `ocr_keywords_business_account_id_type_index` (`business_account_id`,`type`)
) ENGINE=InnoDB DEFAULT CHARSET=utf8mb4 COLLATE=utf8mb4_unicode_ci;

--
-- Dumping data for table `ocr_keywords`
--


--
-- Table structure for table `ocr_negative_keywords`
--

CREATE TABLE `ocr_negative_keywords` (
  `id` bigint unsigned NOT NULL AUTO_INCREMENT,
  `type` varchar(191) CHARACTER SET utf8mb4 COLLATE utf8mb4_unicode_ci NOT NULL,
  `keyword` varchar(191) CHARACTER SET utf8mb4 COLLATE utf8mb4_unicode_ci NOT NULL,
  `created_at` timestamp NULL DEFAULT NULL,
  `updated_at` timestamp NULL DEFAULT NULL,
  PRIMARY KEY (`id`)
) ENGINE=InnoDB DEFAULT CHARSET=utf8mb4 COLLATE=utf8mb4_unicode_ci;

--
-- Dumping data for table `ocr_negative_keywords`
--


--
-- Table structure for table `ocr_request_log_variants`
--

CREATE TABLE `ocr_request_log_variants` (
  `id` bigint unsigned NOT NULL AUTO_INCREMENT,
  `ocr_request_log_id` bigint unsigned NOT NULL,
  `service_type` varchar(191) COLLATE utf8mb4_unicode_ci NOT NULL,
  `ocr_result` longtext COLLATE utf8mb4_unicode_ci,
  `process_time_took` varchar(191) COLLATE utf8mb4_unicode_ci DEFAULT NULL,
  `created_at` timestamp NULL DEFAULT NULL,
  `updated_at` timestamp NULL DEFAULT NULL,
  PRIMARY KEY (`id`),
  KEY `ocr_request_log_variants_ocr_request_log_id_index` (`ocr_request_log_id`)
) ENGINE=InnoDB DEFAULT CHARSET=utf8mb4 COLLATE=utf8mb4_unicode_ci;

--
-- Dumping data for table `ocr_request_log_variants`
--


--
-- Table structure for table `ocr_request_logs`
--

CREATE TABLE `ocr_request_logs` (
  `id` bigint unsigned NOT NULL AUTO_INCREMENT,
  `business_account_id` bigint unsigned NOT NULL,
  `raw_receipt_id` bigint unsigned NOT NULL,
  `ocr_result` longtext CHARACTER SET utf8mb4 COLLATE utf8mb4_unicode_ci,
  `user_id` bigint unsigned DEFAULT NULL,
  `service_type` varchar(191) COLLATE utf8mb4_unicode_ci DEFAULT NULL,
  `process_time_took` varchar(191) COLLATE utf8mb4_unicode_ci DEFAULT NULL,
  `response_time_took` varchar(191) COLLATE utf8mb4_unicode_ci DEFAULT NULL,
  `response_payload` text COLLATE utf8mb4_unicode_ci,
  `ip_address` varchar(40) COLLATE utf8mb4_unicode_ci DEFAULT NULL,
  `is_hybrid` tinyint(1) NOT NULL DEFAULT '0',
  `is_internal` tinyint(1) NOT NULL DEFAULT '0',
  `deleted_at` timestamp NULL DEFAULT NULL,
  `created_at` timestamp NULL DEFAULT NULL,
  `updated_at` timestamp NULL DEFAULT NULL,
  PRIMARY KEY (`id`),
  KEY `ocr_request_logs_business_account_id_index` (`business_account_id`),
  KEY `ocr_request_logs_raw_receipt_id_index` (`raw_receipt_id`),
  KEY `ocr_request_logs_user_id_index` (`user_id`)
) ENGINE=InnoDB DEFAULT CHARSET=utf8mb4 COLLATE=utf8mb4_unicode_ci;

--
-- Dumping data for table `ocr_request_logs`
--


--
-- Table structure for table `ocr_samples`
--

CREATE TABLE `ocr_samples` (
  `id` int NOT NULL AUTO_INCREMENT,
  `receipt_url` text NOT NULL,
  `requirements` text,
  `image_to_text` text NOT NULL,
  `remark` text NOT NULL,
  `ocr_result` longtext,
  `receipt_uid` varchar(20) DEFAULT NULL,
  `retail_partner` varchar(50) DEFAULT NULL,
  `dsc_merchant_sn_detected` int DEFAULT NULL,
  `dsc_merchant_sid_expected` varchar(20) DEFAULT NULL,
  PRIMARY KEY (`id`),
  KEY `ocr_samples_dsc_merchant_sn_detected_index` (`dsc_merchant_sn_detected`)
) ENGINE=InnoDB DEFAULT CHARSET=latin1;

--
-- Dumping data for table `ocr_samples`
--


--
-- Table structure for table `password_resets`
--

CREATE TABLE `password_resets` (
  `email` varchar(50) CHARACTER SET utf8mb4 COLLATE utf8mb4_unicode_ci NOT NULL,
  `token` varchar(191) CHARACTER SET utf8mb4 COLLATE utf8mb4_unicode_ci NOT NULL,
  `created_at` timestamp NULL DEFAULT NULL,
  KEY `password_resets_email_index` (`email`)
) ENGINE=InnoDB DEFAULT CHARSET=utf8mb4 COLLATE=utf8mb4_unicode_ci;

--
-- Dumping data for table `password_resets`
--


--
-- Table structure for table `permissions`
--

CREATE TABLE `permissions` (
  `id` int unsigned NOT NULL AUTO_INCREMENT,
  `name` varchar(191) CHARACTER SET utf8mb4 COLLATE utf8mb4_unicode_ci NOT NULL,
  `guard_name` varchar(191) CHARACTER SET utf8mb4 COLLATE utf8mb4_unicode_ci NOT NULL,
  `created_at` timestamp NULL DEFAULT NULL,
  `updated_at` timestamp NULL DEFAULT NULL,
  PRIMARY KEY (`id`)
) ENGINE=InnoDB AUTO_INCREMENT=10 DEFAULT CHARSET=utf8mb4 COLLATE=utf8mb4_unicode_ci;

--
-- Dumping data for table `permissions`
--

INSERT INTO `permissions` VALUES (1,'menu access permission','web','2022-06-30 14:18:29','2022-06-30 14:18:29'),(2,'all asset sub menu access','web','2022-06-30 14:18:29','2022-06-30 14:18:29'),(3,'verify asset sub menu access','web','2022-06-30 14:18:29','2022-06-30 14:18:29'),(4,'blast-btn-send-test','web','2022-07-25 08:20:31','2022-07-25 08:20:31'),(5,'blast-btn-create-schedule','web','2022-07-25 08:20:32','2022-07-25 08:20:32'),(6,'customise-project','web','2026-04-07 06:34:04','2026-04-07 06:34:04'),(7,'can-create-project','web','2026-04-07 06:34:04','2026-04-07 06:34:04'),(8,'can-manage-smart-receipt-service','web','2026-04-07 06:34:04','2026-04-07 06:34:04'),(9,'can-manage-smart-receipt-engine','web','2026-04-07 06:34:04','2026-04-07 06:34:04');

--
-- Table structure for table `pivot_challenges`
--

CREATE TABLE `pivot_challenges` (
  `id` bigint unsigned NOT NULL AUTO_INCREMENT,
  `challenge_id` bigint unsigned NOT NULL,
  `model_type` varchar(191) COLLATE utf8mb4_unicode_ci NOT NULL,
  `model_id` bigint unsigned NOT NULL,
  `name` varchar(191) COLLATE utf8mb4_unicode_ci DEFAULT NULL,
  `short_name` varchar(191) COLLATE utf8mb4_unicode_ci DEFAULT NULL,
  `description` text COLLATE utf8mb4_unicode_ci,
  `reward_details` text COLLATE utf8mb4_unicode_ci,
  `setting_details` text COLLATE utf8mb4_unicode_ci,
  `pivot_details` longtext COLLATE utf8mb4_unicode_ci,
  `order` int DEFAULT NULL,
  `deleted_at` timestamp NULL DEFAULT NULL,
  `created_at` timestamp NULL DEFAULT NULL,
  `updated_at` timestamp NULL DEFAULT NULL,
  PRIMARY KEY (`id`),
  KEY `foreign_link_index` (`model_type`,`model_id`),
  KEY `pivot_challenges_challenge_id_index` (`challenge_id`)
) ENGINE=InnoDB DEFAULT CHARSET=utf8mb4 COLLATE=utf8mb4_unicode_ci;

--
-- Dumping data for table `pivot_challenges`
--


--
-- Table structure for table `pivot_date_formats`
--

CREATE TABLE `pivot_date_formats` (
  `id` bigint unsigned NOT NULL AUTO_INCREMENT,
  `dateable_type` varchar(191) COLLATE utf8mb4_unicode_ci NOT NULL,
  `dateable_id` bigint unsigned NOT NULL,
  `format_json` varchar(191) COLLATE utf8mb4_unicode_ci NOT NULL,
  `deleted_at` timestamp NULL DEFAULT NULL,
  `created_at` timestamp NULL DEFAULT NULL,
  `updated_at` timestamp NULL DEFAULT NULL,
  PRIMARY KEY (`id`),
  KEY `dateable_index` (`dateable_type`,`dateable_id`)
) ENGINE=InnoDB DEFAULT CHARSET=utf8mb4 COLLATE=utf8mb4_unicode_ci;

--
-- Dumping data for table `pivot_date_formats`
--


--
-- Table structure for table `plant_growth_token_transactions`
--

CREATE TABLE `plant_growth_token_transactions` (
  `id` bigint unsigned NOT NULL AUTO_INCREMENT,
  `user_id` int unsigned NOT NULL,
  `receipt_uid` varchar(191) CHARACTER SET utf8mb4 COLLATE utf8mb4_unicode_ci NOT NULL,
  `num_token_issued` decimal(8,2) NOT NULL DEFAULT '0.00',
  `issue_datetime` datetime NOT NULL,
  `created_at` timestamp NULL DEFAULT NULL,
  `updated_at` timestamp NULL DEFAULT NULL,
  PRIMARY KEY (`id`),
  KEY `plant_growth_token_transactions_user_id_id_index` (`user_id`,`id`)
) ENGINE=InnoDB DEFAULT CHARSET=utf8mb4 COLLATE=utf8mb4_unicode_ci;

--
-- Dumping data for table `plant_growth_token_transactions`
--


--
-- Table structure for table `plant_summary_user_plant_progress`
--

CREATE TABLE `plant_summary_user_plant_progress` (
  `id` bigint unsigned NOT NULL AUTO_INCREMENT,
  `plant_user_plant_id` int unsigned NOT NULL,
  `progress_date` date NOT NULL,
  `progress_earned` decimal(8,2) NOT NULL,
  `created_at` timestamp NULL DEFAULT NULL,
  `updated_at` timestamp NULL DEFAULT NULL,
  PRIMARY KEY (`id`),
  KEY `plant_summary_user_plant_progress_plant_user_plant_id_index` (`plant_user_plant_id`)
) ENGINE=InnoDB DEFAULT CHARSET=utf8mb4 COLLATE=utf8mb4_unicode_ci;

--
-- Dumping data for table `plant_summary_user_plant_progress`
--


--
-- Table structure for table `plant_supplement_transactions`
--

CREATE TABLE `plant_supplement_transactions` (
  `id` bigint unsigned NOT NULL AUTO_INCREMENT,
  `plant_supplement_id` int unsigned NOT NULL,
  `plant_user_plant_id` int unsigned NOT NULL,
  `trans_amount` decimal(8,2) NOT NULL DEFAULT '0.00',
  `trans_type` varchar(20) CHARACTER SET utf8mb4 COLLATE utf8mb4_unicode_ci NOT NULL,
  `issue_date` date NOT NULL,
  `issue_time` varchar(8) CHARACTER SET utf8mb4 COLLATE utf8mb4_unicode_ci NOT NULL,
  `issue_module` varchar(20) CHARACTER SET utf8mb4 COLLATE utf8mb4_unicode_ci DEFAULT NULL,
  `issue_details` text CHARACTER SET utf8mb4 COLLATE utf8mb4_unicode_ci,
  `trans_link_model` varchar(191) CHARACTER SET utf8mb4 COLLATE utf8mb4_unicode_ci DEFAULT NULL,
  `trans_link_id` int unsigned DEFAULT NULL,
  `created_at` timestamp NULL DEFAULT NULL,
  `updated_at` timestamp NULL DEFAULT NULL,
  PRIMARY KEY (`id`),
  KEY `plant_supplement_transactions_plant_supplement_id_index` (`plant_supplement_id`),
  KEY `user_plant_supplement_idx` (`plant_user_plant_id`,`plant_supplement_id`)
) ENGINE=InnoDB DEFAULT CHARSET=utf8mb4 COLLATE=utf8mb4_unicode_ci;

--
-- Dumping data for table `plant_supplement_transactions`
--


--
-- Table structure for table `plant_supplements`
--

CREATE TABLE `plant_supplements` (
  `id` bigint unsigned NOT NULL AUTO_INCREMENT,
  `slug` varchar(20) CHARACTER SET utf8mb4 COLLATE utf8mb4_unicode_ci NOT NULL,
  `name` varchar(191) CHARACTER SET utf8mb4 COLLATE utf8mb4_unicode_ci NOT NULL,
  `description` text CHARACTER SET utf8mb4 COLLATE utf8mb4_unicode_ci,
  `img_path` varchar(191) CHARACTER SET utf8mb4 COLLATE utf8mb4_unicode_ci DEFAULT NULL,
  `img_token_path` varchar(191) CHARACTER SET utf8mb4 COLLATE utf8mb4_unicode_ci DEFAULT NULL,
  `min_unit_per_day` int unsigned NOT NULL,
  `max_unit_per_day` int unsigned NOT NULL,
  `token_per_refill` decimal(8,2) DEFAULT NULL,
  `is_active` tinyint(1) NOT NULL DEFAULT '1',
  `sorting` int DEFAULT NULL,
  `created_at` timestamp NULL DEFAULT NULL,
  `updated_at` timestamp NULL DEFAULT NULL,
  PRIMARY KEY (`id`),
  UNIQUE KEY `plant_supplements_slug_unique` (`slug`)
) ENGINE=InnoDB DEFAULT CHARSET=utf8mb4 COLLATE=utf8mb4_unicode_ci;

--
-- Dumping data for table `plant_supplements`
--


--
-- Table structure for table `plant_user_plants`
--

CREATE TABLE `plant_user_plants` (
  `id` bigint unsigned NOT NULL AUTO_INCREMENT,
  `user_id` varchar(10) CHARACTER SET utf8mb4 COLLATE utf8mb4_unicode_ci NOT NULL,
  `plant_growth_token_id` int unsigned DEFAULT NULL,
  `plant_seed_type` varchar(20) CHARACTER SET utf8mb4 COLLATE utf8mb4_unicode_ci NOT NULL,
  `plant_progress` decimal(8,2) NOT NULL,
  `plant_level` int unsigned NOT NULL,
  `plant_growth_at` datetime DEFAULT NULL,
  `created_at` timestamp NULL DEFAULT NULL,
  `updated_at` timestamp NULL DEFAULT NULL,
  PRIMARY KEY (`id`),
  KEY `plant_user_plants_user_id_index` (`user_id`),
  KEY `plant_user_plants_plant_growth_token_id_index` (`plant_growth_token_id`)
) ENGINE=InnoDB DEFAULT CHARSET=utf8mb4 COLLATE=utf8mb4_unicode_ci;

--
-- Dumping data for table `plant_user_plants`
--


--
-- Table structure for table `plant_user_summary_progress`
--

CREATE TABLE `plant_user_summary_progress` (
  `id` bigint unsigned NOT NULL AUTO_INCREMENT,
  `user_id` int unsigned NOT NULL,
  `growth_token_balance` decimal(8,2) NOT NULL DEFAULT '0.00',
  `supplement_balance_details` text CHARACTER SET utf8mb4 COLLATE utf8mb4_unicode_ci NOT NULL,
  `plugin_interact_details` text CHARACTER SET utf8mb4 COLLATE utf8mb4_unicode_ci NOT NULL,
  `last_interact_at` datetime DEFAULT NULL,
  `reset_at` datetime DEFAULT NULL,
  `created_at` timestamp NULL DEFAULT NULL,
  `updated_at` timestamp NULL DEFAULT NULL,
  PRIMARY KEY (`id`),
  UNIQUE KEY `plant_user_summary_progress_user_id_unique` (`user_id`)
) ENGINE=InnoDB DEFAULT CHARSET=utf8mb4 COLLATE=utf8mb4_unicode_ci;

--
-- Dumping data for table `plant_user_summary_progress`
--


--
-- Table structure for table `plant_users`
--

CREATE TABLE `plant_users` (
  `sn` int NOT NULL AUTO_INCREMENT,
  `mobile_verified` tinyint(1) NOT NULL DEFAULT '0',
  `user_uid` text CHARACTER SET latin1 COLLATE latin1_swedish_ci NOT NULL,
  `user_name` text CHARACTER SET latin1 COLLATE latin1_swedish_ci NOT NULL,
  `user_email` text CHARACTER SET latin1 COLLATE latin1_swedish_ci NOT NULL,
  `user_mobile` text CHARACTER SET latin1 COLLATE latin1_swedish_ci NOT NULL,
  `user_email_masked` text NOT NULL,
  `user_mobile_masked` text NOT NULL,
  `user_avatar` text CHARACTER SET utf8mb4 COLLATE utf8mb4_0900_ai_ci,
  `dob` date DEFAULT NULL,
  `state` varchar(191) CHARACTER SET latin1 COLLATE latin1_swedish_ci DEFAULT NULL,
  `user_membership_id` text CHARACTER SET latin1 COLLATE latin1_swedish_ci,
  `membership_synced_date` datetime DEFAULT NULL,
  `is_membership_auto_sync_mode` tinyint(1) DEFAULT NULL,
  `user_details` text CHARACTER SET latin1 COLLATE latin1_swedish_ci NOT NULL,
  `user_progress` text CHARACTER SET latin1 COLLATE latin1_swedish_ci NOT NULL,
  `user_reg_timestamp` timestamp NULL DEFAULT NULL,
  `user_last_timestamp` timestamp NOT NULL DEFAULT CURRENT_TIMESTAMP,
  `user_last_active_timestamp` datetime NOT NULL DEFAULT CURRENT_TIMESTAMP,
  `user_last_use_timestamp` datetime NOT NULL DEFAULT CURRENT_TIMESTAMP,
  `user_verified_timestamp` timestamp NULL DEFAULT NULL,
  `user_activated_timestamp` timestamp NULL DEFAULT NULL,
  `updated_at` timestamp NULL DEFAULT NULL,
  `created_at` timestamp NULL DEFAULT NULL,
  PRIMARY KEY (`sn`),
  KEY `plant_users_user_uid(6)_index` (`user_uid`(6))
) ENGINE=MyISAM DEFAULT CHARSET=utf8mb3;

--
-- Dumping data for table `plant_users`
--


--
-- Table structure for table `point_transactions`
--

CREATE TABLE `point_transactions` (
  `id` bigint unsigned NOT NULL AUTO_INCREMENT,
  `user_id` int unsigned NOT NULL,
  `trans_type` varchar(20) CHARACTER SET utf8mb4 COLLATE utf8mb4_unicode_ci NOT NULL,
  `trans_amount` decimal(8,2) NOT NULL,
  `trans_remark` text CHARACTER SET utf8mb4 COLLATE utf8mb4_unicode_ci NOT NULL,
  `issue_date` date NOT NULL,
  `issue_time` varchar(8) CHARACTER SET utf8mb4 COLLATE utf8mb4_unicode_ci NOT NULL,
  `issue_module` varchar(20) CHARACTER SET utf8mb4 COLLATE utf8mb4_unicode_ci DEFAULT NULL,
  `issue_details` text CHARACTER SET utf8mb4 COLLATE utf8mb4_unicode_ci,
  `is_auto_approved` tinyint NOT NULL DEFAULT '1',
  `approval_at` timestamp NULL DEFAULT NULL,
  `approver_user_id` bigint unsigned DEFAULT NULL,
  `status` varchar(20) CHARACTER SET utf8mb4 COLLATE utf8mb4_unicode_ci NOT NULL DEFAULT 'active',
  `trans_link_model` varchar(191) CHARACTER SET utf8mb4 COLLATE utf8mb4_unicode_ci DEFAULT NULL,
  `trans_link_id` bigint unsigned DEFAULT NULL,
  `forfeit_link_model` varchar(191) CHARACTER SET utf8mb4 COLLATE utf8mb4_unicode_ci DEFAULT NULL,
  `forfeit_link_id` bigint unsigned DEFAULT NULL,
  `created_at` timestamp NULL DEFAULT NULL,
  `updated_at` timestamp NULL DEFAULT NULL,
  PRIMARY KEY (`id`),
  KEY `plant_token_transactions_user_id_trans_type_index` (`user_id`,`trans_type`),
  KEY `user_status_index` (`status`,`user_id`),
  KEY `foreign_link_index` (`status`,`trans_type`,`trans_link_id`),
  KEY `point_transactions_approver_user_id_index` (`approver_user_id`)
) ENGINE=InnoDB DEFAULT CHARSET=utf8mb4 COLLATE=utf8mb4_unicode_ci;

--
-- Dumping data for table `point_transactions`
--


--
-- Table structure for table `product_categories`
--

CREATE TABLE `product_categories` (
  `id` bigint unsigned NOT NULL AUTO_INCREMENT,
  `business_account_id` bigint unsigned NOT NULL,
  `user_id` varchar(191) CHARACTER SET utf8mb4 COLLATE utf8mb4_unicode_ci NOT NULL,
  `name` varchar(191) CHARACTER SET utf8mb4 COLLATE utf8mb4_unicode_ci NOT NULL,
  `name_en` varchar(191) CHARACTER SET utf8mb4 COLLATE utf8mb4_unicode_ci NOT NULL,
  `slug` varchar(191) CHARACTER SET utf8mb4 COLLATE utf8mb4_unicode_ci NOT NULL,
  `status` varchar(191) CHARACTER SET utf8mb4 COLLATE utf8mb4_unicode_ci NOT NULL,
  `created_at` timestamp NULL DEFAULT NULL,
  `updated_at` timestamp NULL DEFAULT NULL,
  PRIMARY KEY (`id`),
  KEY `product_categories_business_account_id_index` (`business_account_id`),
  KEY `product_categories_user_id_index` (`user_id`)
) ENGINE=InnoDB DEFAULT CHARSET=utf8mb4 COLLATE=utf8mb4_unicode_ci;

--
-- Dumping data for table `product_categories`
--


--
-- Table structure for table `product_categories_voucher_series_relation`
--

CREATE TABLE `product_categories_voucher_series_relation` (
  `id` bigint unsigned NOT NULL AUTO_INCREMENT,
  `voucher_series_id` int NOT NULL,
  `category_id` int NOT NULL,
  `created_at` timestamp NULL DEFAULT NULL,
  `updated_at` timestamp NULL DEFAULT NULL,
  PRIMARY KEY (`id`)
) ENGINE=InnoDB DEFAULT CHARSET=utf8mb4 COLLATE=utf8mb4_unicode_ci;

--
-- Dumping data for table `product_categories_voucher_series_relation`
--


--
-- Table structure for table `product_groups`
--

CREATE TABLE `product_groups` (
  `id` bigint unsigned NOT NULL AUTO_INCREMENT,
  `business_account_id` bigint unsigned NOT NULL,
  `name` varchar(191) CHARACTER SET utf8mb4 COLLATE utf8mb4_unicode_ci NOT NULL,
  `slug` varchar(191) CHARACTER SET utf8mb4 COLLATE utf8mb4_unicode_ci NOT NULL,
  `is_default` tinyint(1) NOT NULL DEFAULT '0',
  `created_at` timestamp NULL DEFAULT NULL,
  `updated_at` timestamp NULL DEFAULT NULL,
  PRIMARY KEY (`id`),
  KEY `product_groups_business_account_id_slug(6)_index` (`business_account_id`,`slug`(6))
) ENGINE=InnoDB DEFAULT CHARSET=utf8mb4 COLLATE=utf8mb4_unicode_ci;

--
-- Dumping data for table `product_groups`
--


--
-- Table structure for table `products`
--

CREATE TABLE `products` (
  `id` bigint unsigned NOT NULL AUTO_INCREMENT,
  `product_sn` varchar(50) CHARACTER SET utf8mb4 COLLATE utf8mb4_unicode_ci NOT NULL,
  `name` varchar(191) CHARACTER SET utf8mb4 COLLATE utf8mb4_unicode_ci NOT NULL,
  `sku_name` varchar(191) CHARACTER SET utf8mb4 COLLATE utf8mb4_unicode_ci DEFAULT NULL,
  `product_group_slug` varchar(191) CHARACTER SET utf8mb4 COLLATE utf8mb4_unicode_ci NOT NULL,
  `keywords` longtext CHARACTER SET utf8mb4 COLLATE utf8mb4_unicode_ci NOT NULL,
  `negative_keywords` text CHARACTER SET utf8mb4 COLLATE utf8mb4_unicode_ci,
  `point` varchar(191) CHARACTER SET utf8mb4 COLLATE utf8mb4_unicode_ci NOT NULL,
  `retail_partner` varchar(191) CHARACTER SET utf8mb4 COLLATE utf8mb4_unicode_ci NOT NULL,
  `order` int NOT NULL,
  `status` varchar(191) CHARACTER SET utf8mb4 COLLATE utf8mb4_unicode_ci NOT NULL,
  `discounted_price` varchar(191) CHARACTER SET utf8mb4 COLLATE utf8mb4_unicode_ci NOT NULL,
  `rrp` varchar(191) CHARACTER SET utf8mb4 COLLATE utf8mb4_unicode_ci NOT NULL,
  `sku` varchar(191) CHARACTER SET utf8mb4 COLLATE utf8mb4_unicode_ci NOT NULL,
  `ocr_criteria_json` longtext COLLATE utf8mb4_unicode_ci,
  `created_at` timestamp NULL DEFAULT NULL,
  `updated_at` timestamp NULL DEFAULT NULL,
  `product_group_id` bigint unsigned DEFAULT NULL,
  PRIMARY KEY (`id`),
  KEY `products_product_group_slug_index` (`product_group_slug`),
  KEY `products_product_group_id_index` (`product_group_id`),
  FULLTEXT KEY `name` (`name`),
  CONSTRAINT `products_product_group_id_foreign` FOREIGN KEY (`product_group_id`) REFERENCES `product_groups` (`id`)
) ENGINE=InnoDB DEFAULT CHARSET=utf8mb4 COLLATE=utf8mb4_unicode_ci;

--
-- Dumping data for table `products`
--


--
-- Table structure for table `qr_scan_logs`
--

CREATE TABLE `qr_scan_logs` (
  `id` bigint unsigned NOT NULL AUTO_INCREMENT,
  `user_id` int unsigned NOT NULL,
  `qr_key` varchar(191) CHARACTER SET utf8mb4 COLLATE utf8mb4_unicode_ci NOT NULL,
  `qr_value` varchar(191) CHARACTER SET utf8mb4 COLLATE utf8mb4_unicode_ci NOT NULL,
  `created_date` date NOT NULL,
  `created_time` varchar(8) CHARACTER SET utf8mb4 COLLATE utf8mb4_unicode_ci NOT NULL,
  `source_model_type` varchar(191) COLLATE utf8mb4_unicode_ci NOT NULL,
  `source_model_id` bigint unsigned NOT NULL,
  `user_daily_challenge_id` bigint unsigned DEFAULT NULL,
  `file_hash` varchar(32) COLLATE utf8mb4_unicode_ci DEFAULT NULL,
  `updated_at` timestamp NOT NULL DEFAULT CURRENT_TIMESTAMP ON UPDATE CURRENT_TIMESTAMP,
  PRIMARY KEY (`id`),
  KEY `qr_scan_logs_user_id_qr_key(10)_index` (`user_id`,`qr_key`(10)),
  KEY `source_model_index` (`source_model_type`,`source_model_id`),
  KEY `qr_scan_logs_user_daily_challenge_id_index` (`user_daily_challenge_id`)
) ENGINE=InnoDB DEFAULT CHARSET=utf8mb4 COLLATE=utf8mb4_unicode_ci;

--
-- Dumping data for table `qr_scan_logs`
--


--
-- Table structure for table `question_choices`
--

CREATE TABLE `question_choices` (
  `id` bigint unsigned NOT NULL AUTO_INCREMENT,
  `question_id` int unsigned NOT NULL,
  `choice_description` text CHARACTER SET utf8mb4 COLLATE utf8mb4_unicode_ci NOT NULL,
  `choice_img_url` varchar(191) CHARACTER SET utf8mb4 COLLATE utf8mb4_unicode_ci DEFAULT NULL,
  `created_at` timestamp NULL DEFAULT NULL,
  `updated_at` timestamp NULL DEFAULT NULL,
  PRIMARY KEY (`id`),
  KEY `question_choices_question_id_index` (`question_id`)
) ENGINE=InnoDB AUTO_INCREMENT=15 DEFAULT CHARSET=utf8mb4 COLLATE=utf8mb4_unicode_ci;

--
-- Dumping data for table `question_choices`
--

INSERT INTO `question_choices` VALUES (1,1,'Egg',NULL,'2026-04-07 06:36:25','2026-04-07 06:36:25'),(2,1,'Heart',NULL,'2026-04-07 06:36:25','2026-04-07 06:36:25'),(3,1,'Head',NULL,'2026-04-07 06:36:25','2026-04-07 06:36:25'),(4,1,'Brain',NULL,'2026-04-07 06:36:25','2026-04-07 06:36:25'),(5,2,'Cat',NULL,'2026-04-13 09:10:24','2026-04-13 09:10:24'),(6,2,'Dog',NULL,'2026-04-13 09:10:24','2026-04-13 09:10:24'),(7,2,'Both',NULL,'2026-04-13 09:10:24','2026-04-13 09:10:24'),(8,2,'Neither',NULL,'2026-04-13 09:10:24','2026-04-13 09:10:24'),(9,6,'<1 year',NULL,'2026-04-16 00:12:50','2026-04-16 00:12:50'),(10,6,'1-5 years',NULL,'2026-04-16 00:12:50','2026-04-16 00:12:50'),(11,6,'5-10 years',NULL,'2026-04-16 00:12:51','2026-04-16 00:12:51'),(12,6,'10 years+',NULL,'2026-04-16 00:12:51','2026-04-16 00:12:51'),(13,7,'Yes',NULL,'2026-04-16 00:12:51','2026-04-16 00:12:51'),(14,7,'No',NULL,'2026-04-16 00:12:51','2026-04-16 00:12:51');

--
-- Table structure for table `questions`
--

CREATE TABLE `questions` (
  `id` bigint unsigned NOT NULL AUTO_INCREMENT,
  `business_account_id` bigint unsigned NOT NULL,
  `question_title` text CHARACTER SET utf8mb4 COLLATE utf8mb4_unicode_ci NOT NULL,
  `question_choice_id` int unsigned DEFAULT NULL,
  `daily_challenge_id` bigint unsigned DEFAULT NULL,
  `setting_details` text CHARACTER SET utf8mb4 COLLATE utf8mb4_unicode_ci,
  `status` varchar(20) CHARACTER SET utf8mb4 COLLATE utf8mb4_unicode_ci NOT NULL DEFAULT 'active',
  `created_at` timestamp NULL DEFAULT NULL,
  `updated_at` timestamp NULL DEFAULT NULL,
  PRIMARY KEY (`id`),
  KEY `questions_question_choice_id_index` (`question_choice_id`),
  KEY `questions_business_account_id_status(3)_index` (`business_account_id`,`status`(3))
) ENGINE=InnoDB AUTO_INCREMENT=8 DEFAULT CHARSET=utf8mb4 COLLATE=utf8mb4_unicode_ci;

--
-- Dumping data for table `questions`
--

INSERT INTO `questions` VALUES (1,1,'What has to be broken before you can use it!',1,NULL,NULL,'active','2026-04-07 06:36:25','2026-04-07 06:36:25'),(2,1,'Are you a cat or a dog person?',NULL,NULL,NULL,'active','2026-04-13 09:10:24','2026-04-13 09:10:24'),(3,1,'Which pet clinic or pet expo did you register from? (Reply ‘NONE’ if you did not register from any.)',NULL,NULL,NULL,'active','2026-04-16 00:11:54','2026-04-16 00:11:54'),(4,1,'What is the breed of your pet?',NULL,NULL,NULL,'active','2026-04-16 00:12:14','2026-04-16 00:12:14'),(5,1,'What is the name of your pet? (Just reply your pet name)',NULL,NULL,NULL,'active','2026-04-16 00:12:50','2026-04-16 00:12:50'),(6,1,'How old is your pet?',NULL,NULL,NULL,'active','2026-04-16 00:12:50','2026-04-16 00:12:50'),(7,1,'Are you a multiple pet household? (more than 1 pet)',NULL,NULL,NULL,'active','2026-04-16 00:12:51','2026-04-16 00:12:51');

--
-- Table structure for table `raw_keywords`
--

CREATE TABLE `raw_keywords` (
  `id` bigint unsigned NOT NULL AUTO_INCREMENT,
  `key` varchar(20) CHARACTER SET utf8mb4 COLLATE utf8mb4_unicode_ci NOT NULL,
  `value` text CHARACTER SET utf8mb4 COLLATE utf8mb4_unicode_ci NOT NULL,
  `created_at` timestamp NULL DEFAULT NULL,
  `updated_at` timestamp NULL DEFAULT NULL,
  PRIMARY KEY (`id`),
  KEY `raw_keywords_key_index` (`key`)
) ENGINE=InnoDB AUTO_INCREMENT=28 DEFAULT CHARSET=utf8mb4 COLLATE=utf8mb4_unicode_ci;

--
-- Dumping data for table `raw_keywords`
--

INSERT INTO `raw_keywords` VALUES (1,'user-name-word','eyJpdiI6ImMyaGxjbTl4ZFdWbGJtaGhhR0ZvWVE9PSIsInZhbHVlIjoiYWwyeE9Od2ZXMFwvdjZKamI5ZHVJUEE9PSIsIm1hYyI6Ijc0NzVmM2NiMWVkMGI3YWM4NzZlMmJmMzk0MGM4MWVkZWEyZmIyYTdhYjU3NjY4MDIxNTEwYzc3NGU1MmEyZjUifQ==','2022-11-09 03:05:34','2022-11-09 03:05:34'),(2,'user-name-word','eyJpdiI6ImMyaGxjbTl4ZFdWbGJtaGhhR0ZvWVE9PSIsInZhbHVlIjoiaWpsMG1vQWx1YWJhbDZwUUxMQ1NKdz09IiwibWFjIjoiYThhYWY3NjExOGM4OTZhZjU1NDVlNjQ3MTk0ZmUwMzFkNjU0MjFiMDQwMWJhOWNiNzMwMGE2MjU1MjZmNDliMSJ9','2022-11-09 03:05:34','2022-11-09 03:05:34'),(3,'user-email-word','eyJpdiI6ImMyaGxjbTl4ZFdWbGJtaGhhR0ZvWVE9PSIsInZhbHVlIjoiSlhXQnJ3akxmZkFpRzVvXC9lQ2FLQUE9PSIsIm1hYyI6IjVjZDI0YjkzNDM4ZjU1Mjc4NmRmYWE3NWVlZDFlYjZiNjZlMDk0ODM2OWQwZGIyMGY2NGFhNDUwNjBhYTY5ZGMifQ==','2022-11-09 03:05:34','2022-11-09 03:05:34'),(4,'user-email-word','eyJpdiI6ImMyaGxjbTl4ZFdWbGJtaGhhR0ZvWVE9PSIsInZhbHVlIjoiZWZlQmVxa2p1SFpIbGhnRUxpYWh3dz09IiwibWFjIjoiMDg3NTVlMzI3MzY0Nzk4N2JlZDVkNzk3ODlkOWQ5OTcxNjZkNzAzNDdiZjlmMmY3ODdmMGJhOWZiYzM0MDRkMiJ9','2022-11-09 03:05:34','2022-11-09 03:05:34'),(5,'user-name-word','eyJpdiI6ImMydGhiR1V0Wlc1MGMyOHRNakF5TWc9PSIsInZhbHVlIjoiSFJlSmxFWmxaam9rT21xUzZrbHpEZz09IiwibWFjIjoiY2RjMjcxYjAyODY4MmU4MTU4NzkyOWQ0YTY3ODBmNjZjNTFmOGIzNTYyOTdhZTQzZjljZDBhYWQ2MTY5ZWU4NSJ9','2026-04-07 06:38:12','2026-04-07 06:38:12'),(6,'user-email-word','eyJpdiI6ImMydGhiR1V0Wlc1MGMyOHRNakF5TWc9PSIsInZhbHVlIjoieFQ1XC9aUldJNHBzY3JONTJxOXlXSUE9PSIsIm1hYyI6IjkyZmRmN2FkNWM0YTZkZTVkODhhMzM1NDljNWM5MTJjMGJjNGU3NDdmOWJlZDRkMWIzNzkwMTJjOGI1MDVjZmQifQ==','2026-04-07 06:38:12','2026-04-07 06:38:12'),(7,'user-email-word','eyJpdiI6ImMydGhiR1V0Wlc1MGMyOHRNakF5TWc9PSIsInZhbHVlIjoiSGF3cDdzcG1NcXFiOFhTMUJRTDMydz09IiwibWFjIjoiZDY5ZDliZjU2NTYwMWFhNDcyMGY1OTZlMDljM2JkYTY0N2FiMDk3NTJmN2Y1MGMzM2U5YzAzMWExNDM3MTQ3ZCJ9','2026-04-07 06:38:12','2026-04-07 06:38:12'),(8,'user-name-word','eyJpdiI6ImMydGhiR1V0Wlc1MGMyOHRNakF5TWc9PSIsInZhbHVlIjoiSEtweDJuTzNoTHY2dm5Ld2QyeDlUbWJCOFoxZmRCSWgxMld1UFwvMFV0VkxPdTZvRjJ1SjVaMTBoT2gwbXhuRmgxS0IrUGZqT0d0Z0QwUXl0MytXUUcreHJmVFp5TzBISW9UMlNsOGV5SzRBUXBMcmZPajhNbE9GV0RNTXpTQjlrU1N1ckhycThJbmhcL3R2SlVxa3dndlwvRk9rd2FIenNUeGhRMmlEK0ZcL0JYaWEzb0JCY0QwYmpENmVybDNwekxmWmZOOWc2ZUpzbTZKSUV2ajR1RFFaOVRGTkdqaVdrTDJLUUpxYldcL0MyTk5PWTVoWCtraHlURFVESmtzd1NDaElvV1FrWTBPZEU3NUVQYXlYSkJMRGxZUT09IiwibWFjIjoiY2YyZTkwNjNkZDhiOWFhZTY1NzkzMzM0YmU5MTEyZjcyYWIwNWI3NmY1OTI4MjA5ZDQ1YmZhZTNlODI1MTRjZCJ9','2026-04-07 07:02:48','2026-04-07 07:02:48'),(9,'user-email-word','eyJpdiI6ImMydGhiR1V0Wlc1MGMyOHRNakF5TWc9PSIsInZhbHVlIjoicmpoQ2ZBRFwvbmlRQlVqbWQyTEdkWkE9PSIsIm1hYyI6IjYzMjlhMTUxYTcxZjZlYzNiMzE1OGE5NjhlNDVlNTc4ZDU1MjQ5ZmE2M2I0OTA4NWI4MjAxNzg5NmZjOWViZWEifQ==','2026-04-07 07:02:48','2026-04-07 07:02:48'),(10,'user-email-word','eyJpdiI6ImMydGhiR1V0Wlc1MGMyOHRNakF5TWc9PSIsInZhbHVlIjoicElUSGVTTTNnYSs0Nkt5UVlOVGdzUT09IiwibWFjIjoiOGRjZWM0MjY3ZGU3MTk5ZmU2YWMxNzZiYzk4ZmJlNmRkZDdlM2MwYWQzNGJhZjU2OTEwNGI3OGU2OTEyYjVlYyJ9','2026-04-07 07:02:48','2026-04-07 07:02:48'),(11,'user-name-word','eyJpdiI6ImMydGhiR1V0Wlc1MGMyOHRNakF5TWc9PSIsInZhbHVlIjoiMjl1Nmlmcml2RkFyaDE1Y1AzaXRTZz09IiwibWFjIjoiMzRjNzA4ZjQ0YzU1YWM2MTNjMDhjYjkxMGIyZjg5Y2JiZTM4Y2RlZDFkNzhiYTMzZjg5NjkwOTI0NWZjM2M4NCJ9','2026-04-07 07:14:17','2026-04-07 07:14:17'),(12,'user-name-word','eyJpdiI6ImMydGhiR1V0Wlc1MGMyOHRNakF5TWc9PSIsInZhbHVlIjoiS0h6UFFlRzlYQVhZSmJzd1FWTzJmUT09IiwibWFjIjoiMmQ5YzE3MWE5NzE0MTdlOWRiYjFmNmNlMjgzYjcyNjY2N2Y0OWQxMTM4MzgxNGNjOGVjNDQzMTAyYWUyMTc2ZiJ9','2026-04-07 07:14:17','2026-04-07 07:14:17'),(13,'user-email-word','eyJpdiI6ImMydGhiR1V0Wlc1MGMyOHRNakF5TWc9PSIsInZhbHVlIjoidXFKd0RIY2VzY0V4VDl4XC9tc0hSRXc9PSIsIm1hYyI6ImVmZWY2ZDM3NzM2NjZhMjA5MDQ1ZTUxZjlhNGJlODczNmQ5NTI4OWYxOGQyNDllNjhkZWRlNTg0YmVmNzEyZjEifQ==','2026-04-07 07:14:17','2026-04-07 07:14:17'),(14,'user-name-word','eyJpdiI6ImMydGhiR1V0Wlc1MGMyOHRNakF5TWc9PSIsInZhbHVlIjoiWmlyRTVDOFZia2tHQ3p6OGFia21jUT09IiwibWFjIjoiZTlmOGE0N2MzOTExNzQzMWU0M2YxYWY5YWU5ZWQ5ODg2MmIxZGIxZTc3NDk3Yzk2OTRjY2U3NjI0OTMxNzQ2OCJ9','2026-04-16 00:11:35','2026-04-16 00:11:35'),(15,'user-email-word','eyJpdiI6ImMydGhiR1V0Wlc1MGMyOHRNakF5TWc9PSIsInZhbHVlIjoiWmlyRTVDOFZia2tHQ3p6OGFia21jUT09IiwibWFjIjoiZTlmOGE0N2MzOTExNzQzMWU0M2YxYWY5YWU5ZWQ5ODg2MmIxZGIxZTc3NDk3Yzk2OTRjY2U3NjI0OTMxNzQ2OCJ9','2026-04-16 00:11:41','2026-04-16 00:11:41'),(16,'user-email-word','eyJpdiI6ImMydGhiR1V0Wlc1MGMyOHRNakF5TWc9PSIsInZhbHVlIjoiUHBWQzJsQ3NHUDV6R2R3a0ZkSUIwUT09IiwibWFjIjoiMDdhZjY5ZmJiODQ2NDk4MDAxNjRiOTE4ZDVhZDc1ZGYyOWE4ZGYyZDYzMzcwNDgxYzYyNDhmODk3YTQwYzIyOSJ9','2026-04-16 00:11:41','2026-04-16 00:11:41'),(17,'user-name-word','eyJpdiI6ImMydGhiR1V0Wlc1MGMyOHRNakF5TWc9PSIsInZhbHVlIjoiT2JPVkdmMVwva2R3aXRCY1NrSGRWTXc9PSIsIm1hYyI6IjkwMGU0MjE5MjBlNjM1NjAwNGFmNTEwYzVlMTM5MDYzNDMwM2I1YTc3ZWM4YTQ5MmIwNDAyMmY3YTg0OTU2YzQifQ==','2026-04-16 03:16:49','2026-04-16 03:16:49'),(18,'user-email-word','eyJpdiI6ImMydGhiR1V0Wlc1MGMyOHRNakF5TWc9PSIsInZhbHVlIjoiTEJ4K3B2SjF6TldHY01wK3dlV0dOdz09IiwibWFjIjoiZjEzOTRhY2Q5MjM2ZDIzOTVmNTIzOWI5OTg2YjQ0YjUxMzYwYzU0NmEwOTIzOGYyNTUzY2Q1YjAyMTM4ZDU2NCJ9','2026-04-16 03:17:10','2026-04-16 03:17:10'),(19,'user-name-word','eyJpdiI6ImMydGhiR1V0Wlc1MGMyOHRNakF5TWc9PSIsInZhbHVlIjoiY25lNVlWNmxnZ1NsZXRRV2lKa3gzUT09IiwibWFjIjoiNTdkZWUzOGNiN2RmYmUwZjFhMzNmYzY2ZDhiZDM1NWZlYzBmYTQ4N2E5MWM0NWEzMTBlNjc3NjA1NTYyZjY1ZCJ9','2026-05-07 10:26:31','2026-05-07 10:26:31'),(20,'user-email-word','eyJpdiI6ImMydGhiR1V0Wlc1MGMyOHRNakF5TWc9PSIsInZhbHVlIjoiQVRtU05JWWxrM2Z5XC9ESzdUK2E4THc9PSIsIm1hYyI6IjFiOTMwZjM4YTQwZTk0MGUzZDA4OTQxMjdmYWQwNmIxMGQ5Nzg4ZDZjZTQxYjczOTdiYmU0YWI1YTkyNGYyZGQifQ==','2026-05-07 10:26:45','2026-05-07 10:26:45'),(21,'user-email-word','eyJpdiI6ImMydGhiR1V0Wlc1MGMyOHRNakF5TWc9PSIsInZhbHVlIjoiOHRMQXRmQm9lMnJnbVhlUDI5aytyQT09IiwibWFjIjoiMDQ1ZTVhNTZlNjI0ZTZkZDkwMzc5MGNhYmEzN2Q2ZTgzNzczODEyYTVhMzVlNzdiNDA3OGQ5MjE3YjM3NjA4YyJ9','2026-05-07 10:26:45','2026-05-07 10:26:45'),(22,'user-name-word','eyJpdiI6ImMydGhiR1V0Wlc1MGMyOHRNakF5TWc9PSIsInZhbHVlIjoiQXlSc1E4dkU4cjhva0NEM0NNblBBQT09IiwibWFjIjoiN2MwYmNjMTg0OWQzZGE0MzVmODA3NjYyNjYwZmM3NDc3ZGRiYmM4ZWZkYjc3ZGYyY2Q1ZjE4ZGFmNDI0ODM4NCJ9','2026-05-08 09:06:18','2026-05-08 09:06:18'),(23,'user-name-word','eyJpdiI6ImMydGhiR1V0Wlc1MGMyOHRNakF5TWc9PSIsInZhbHVlIjoiRkk3Z01jUjJSMmhPbHByendDZ2Y1dz09IiwibWFjIjoiYWJiODY4ZWM0YTg3MDU3NTZiNjlkZGUyNzE3MGMyNTViMTYzNGM1ZGJkOWM4OTA0MzFiOGI4NDU5ZjZhN2UzYiJ9','2026-05-08 09:06:18','2026-05-08 09:06:18'),(24,'user-name-word','eyJpdiI6ImMydGhiR1V0Wlc1MGMyOHRNakF5TWc9PSIsInZhbHVlIjoiYm50SjFzTUZqYUxQUFY2bWxNNVwveWc9PSIsIm1hYyI6IjhhNzRhMzUyNmI5Y2JjYmY3NjdlNGMxZjdhZjJlNmQyNGM3MjNmOGYwMTUwODY2MWFhOWYzODRmNGRkOGM3ZjMifQ==','2026-05-08 09:06:18','2026-05-08 09:06:18'),(25,'user-email-word','eyJpdiI6ImMydGhiR1V0Wlc1MGMyOHRNakF5TWc9PSIsInZhbHVlIjoiZWRQSjlOM1lERXFcLzRKMjBzTzJHR0E9PSIsIm1hYyI6ImM2ZjdlMWVhMjFhZDYxOTgyNWRhMzQzMDI0NmIzMzdhMzJlZDliZTRlY2Q3ZWQ2Y2JlNDNiODdhNTQ2YWE1MWYifQ==','2026-05-08 09:06:43','2026-05-08 09:06:43'),(26,'user-email-word','eyJpdiI6ImMydGhiR1V0Wlc1MGMyOHRNakF5TWc9PSIsInZhbHVlIjoiVFlpbjYrbjhoTmNIODlnXC9nTmswZHc9PSIsIm1hYyI6ImU0NDVhYzYxYWQxMjc1YjE4MmIzMjYwYTk1MWRjNmYxNmI4ZTkwMTUyMTZmZTY2NmRkNDdhYzMxNTk5MWRhZDUifQ==','2026-05-12 00:49:46','2026-05-12 00:49:46'),(27,'user-email-word','eyJpdiI6ImMydGhiR1V0Wlc1MGMyOHRNakF5TWc9PSIsInZhbHVlIjoibEN0eDBOTWozcXZUOE9YV0c2Y2VJZ2x2NEVUbE5rcDJySkdzd3pBRURVND0iLCJtYWMiOiI2MTllM2Q5ZjE0ZTlkZDk0MmM2Y2M1NWE0ZWNlMWJiNmYxZDgyMWVjNTU2OTcxNTJmNTE0MjcwYmNkNWUxNzM3In0=','2026-05-12 08:20:52','2026-05-12 08:20:52');

--
-- Table structure for table `raw_receipts`
--

CREATE TABLE `raw_receipts` (
  `id` bigint unsigned NOT NULL AUTO_INCREMENT,
  `path` varchar(191) CHARACTER SET utf8mb4 COLLATE utf8mb4_unicode_ci NOT NULL,
  `hash` varchar(191) CHARACTER SET utf8mb4 COLLATE utf8mb4_unicode_ci NOT NULL,
  `annotations` longtext CHARACTER SET utf8mb4 COLLATE utf8mb4_unicode_ci,
  `doc_ai_json` longtext CHARACTER SET utf8mb4 COLLATE utf8mb4_unicode_ci,
  `textract_json` longtext COLLATE utf8mb4_unicode_ci,
  `skale_vlm_json` longtext COLLATE utf8mb4_unicode_ci,
  `ocr_text` longtext CHARACTER SET utf8mb4 COLLATE utf8mb4_unicode_ci NOT NULL,
  `formatted_text` longtext CHARACTER SET utf8mb4 COLLATE utf8mb4_unicode_ci,
  `parsed_result` longtext CHARACTER SET utf8mb4 COLLATE utf8mb4_unicode_ci,
  `added_by_business_account_id` bigint unsigned DEFAULT NULL,
  `deleted_at` timestamp NULL DEFAULT NULL,
  `created_at` timestamp NULL DEFAULT NULL,
  `updated_at` timestamp NULL DEFAULT NULL,
  PRIMARY KEY (`id`),
  KEY `raw_receipts_hash(12)_index` (`hash`(12)),
  KEY `raw_receipts_added_by_business_account_id_index` (`added_by_business_account_id`)
) ENGINE=InnoDB DEFAULT CHARSET=utf8mb4 COLLATE=utf8mb4_unicode_ci;

--
-- Dumping data for table `raw_receipts`
--


--
-- Table structure for table `receipt_entries`
--

CREATE TABLE `receipt_entries` (
  `id` bigint unsigned NOT NULL AUTO_INCREMENT,
  `user_id` bigint unsigned NOT NULL,
  `module` varchar(191) CHARACTER SET utf8mb4 COLLATE utf8mb4_unicode_ci DEFAULT NULL,
  `module_identifier` varchar(191) CHARACTER SET utf8mb4 COLLATE utf8mb4_unicode_ci NOT NULL,
  `business_asset_id` varchar(191) CHARACTER SET utf8mb4 COLLATE utf8mb4_unicode_ci DEFAULT NULL,
  `uid` varchar(191) CHARACTER SET utf8mb4 COLLATE utf8mb4_unicode_ci NOT NULL,
  `receipt_path` varchar(191) CHARACTER SET utf8mb4 COLLATE utf8mb4_unicode_ci NOT NULL,
  `receipt_url` varchar(191) CHARACTER SET utf8mb4 COLLATE utf8mb4_unicode_ci NOT NULL,
  `ocr_text` longtext CHARACTER SET utf8mb4 COLLATE utf8mb4_unicode_ci,
  `merchants` longtext CHARACTER SET utf8mb4 COLLATE utf8mb4_unicode_ci,
  `products` longtext CHARACTER SET utf8mb4 COLLATE utf8mb4_unicode_ci,
  `ocr_result` longtext CHARACTER SET utf8mb4 COLLATE utf8mb4_unicode_ci,
  `transaction_amount` varchar(191) CHARACTER SET utf8mb4 COLLATE utf8mb4_unicode_ci DEFAULT NULL,
  `status` varchar(191) CHARACTER SET utf8mb4 COLLATE utf8mb4_unicode_ci NOT NULL,
  `ocr_appv_status` varchar(191) COLLATE utf8mb4_unicode_ci DEFAULT NULL,
  `src_receipt_info` text CHARACTER SET utf8mb4 COLLATE utf8mb4_unicode_ci,
  `uploaded_at` timestamp NOT NULL DEFAULT CURRENT_TIMESTAMP,
  `created_at` timestamp NULL DEFAULT NULL,
  `updated_at` timestamp NULL DEFAULT NULL,
  `transaction_date` date DEFAULT NULL,
  `outlet_name` varchar(191) COLLATE utf8mb4_unicode_ci DEFAULT NULL,
  `payment_mode` varchar(191) COLLATE utf8mb4_unicode_ci DEFAULT NULL,
  PRIMARY KEY (`id`),
  KEY `receipt_entries_user_id_index` (`user_id`),
  KEY `receipt_entries_business_asset_id_index` (`business_asset_id`),
  KEY `receipt_entries_foreign_link_index` (`module`(20),`module_identifier`,`user_id`)
) ENGINE=InnoDB AUTO_INCREMENT=12 DEFAULT CHARSET=utf8mb4 COLLATE=utf8mb4_unicode_ci;

--
-- Dumping data for table `receipt_entries`
--

INSERT INTO `receipt_entries` VALUES (1,8,'daily_challenge','34','1','9GyvPOwU7y','public/business_account/1WAUsernameTest/receipts/9GyvPOwU7y-a1c243c5-521e-4149-afa0-b98131e490d2.jpeg','https://wa-username-testing.growthdesk.dev/file/receipts/9GyvPOwU7y-a1c243c5-521e-4149-afa0-b98131e490d2.jpeg',NULL,'{\"id\":1,\"value\":\"Test Outlet 1\"}','',NULL,'0','pending',NULL,'{\"receipt_url\":[\"https:\\/\\/wa-username.growthdesk.dev\\/storage\\/channel\\/43\\/recipient\\/a1c242c3-db45-4067-afb2-92bf465ea369\\/a1c243a8-36e3-49d4-813a-0b91932f8b04.jpeg\"],\"upload_at\":\"2026-05-12T03:41:49.000000Z\"}','2026-05-12 03:42:07','2026-05-12 03:42:07','2026-05-12 03:43:46',NULL,NULL,NULL),(2,8,'daily_challenge','35','1','6nt66dgyBL','public/business_account/1WAUsernameTest/receipts/6nt66dgyBL-a1c244a9-42e7-46db-bcdc-30bdfc0db42c.jpeg','https://wa-username-testing.growthdesk.dev/file/receipts/6nt66dgyBL-a1c244a9-42e7-46db-bcdc-30bdfc0db42c.jpeg',NULL,'{\"id\":1,\"value\":\"Test Outlet 1\"}','',NULL,'0','pending',NULL,'{\"receipt_url\":[\"https:\\/\\/wa-username.growthdesk.dev\\/storage\\/channel\\/43\\/recipient\\/a1c242c3-db45-4067-afb2-92bf465ea369\\/a1c2448f-5544-4931-a687-3c169662b82b.jpeg\"],\"upload_at\":\"2026-05-12T03:44:20.000000Z\"}','2026-05-12 03:44:36','2026-05-12 03:44:36','2026-05-12 04:06:28',NULL,NULL,NULL),(3,8,'daily_challenge','36','1','wJlNWy85QF','public/business_account/1WAUsernameTest/receipts/wJlNWy85QF-a1c24dbf-52d3-4488-8e20-3c5846179fab.jpeg','https://wa-username-testing.growthdesk.dev/file/receipts/wJlNWy85QF-a1c24dbf-52d3-4488-8e20-3c5846179fab.jpeg',NULL,'{\"id\":1,\"value\":\"Test Outlet 1\"}','',NULL,'0','pending',NULL,'{\"receipt_url\":[\"https:\\/\\/wa-username.growthdesk.dev\\/storage\\/channel\\/43\\/recipient\\/a1c242c3-db45-4067-afb2-92bf465ea369\\/a1c24c3b-e32e-4821-964f-de50a12489ff.jpeg\"],\"upload_at\":\"2026-05-12T04:05:48.000000Z\"}','2026-05-12 04:10:01','2026-05-12 04:10:01','2026-05-12 04:23:04',NULL,NULL,NULL),(4,8,'daily_challenge','37','1','ua00kCvK9g','public/business_account/1WAUsernameTest/receipts/ua00kCvK9g-a1c24dd8-f2df-488e-a8e5-4dfe4dfcd1ae.jpeg','https://wa-username-testing.growthdesk.dev/file/receipts/ua00kCvK9g-a1c24dd8-f2df-488e-a8e5-4dfe4dfcd1ae.jpeg',NULL,'{\"id\":1,\"value\":\"Test Outlet 1\"}','',NULL,'0','pending',NULL,'{\"receipt_url\":[\"https:\\/\\/wa-username.growthdesk.dev\\/storage\\/channel\\/43\\/recipient\\/a1c242c3-db45-4067-afb2-92bf465ea369\\/a1c24dc9-7679-45a3-944b-f17d360346f1.jpeg\"],\"upload_at\":\"2026-05-12T04:10:08.000000Z\"}','2026-05-12 04:10:17','2026-05-12 04:10:17','2026-05-12 05:15:53',NULL,NULL,NULL),(5,8,'daily_challenge','38','1','1Et31gAOYf','public/business_account/1WAUsernameTest/receipts/1Et31gAOYf-a1c267ae-77e4-4323-9e2b-e1257aa5c606.jpeg','https://wa-username-testing.growthdesk.dev/file/receipts/1Et31gAOYf-a1c267ae-77e4-4323-9e2b-e1257aa5c606.jpeg',NULL,'{\"id\":1,\"value\":\"Test Outlet 1\"}','',NULL,'0','pending',NULL,'{\"receipt_url\":[\"https:\\/\\/wa-username.growthdesk.dev\\/storage\\/channel\\/43\\/recipient\\/a1c242c3-db45-4067-afb2-92bf465ea369\\/a1c2679b-9b26-4149-93df-8e0c1d062623.jpeg\"],\"upload_at\":\"2026-05-12T05:22:21.000000Z\"}','2026-05-12 05:22:32','2026-05-12 05:22:32','2026-05-12 05:31:46',NULL,NULL,NULL),(6,8,'daily_challenge','39','1','MM8RuAeraN','public/business_account/1WAUsernameTest/receipts/MM8RuAeraN-a1c2705b-0013-42d8-ad9c-5827e4dd9aaf.jpeg','https://wa-username-testing.growthdesk.dev/file/receipts/MM8RuAeraN-a1c2705b-0013-42d8-ad9c-5827e4dd9aaf.jpeg',NULL,'{\"id\":1,\"value\":\"Test Outlet 1\"}','',NULL,'0','pending',NULL,'{\"receipt_url\":[\"https:\\/\\/wa-username.growthdesk.dev\\/storage\\/channel\\/43\\/recipient\\/a1c242c3-db45-4067-afb2-92bf465ea369\\/a1c2704c-f1ff-4777-870f-960c4c08fed2.jpeg\"],\"upload_at\":\"2026-05-12T05:46:39.000000Z\"}','2026-05-12 05:46:47','2026-05-12 05:46:47','2026-05-12 05:47:24',NULL,NULL,NULL),(7,8,'daily_challenge','40','1','SaCtfMdh9j','public/business_account/1WAUsernameTest/receipts/SaCtfMdh9j-a1c2717d-06fc-4b5e-8b79-df3dad1e017c.jpeg','https://wa-username-testing.growthdesk.dev/file/receipts/SaCtfMdh9j-a1c2717d-06fc-4b5e-8b79-df3dad1e017c.jpeg',NULL,'{\"id\":1,\"value\":\"Test Outlet 1\"}','',NULL,'0','pending',NULL,'{\"receipt_url\":[\"https:\\/\\/wa-username.growthdesk.dev\\/storage\\/channel\\/43\\/recipient\\/a1c242c3-db45-4067-afb2-92bf465ea369\\/a1c2716f-a608-4bc6-a5a0-bfbcdae8d893.jpeg\"],\"upload_at\":\"2026-05-12T05:49:49.000000Z\"}','2026-05-12 05:49:57','2026-05-12 05:49:57','2026-05-12 05:50:13',NULL,NULL,NULL),(8,8,'daily_challenge','41','1','vHkWp7QyCP','public/business_account/1WAUsernameTest/receipts/vHkWp7QyCP-a1c2a83a-9416-47b0-94d0-f2388e973b1b.jpeg','https://wa-username-testing.growthdesk.dev/file/receipts/vHkWp7QyCP-a1c2a83a-9416-47b0-94d0-f2388e973b1b.jpeg',NULL,'{\"id\":1,\"value\":\"Test Outlet 1\"}','',NULL,'0','pending',NULL,'{\"receipt_url\":[\"https:\\/\\/wa-username.growthdesk.dev\\/storage\\/channel\\/43\\/recipient\\/a1c29d2b-82a8-4344-8010-b2f1184c972d\\/a1c2a82c-bd5a-41d5-9178-a58b9413fcc5.jpeg\"],\"upload_at\":\"2026-05-12T08:22:52.000000Z\"}','2026-05-12 08:23:01','2026-05-12 08:23:01','2026-05-12 08:23:17',NULL,NULL,NULL),(9,11,'daily_challenge','46','1','5U2zY9GGMB','public/business_account/1WAUsernameTest/receipts/5U2zY9GGMB-a1c2a99c-c5ae-4079-93fe-948ad98a99fe.jpeg','https://wa-username-testing.growthdesk.dev/file/receipts/5U2zY9GGMB-a1c2a99c-c5ae-4079-93fe-948ad98a99fe.jpeg',NULL,'{\"id\":1,\"value\":\"Test Outlet 1\"}','',NULL,'0','pending',NULL,'{\"receipt_url\":[\"https:\\/\\/wa-username.growthdesk.dev\\/storage\\/channel\\/43\\/recipient\\/a1c134d0-fce0-469a-b823-984c8a8a579b\\/a1c2a976-1bb4-4ce1-8483-d023ddb72ee7.jpeg\"],\"upload_at\":\"2026-05-12T08:26:29.000000Z\"}','2026-05-12 08:26:53','2026-05-12 08:26:53','2026-05-12 08:29:55',NULL,NULL,NULL),(10,11,'daily_challenge','48','1','ZUgMoJyQas','public/business_account/1WAUsernameTest/receipts/ZUgMoJyQas-a1c45654-fdc8-44db-b765-d4a71ead768a.jpeg','https://wa-username-testing.growthdesk.dev/file/receipts/ZUgMoJyQas-a1c45654-fdc8-44db-b765-d4a71ead768a.jpeg',NULL,'{\"id\":1,\"value\":\"Test Outlet 1\"}','',NULL,'0','pending',NULL,'{\"receipt_url\":[\"https:\\/\\/wa-username.growthdesk.dev\\/storage\\/channel\\/43\\/recipient\\/a1c134d0-fce0-469a-b823-984c8a8a579b\\/a1c4563b-2e86-4032-80cf-f1abb50145bf.jpeg\"],\"upload_at\":\"2026-05-13T04:25:25.000000Z\"}','2026-05-13 04:25:40','2026-05-13 04:25:40','2026-05-13 05:54:44',NULL,NULL,NULL),(11,8,'daily_challenge','50','1','vd62sQ4DAz','public/business_account/1WAUsernameTest/receipts/vd62sQ4DAz-a1c4bb86-3e78-41b0-8172-a86a2a68869b.jpeg','https://wa-username-testing.growthdesk.dev/file/receipts/vd62sQ4DAz-a1c4bb86-3e78-41b0-8172-a86a2a68869b.jpeg',NULL,'{\"id\":1,\"value\":\"Test Outlet 1\"}','',NULL,'0','pending',NULL,'{\"receipt_url\":[\"https:\\/\\/wa-username.growthdesk.dev\\/storage\\/channel\\/43\\/recipient\\/a1c29d2b-82a8-4344-8010-b2f1184c972d\\/a1c4bb72-1f77-4143-8825-ee45deacefa6.jpeg\"],\"upload_at\":\"2026-05-13T09:08:25.000000Z\"}','2026-05-13 09:08:38','2026-05-13 09:08:38','2026-05-13 09:09:23',NULL,NULL,NULL);

--
-- Table structure for table `receipt_entry_ocr_summaries`
--

CREATE TABLE `receipt_entry_ocr_summaries` (
  `id` bigint unsigned NOT NULL AUTO_INCREMENT,
  `receipt_entry_id` bigint unsigned NOT NULL,
  `ocr_request_log_id` bigint unsigned NOT NULL,
  `store_id` bigint unsigned DEFAULT NULL,
  `business_asset_id` bigint unsigned DEFAULT NULL,
  `duplicate_summ_id` bigint unsigned DEFAULT NULL,
  `receipt_date` date DEFAULT NULL,
  `receipt_time` varchar(8) COLLATE utf8mb4_unicode_ci DEFAULT NULL,
  `receipt_refno` varchar(191) COLLATE utf8mb4_unicode_ci DEFAULT NULL,
  `total_sku_qty` int DEFAULT NULL,
  `qualifying_spend_total` decimal(8,2) unsigned NOT NULL,
  `payment_method` varchar(191) COLLATE utf8mb4_unicode_ci DEFAULT NULL,
  `is_a_receipt` tinyint DEFAULT NULL,
  `is_criteria_pass` tinyint(1) DEFAULT NULL,
  `deleted_at` timestamp NULL DEFAULT NULL,
  `created_at` timestamp NULL DEFAULT NULL,
  `updated_at` timestamp NULL DEFAULT NULL,
  PRIMARY KEY (`id`),
  KEY `receipt_entry_ocr_summaries_receipt_entry_id_index` (`receipt_entry_id`),
  KEY `receipt_entry_ocr_summaries_ocr_request_log_id_index` (`ocr_request_log_id`),
  KEY `receipt_entry_ocr_summaries_store_id_index` (`store_id`),
  KEY `receipt_entry_ocr_summaries_business_asset_id_index` (`business_asset_id`)
) ENGINE=InnoDB DEFAULT CHARSET=utf8mb4 COLLATE=utf8mb4_unicode_ci;

--
-- Dumping data for table `receipt_entry_ocr_summaries`
--


--
-- Table structure for table `receipt_entry_product_relations`
--

CREATE TABLE `receipt_entry_product_relations` (
  `id` bigint unsigned NOT NULL AUTO_INCREMENT,
  `receipt_entry_id` bigint unsigned NOT NULL,
  `product_id` bigint unsigned NOT NULL,
  `fill_type` varchar(191) COLLATE utf8mb4_unicode_ci DEFAULT NULL,
  `sku_unit_price` decimal(8,2) DEFAULT NULL,
  `sku_unit_qty` int DEFAULT NULL,
  `total_spent_per_sku` decimal(9,2) DEFAULT NULL,
  `deleted_at` timestamp NULL DEFAULT NULL,
  `created_at` timestamp NULL DEFAULT NULL,
  `updated_at` timestamp NULL DEFAULT NULL,
  PRIMARY KEY (`id`),
  KEY `receipt_entry_product_relations_receipt_entry_id_index` (`receipt_entry_id`),
  KEY `receipt_entry_product_relations_product_id_index` (`product_id`),
  KEY `receipt_entry_product_relations_sku_unit_price_index` (`sku_unit_price`),
  KEY `receipt_entry_product_relations_sku_unit_qty_index` (`sku_unit_qty`),
  KEY `receipt_entry_product_relations_total_spent_per_sku_index` (`total_spent_per_sku`)
) ENGINE=InnoDB DEFAULT CHARSET=utf8mb4 COLLATE=utf8mb4_unicode_ci;

--
-- Dumping data for table `receipt_entry_product_relations`
--


--
-- Table structure for table `receipt_entry_user_inputs`
--

CREATE TABLE `receipt_entry_user_inputs` (
  `receipt_entry_id` bigint unsigned NOT NULL,
  `business_asset_id` bigint unsigned DEFAULT NULL,
  `merchants` longtext COLLATE utf8mb4_unicode_ci,
  `products` longtext COLLATE utf8mb4_unicode_ci,
  `transaction_amount` varchar(191) COLLATE utf8mb4_unicode_ci DEFAULT NULL,
  `created_at` timestamp NULL DEFAULT NULL,
  `updated_at` timestamp NULL DEFAULT NULL,
  `transaction_date` date DEFAULT NULL,
  `outlet_name` varchar(191) COLLATE utf8mb4_unicode_ci DEFAULT NULL,
  `payment_mode` varchar(191) COLLATE utf8mb4_unicode_ci DEFAULT NULL,
  `sponsor` varchar(191) COLLATE utf8mb4_unicode_ci DEFAULT NULL,
  PRIMARY KEY (`receipt_entry_id`),
  KEY `receipt_entry_user_inputs_business_asset_id_index` (`business_asset_id`)
) ENGINE=InnoDB DEFAULT CHARSET=utf8mb4 COLLATE=utf8mb4_unicode_ci;

--
-- Dumping data for table `receipt_entry_user_inputs`
--

INSERT INTO `receipt_entry_user_inputs` VALUES (1,NULL,NULL,NULL,NULL,'2026-05-12 03:42:09','2026-05-12 03:42:09',NULL,NULL,NULL,NULL),(2,NULL,NULL,NULL,NULL,'2026-05-12 03:44:37','2026-05-12 03:44:37',NULL,NULL,NULL,NULL),(3,NULL,NULL,NULL,NULL,'2026-05-12 04:10:01','2026-05-12 04:10:01',NULL,NULL,NULL,NULL),(4,NULL,NULL,NULL,NULL,'2026-05-12 04:10:18','2026-05-12 04:10:18',NULL,NULL,NULL,NULL),(5,NULL,NULL,NULL,NULL,'2026-05-12 05:22:32','2026-05-12 05:22:32',NULL,NULL,NULL,NULL),(6,NULL,NULL,NULL,NULL,'2026-05-12 05:46:47','2026-05-12 05:46:47',NULL,NULL,NULL,NULL),(7,NULL,NULL,NULL,NULL,'2026-05-12 05:49:57','2026-05-12 05:49:57',NULL,NULL,NULL,NULL),(8,NULL,NULL,NULL,NULL,'2026-05-12 08:23:01','2026-05-12 08:23:01',NULL,NULL,NULL,NULL),(9,NULL,NULL,NULL,NULL,'2026-05-12 08:26:53','2026-05-12 08:26:53',NULL,NULL,NULL,NULL),(10,NULL,NULL,NULL,NULL,'2026-05-13 04:25:41','2026-05-13 04:25:41',NULL,NULL,NULL,NULL),(11,NULL,NULL,NULL,NULL,'2026-05-13 09:08:38','2026-05-13 09:08:38',NULL,NULL,NULL,NULL);

--
-- Table structure for table `referrer_code_logs`
--

CREATE TABLE `referrer_code_logs` (
  `id` bigint unsigned NOT NULL AUTO_INCREMENT,
  `user_id` bigint unsigned NOT NULL,
  `referrer_code` varchar(191) CHARACTER SET utf8mb4 COLLATE utf8mb4_unicode_ci NOT NULL,
  `referrer_user_id` bigint unsigned NOT NULL,
  `is_notified` tinyint(1) NOT NULL DEFAULT '0',
  `created_at` timestamp NULL DEFAULT NULL,
  `updated_at` timestamp NULL DEFAULT NULL,
  PRIMARY KEY (`id`),
  KEY `referrer_code_logs_user_id_index` (`user_id`),
  KEY `referrer_code_logs_referrer_user_id_index` (`referrer_user_id`)
) ENGINE=InnoDB DEFAULT CHARSET=utf8mb4 COLLATE=utf8mb4_unicode_ci;

--
-- Dumping data for table `referrer_code_logs`
--


--
-- Table structure for table `reminder_recipients`
--

CREATE TABLE `reminder_recipients` (
  `id` bigint unsigned NOT NULL AUTO_INCREMENT,
  `reminder_id` varchar(191) CHARACTER SET utf8mb4 COLLATE utf8mb4_unicode_ci NOT NULL,
  `voucher_id` varchar(191) CHARACTER SET utf8mb4 COLLATE utf8mb4_unicode_ci NOT NULL,
  `name` varchar(191) CHARACTER SET utf8mb4 COLLATE utf8mb4_unicode_ci NOT NULL,
  `email` varchar(191) CHARACTER SET utf8mb4 COLLATE utf8mb4_unicode_ci DEFAULT NULL,
  `mobile` varchar(191) CHARACTER SET utf8mb4 COLLATE utf8mb4_unicode_ci DEFAULT NULL,
  `unsub_status` varchar(191) CHARACTER SET utf8mb4 COLLATE utf8mb4_unicode_ci NOT NULL DEFAULT 'sub',
  `notification_status` varchar(191) CHARACTER SET utf8mb4 COLLATE utf8mb4_unicode_ci NOT NULL DEFAULT 'pending',
  `recipient_react` varchar(191) CHARACTER SET utf8mb4 COLLATE utf8mb4_unicode_ci NOT NULL DEFAULT 'pending',
  `trx_id` varchar(191) CHARACTER SET utf8mb4 COLLATE utf8mb4_unicode_ci DEFAULT NULL,
  `identifier` varchar(191) CHARACTER SET utf8mb4 COLLATE utf8mb4_unicode_ci NOT NULL,
  `sent_datetime` varchar(191) CHARACTER SET utf8mb4 COLLATE utf8mb4_unicode_ci DEFAULT NULL,
  `created_at` timestamp NULL DEFAULT NULL,
  `updated_at` timestamp NULL DEFAULT NULL,
  PRIMARY KEY (`id`)
) ENGINE=InnoDB DEFAULT CHARSET=utf8mb4 COLLATE=utf8mb4_unicode_ci;

--
-- Dumping data for table `reminder_recipients`
--


--
-- Table structure for table `reminder_schedule_recipients`
--

CREATE TABLE `reminder_schedule_recipients` (
  `id` bigint unsigned NOT NULL AUTO_INCREMENT,
  `reminder_schedule_id` varchar(191) CHARACTER SET utf8mb4 COLLATE utf8mb4_unicode_ci NOT NULL,
  `voucher_id` varchar(191) CHARACTER SET utf8mb4 COLLATE utf8mb4_unicode_ci NOT NULL,
  `name` varchar(191) CHARACTER SET utf8mb4 COLLATE utf8mb4_unicode_ci NOT NULL,
  `email` varchar(191) CHARACTER SET utf8mb4 COLLATE utf8mb4_unicode_ci DEFAULT NULL,
  `mobile` varchar(191) CHARACTER SET utf8mb4 COLLATE utf8mb4_unicode_ci DEFAULT NULL,
  `status` varchar(191) CHARACTER SET utf8mb4 COLLATE utf8mb4_unicode_ci NOT NULL DEFAULT 'pending',
  `created_at` timestamp NULL DEFAULT NULL,
  `updated_at` timestamp NULL DEFAULT NULL,
  PRIMARY KEY (`id`)
) ENGINE=InnoDB DEFAULT CHARSET=utf8mb4 COLLATE=utf8mb4_unicode_ci;

--
-- Dumping data for table `reminder_schedule_recipients`
--


--
-- Table structure for table `reminder_schedulers`
--

CREATE TABLE `reminder_schedulers` (
  `id` bigint unsigned NOT NULL AUTO_INCREMENT,
  `business_account_id` bigint unsigned NOT NULL,
  `created_by` varchar(191) CHARACTER SET utf8mb4 COLLATE utf8mb4_unicode_ci NOT NULL,
  `content` longtext CHARACTER SET utf8mb4 COLLATE utf8mb4_unicode_ci NOT NULL,
  `blast_name` varchar(191) CHARACTER SET utf8mb4 COLLATE utf8mb4_unicode_ci NOT NULL,
  `blast_groups` longtext CHARACTER SET utf8mb4 COLLATE utf8mb4_unicode_ci NOT NULL,
  `blast_group_status` longtext CHARACTER SET utf8mb4 COLLATE utf8mb4_unicode_ci NOT NULL,
  `blast_group_start_date` date NOT NULL,
  `blast_group_end_date` date NOT NULL,
  `schedule_datetime` datetime NOT NULL,
  `status` varchar(191) CHARACTER SET utf8mb4 COLLATE utf8mb4_unicode_ci NOT NULL DEFAULT 'pending',
  `created_at` timestamp NULL DEFAULT NULL,
  `updated_at` timestamp NULL DEFAULT NULL,
  PRIMARY KEY (`id`),
  KEY `reminder_schedulers_business_account_id_status(6)_index` (`business_account_id`,`status`(6))
) ENGINE=InnoDB DEFAULT CHARSET=utf8mb4 COLLATE=utf8mb4_unicode_ci;

--
-- Dumping data for table `reminder_schedulers`
--


--
-- Table structure for table `reminders`
--

CREATE TABLE `reminders` (
  `id` bigint unsigned NOT NULL AUTO_INCREMENT,
  `business_account_id` varchar(191) CHARACTER SET utf8mb4 COLLATE utf8mb4_unicode_ci NOT NULL,
  `created_by` varchar(191) CHARACTER SET utf8mb4 COLLATE utf8mb4_unicode_ci NOT NULL,
  `content` longtext CHARACTER SET utf8mb4 COLLATE utf8mb4_unicode_ci NOT NULL,
  `blast_name` varchar(191) CHARACTER SET utf8mb4 COLLATE utf8mb4_unicode_ci NOT NULL,
  `blast_groups` longtext CHARACTER SET utf8mb4 COLLATE utf8mb4_unicode_ci NOT NULL,
  `blast_group_status` longtext CHARACTER SET utf8mb4 COLLATE utf8mb4_unicode_ci NOT NULL,
  `blast_group_start_date` date NOT NULL,
  `blast_group_end_date` date NOT NULL,
  `schedule_datetime` datetime NOT NULL,
  `status` varchar(191) CHARACTER SET utf8mb4 COLLATE utf8mb4_unicode_ci NOT NULL DEFAULT 'pending',
  `created_at` timestamp NULL DEFAULT NULL,
  `updated_at` timestamp NULL DEFAULT NULL,
  PRIMARY KEY (`id`)
) ENGINE=InnoDB DEFAULT CHARSET=utf8mb4 COLLATE=utf8mb4_unicode_ci;

--
-- Dumping data for table `reminders`
--


--
-- Table structure for table `role_has_permissions`
--

CREATE TABLE `role_has_permissions` (
  `permission_id` int unsigned NOT NULL,
  `role_id` int unsigned NOT NULL,
  PRIMARY KEY (`permission_id`,`role_id`),
  KEY `role_has_permissions_role_id_foreign` (`role_id`),
  CONSTRAINT `role_has_permissions_permission_id_foreign` FOREIGN KEY (`permission_id`) REFERENCES `permissions` (`id`) ON DELETE CASCADE,
  CONSTRAINT `role_has_permissions_role_id_foreign` FOREIGN KEY (`role_id`) REFERENCES `roles` (`id`) ON DELETE CASCADE
) ENGINE=InnoDB DEFAULT CHARSET=utf8mb4 COLLATE=utf8mb4_unicode_ci;

--
-- Dumping data for table `role_has_permissions`
--


--
-- Table structure for table `roles`
--

CREATE TABLE `roles` (
  `id` int unsigned NOT NULL AUTO_INCREMENT,
  `name` varchar(191) CHARACTER SET utf8mb4 COLLATE utf8mb4_unicode_ci NOT NULL,
  `guard_name` varchar(191) CHARACTER SET utf8mb4 COLLATE utf8mb4_unicode_ci NOT NULL,
  `label` varchar(191) CHARACTER SET utf8mb4 COLLATE utf8mb4_unicode_ci DEFAULT NULL COMMENT 'external naming for non dev person',
  `created_at` timestamp NULL DEFAULT NULL,
  `updated_at` timestamp NULL DEFAULT NULL,
  PRIMARY KEY (`id`)
) ENGINE=InnoDB AUTO_INCREMENT=7 DEFAULT CHARSET=utf8mb4 COLLATE=utf8mb4_unicode_ci;

--
-- Dumping data for table `roles`
--

INSERT INTO `roles` VALUES (1,'super-admin','web','Skale','2021-03-30 15:29:00','2022-07-15 04:20:22'),(2,'login-user','web',NULL,'2021-03-30 15:29:00','2021-03-30 15:29:00'),(3,'external-admin','web',NULL,'2021-03-30 21:57:50','2021-03-30 21:57:50'),(4,'admin','web','Editor','2021-03-30 21:57:50','2022-07-15 04:20:22'),(5,'demo-user','web',NULL,'2022-01-27 03:16:46','2022-01-27 03:16:46'),(6,'agency','web','Admin','2022-06-29 03:11:27','2022-07-15 04:20:22');

--
-- Table structure for table `sessions`
--

CREATE TABLE `sessions` (
  `id` varchar(191) COLLATE utf8mb4_unicode_ci NOT NULL,
  `user_id` bigint unsigned DEFAULT NULL,
  `ip_address` varchar(45) COLLATE utf8mb4_unicode_ci DEFAULT NULL,
  `user_agent` text COLLATE utf8mb4_unicode_ci,
  `payload` longtext COLLATE utf8mb4_unicode_ci NOT NULL,
  `last_activity` int NOT NULL,
  PRIMARY KEY (`id`),
  KEY `sessions_user_id_index` (`user_id`),
  KEY `sessions_last_activity_index` (`last_activity`)
) ENGINE=InnoDB DEFAULT CHARSET=utf8mb4 COLLATE=utf8mb4_unicode_ci;

--
-- Dumping data for table `sessions`
--


--
-- Table structure for table `sms_blast_tables`
--

CREATE TABLE `sms_blast_tables` (
  `id` bigint unsigned NOT NULL AUTO_INCREMENT,
  `created_at` timestamp NULL DEFAULT NULL,
  `updated_at` timestamp NULL DEFAULT NULL,
  PRIMARY KEY (`id`)
) ENGINE=InnoDB DEFAULT CHARSET=utf8mb4 COLLATE=utf8mb4_unicode_ci;

--
-- Dumping data for table `sms_blast_tables`
--


--
-- Table structure for table `sso_tokens`
--

CREATE TABLE `sso_tokens` (
  `token` varchar(191) CHARACTER SET utf8mb4 COLLATE utf8mb4_unicode_ci NOT NULL,
  `user_alias` varchar(191) COLLATE utf8mb4_unicode_ci DEFAULT NULL,
  `user_id` varchar(191) COLLATE utf8mb4_unicode_ci DEFAULT NULL,
  `client_id` varchar(191) CHARACTER SET utf8mb4 COLLATE utf8mb4_unicode_ci DEFAULT NULL,
  `expires` timestamp NOT NULL,
  `created_at` timestamp NULL DEFAULT NULL,
  `updated_at` timestamp NULL DEFAULT NULL,
  PRIMARY KEY (`token`)
) ENGINE=InnoDB DEFAULT CHARSET=utf8mb4 COLLATE=utf8mb4_unicode_ci;

--
-- Dumping data for table `sso_tokens`
--


--
-- Table structure for table `store_details`
--

CREATE TABLE `store_details` (
  `id` bigint unsigned NOT NULL AUTO_INCREMENT,
  `store_id` int unsigned NOT NULL,
  `key` varchar(191) CHARACTER SET utf8mb4 COLLATE utf8mb4_unicode_ci NOT NULL,
  `label` longtext CHARACTER SET utf8mb4 COLLATE utf8mb4_unicode_ci NOT NULL,
  `value` longtext CHARACTER SET utf8mb4 COLLATE utf8mb4_unicode_ci NOT NULL,
  `created_at` timestamp NULL DEFAULT NULL,
  `updated_at` timestamp NULL DEFAULT NULL,
  PRIMARY KEY (`id`),
  KEY `store_details_store_id_``key``(6)_index` (`store_id`,`key`(6))
) ENGINE=InnoDB DEFAULT CHARSET=utf8mb4 COLLATE=utf8mb4_unicode_ci;

--
-- Dumping data for table `store_details`
--


--
-- Table structure for table `store_type_challenge_relations`
--

CREATE TABLE `store_type_challenge_relations` (
  `id` bigint unsigned NOT NULL AUTO_INCREMENT,
  `store_type_id` bigint unsigned NOT NULL,
  `challengable_type` varchar(191) COLLATE utf8mb4_unicode_ci NOT NULL,
  `challengable_id` bigint unsigned NOT NULL,
  `created_at` timestamp NULL DEFAULT NULL,
  `updated_at` timestamp NULL DEFAULT NULL,
  PRIMARY KEY (`id`),
  KEY `challengable_index` (`challengable_type`,`challengable_id`),
  KEY `store_type_challenge_relations_store_type_id_index` (`store_type_id`)
) ENGINE=InnoDB DEFAULT CHARSET=utf8mb4 COLLATE=utf8mb4_unicode_ci;

--
-- Dumping data for table `store_type_challenge_relations`
--


--
-- Table structure for table `store_types`
--

CREATE TABLE `store_types` (
  `id` bigint unsigned NOT NULL AUTO_INCREMENT,
  `business_account_id` bigint unsigned NOT NULL,
  `slug` varchar(191) COLLATE utf8mb4_unicode_ci NOT NULL,
  `name` varchar(191) COLLATE utf8mb4_unicode_ci NOT NULL,
  `description` varchar(191) COLLATE utf8mb4_unicode_ci DEFAULT NULL,
  `deleted_at` timestamp NULL DEFAULT NULL,
  `created_at` timestamp NULL DEFAULT NULL,
  `updated_at` timestamp NULL DEFAULT NULL,
  PRIMARY KEY (`id`),
  KEY `store_types_business_account_id_index` (`business_account_id`)
) ENGINE=InnoDB AUTO_INCREMENT=2 DEFAULT CHARSET=utf8mb4 COLLATE=utf8mb4_unicode_ci;

--
-- Dumping data for table `store_types`
--

INSERT INTO `store_types` VALUES (1,1,'retail','Retail',NULL,NULL,'2026-04-23 06:26:29','2026-04-23 06:26:29');

--
-- Table structure for table `stores`
--

CREATE TABLE `stores` (
  `id` bigint unsigned NOT NULL AUTO_INCREMENT,
  `business_account_id` bigint unsigned NOT NULL,
  `name` varchar(191) CHARACTER SET utf8mb4 COLLATE utf8mb4_unicode_ci NOT NULL,
  `slug` varchar(191) CHARACTER SET utf8mb4 COLLATE utf8mb4_unicode_ci NOT NULL,
  `store_type_id` bigint unsigned NOT NULL,
  `logo` varchar(191) CHARACTER SET utf8mb4 COLLATE utf8mb4_unicode_ci NOT NULL,
  `color` varchar(191) CHARACTER SET utf8mb4 COLLATE utf8mb4_unicode_ci NOT NULL,
  `status` varchar(191) CHARACTER SET utf8mb4 COLLATE utf8mb4_unicode_ci NOT NULL DEFAULT 'active',
  `created_at` timestamp NULL DEFAULT NULL,
  `updated_at` timestamp NULL DEFAULT NULL,
  `product_group_slug` varchar(191) CHARACTER SET utf8mb4 COLLATE utf8mb4_unicode_ci NOT NULL,
  `product_group_id` bigint unsigned DEFAULT NULL,
  PRIMARY KEY (`id`),
  KEY `stores_business_account_id_index` (`business_account_id`),
  KEY `stores_store_type_id_index` (`store_type_id`),
  KEY `stores_product_group_id_index` (`product_group_id`),
  CONSTRAINT `stores_product_group_id_foreign` FOREIGN KEY (`product_group_id`) REFERENCES `product_groups` (`id`) ON DELETE SET NULL
) ENGINE=InnoDB AUTO_INCREMENT=2 DEFAULT CHARSET=utf8mb4 COLLATE=utf8mb4_unicode_ci;

--
-- Dumping data for table `stores`
--

INSERT INTO `stores` VALUES (1,1,'Test Store 1','test-store-1',1,'','','active','2026-04-23 06:26:29','2026-04-23 06:26:29','',NULL);

--
-- Table structure for table `subdomains`
--

CREATE TABLE `subdomains` (
  `id` bigint unsigned NOT NULL AUTO_INCREMENT,
  `business_account_id` bigint unsigned NOT NULL,
  `domain` varchar(50) CHARACTER SET utf8mb4 COLLATE utf8mb4_unicode_ci NOT NULL,
  `subdomain` varchar(50) CHARACTER SET utf8mb4 COLLATE utf8mb4_unicode_ci NOT NULL,
  `created_at` timestamp NULL DEFAULT NULL,
  `updated_at` timestamp NULL DEFAULT NULL,
  PRIMARY KEY (`id`),
  KEY `subdomains_domain_index` (`domain`),
  KEY `subdomains_business_account_id_index` (`business_account_id`)
) ENGINE=InnoDB DEFAULT CHARSET=utf8mb4 COLLATE=utf8mb4_unicode_ci;

--
-- Dumping data for table `subdomains`
--


--
-- Table structure for table `sys_logs`
--

CREATE TABLE `sys_logs` (
  `id` bigint unsigned NOT NULL AUTO_INCREMENT,
  `action` varchar(191) CHARACTER SET utf8mb4 COLLATE utf8mb4_unicode_ci NOT NULL,
  `type` varchar(191) CHARACTER SET utf8mb4 COLLATE utf8mb4_unicode_ci NOT NULL,
  `value` varchar(191) CHARACTER SET utf8mb4 COLLATE utf8mb4_unicode_ci DEFAULT NULL,
  `business_account_id` varchar(191) CHARACTER SET utf8mb4 COLLATE utf8mb4_unicode_ci DEFAULT NULL,
  `user_id` varchar(191) CHARACTER SET utf8mb4 COLLATE utf8mb4_unicode_ci DEFAULT NULL,
  `details` longtext CHARACTER SET utf8mb4 COLLATE utf8mb4_unicode_ci,
  `created_at` timestamp NULL DEFAULT NULL,
  `updated_at` timestamp NULL DEFAULT NULL,
  PRIMARY KEY (`id`)
) ENGINE=InnoDB DEFAULT CHARSET=utf8mb4 COLLATE=utf8mb4_unicode_ci;

--
-- Dumping data for table `sys_logs`
--


--
-- Table structure for table `sys_settings`
--

CREATE TABLE `sys_settings` (
  `id` bigint unsigned NOT NULL AUTO_INCREMENT,
  `business_account_id` bigint unsigned NOT NULL,
  `type` varchar(191) CHARACTER SET utf8mb4 COLLATE utf8mb4_unicode_ci NOT NULL,
  `settings` longtext CHARACTER SET utf8mb4 COLLATE utf8mb4_unicode_ci NOT NULL,
  `created_at` timestamp NULL DEFAULT NULL,
  `updated_at` timestamp NULL DEFAULT NULL,
  PRIMARY KEY (`id`),
  KEY `account_setting_type_index` (`business_account_id`,`type`(20))
) ENGINE=InnoDB AUTO_INCREMENT=12 DEFAULT CHARSET=utf8mb4 COLLATE=utf8mb4_unicode_ci;

--
-- Dumping data for table `sys_settings`
--

INSERT INTO `sys_settings` VALUES (1,1,'referrer_token','{\"qty\":\"15\",\"type\":\"points\",\"additional\":[],\"caches\":[]}','2026-04-07 06:36:24','2026-05-13 05:37:30'),(2,1,'referee_token','{\"qty\":\"15\",\"type\":\"points\",\"additional\":[],\"caches\":[]}','2026-04-07 06:36:24','2026-05-13 05:37:30'),(3,1,'popup:layout','{\"layout\":\"components.main.popup.template\"}','2026-04-07 06:36:24','2026-04-07 06:36:24'),(4,1,'daily_checkin','{\"is_active\":\"1\",\"auto\":\"0\",\"qty\":\"10\",\"type\":\"points\",\"additional\":[],\"caches\":[]}','2026-04-07 06:36:24','2026-05-13 05:37:29'),(5,1,'app:layout','{\"layout\":\"enterprise_default\"}','2026-04-07 06:36:24','2026-04-07 06:36:24'),(6,1,'home:layout','{\"layout\":\"enterprise\",\"showPoint\":true}','2026-04-07 06:36:24','2026-04-07 06:36:24'),(7,1,'group:layout','{\"layout\":\"enterprise_default\"}','2026-04-07 06:36:24','2026-04-07 06:36:24'),(8,1,'login:layout','{\"layout\":\"enterprise.login\"}','2026-04-07 06:36:24','2026-04-07 06:36:24'),(9,1,'register:layout','{\"layout\":\"enterprise.register\"}','2026-04-07 06:36:24','2026-04-07 06:36:24'),(10,1,'basic_chance','{\"daily_limit\":1,\"qty\":\"\",\"type\":\"chance\",\"additional\":[],\"caches\":[]}','2026-04-07 06:36:24','2026-05-13 05:37:29'),(11,1,'homepage_required_login','true','2026-04-07 06:36:24','2026-04-07 06:36:24');

--
-- Table structure for table `tag_receipts`
--

CREATE TABLE `tag_receipts` (
  `id` bigint unsigned NOT NULL AUTO_INCREMENT,
  `receipt_id` bigint unsigned DEFAULT NULL,
  `tag_id` bigint unsigned DEFAULT NULL,
  `created_by` bigint unsigned DEFAULT NULL,
  `created_at` timestamp NULL DEFAULT NULL,
  `updated_at` timestamp NULL DEFAULT NULL,
  PRIMARY KEY (`id`),
  KEY `tag_receipts_tag_id_foreign` (`tag_id`),
  KEY `tag_receipts_created_by_foreign` (`created_by`),
  KEY `tag_receipts_receipt_id_index` (`receipt_id`),
  CONSTRAINT `tag_receipts_created_by_foreign` FOREIGN KEY (`created_by`) REFERENCES `users` (`id`) ON DELETE SET NULL,
  CONSTRAINT `tag_receipts_receipt_id_foreign` FOREIGN KEY (`receipt_id`) REFERENCES `receipt_entries` (`id`) ON DELETE SET NULL,
  CONSTRAINT `tag_receipts_tag_id_foreign` FOREIGN KEY (`tag_id`) REFERENCES `tags` (`id`) ON DELETE SET NULL
) ENGINE=InnoDB DEFAULT CHARSET=utf8mb4 COLLATE=utf8mb4_unicode_ci;

--
-- Dumping data for table `tag_receipts`
--


--
-- Table structure for table `tag_users`
--

CREATE TABLE `tag_users` (
  `id` bigint unsigned NOT NULL AUTO_INCREMENT,
  `user_id` bigint unsigned DEFAULT NULL,
  `tag_id` bigint unsigned DEFAULT NULL,
  `created_by` bigint unsigned DEFAULT NULL,
  `created_at` timestamp NULL DEFAULT NULL,
  `updated_at` timestamp NULL DEFAULT NULL,
  PRIMARY KEY (`id`),
  KEY `tag_users_tag_id_foreign` (`tag_id`),
  KEY `tag_users_created_by_foreign` (`created_by`),
  KEY `tag_users_user_id_index` (`user_id`),
  CONSTRAINT `tag_users_created_by_foreign` FOREIGN KEY (`created_by`) REFERENCES `users` (`id`) ON DELETE SET NULL,
  CONSTRAINT `tag_users_tag_id_foreign` FOREIGN KEY (`tag_id`) REFERENCES `tags` (`id`) ON DELETE SET NULL,
  CONSTRAINT `tag_users_user_id_foreign` FOREIGN KEY (`user_id`) REFERENCES `users` (`id`) ON DELETE SET NULL
) ENGINE=InnoDB DEFAULT CHARSET=utf8mb4 COLLATE=utf8mb4_unicode_ci;

--
-- Dumping data for table `tag_users`
--


--
-- Table structure for table `tags`
--

CREATE TABLE `tags` (
  `id` bigint unsigned NOT NULL AUTO_INCREMENT,
  `business_account_id` bigint unsigned DEFAULT NULL,
  `type` varchar(191) COLLATE utf8mb4_unicode_ci NOT NULL,
  `name` varchar(191) COLLATE utf8mb4_unicode_ci NOT NULL,
  `description` text COLLATE utf8mb4_unicode_ci,
  `created_by` bigint unsigned DEFAULT NULL,
  `deleted_at` timestamp NULL DEFAULT NULL,
  `created_at` timestamp NULL DEFAULT NULL,
  `updated_at` timestamp NULL DEFAULT NULL,
  PRIMARY KEY (`id`),
  KEY `tags_created_by_foreign` (`created_by`),
  KEY `tags_business_account_id_index` (`business_account_id`),
  CONSTRAINT `tags_business_account_id_foreign` FOREIGN KEY (`business_account_id`) REFERENCES `business_accounts` (`id`) ON DELETE SET NULL,
  CONSTRAINT `tags_created_by_foreign` FOREIGN KEY (`created_by`) REFERENCES `users` (`id`) ON DELETE SET NULL
) ENGINE=InnoDB DEFAULT CHARSET=utf8mb4 COLLATE=utf8mb4_unicode_ci;

--
-- Dumping data for table `tags`
--


--
-- Table structure for table `tracking_events`
--

CREATE TABLE `tracking_events` (
  `id` bigint unsigned NOT NULL AUTO_INCREMENT,
  `business_account_id` bigint unsigned NOT NULL,
  `name` varchar(191) CHARACTER SET utf8mb4 COLLATE utf8mb4_unicode_ci NOT NULL,
  `platform` varchar(191) CHARACTER SET utf8mb4 COLLATE utf8mb4_unicode_ci NOT NULL,
  `event_name` varchar(191) CHARACTER SET utf8mb4 COLLATE utf8mb4_unicode_ci NOT NULL,
  `parameters` longtext CHARACTER SET utf8mb4 COLLATE utf8mb4_unicode_ci NOT NULL,
  `created_at` timestamp NULL DEFAULT NULL,
  `updated_at` timestamp NULL DEFAULT NULL,
  PRIMARY KEY (`id`),
  KEY `tracking_events_business_account_id_index` (`business_account_id`)
) ENGINE=InnoDB DEFAULT CHARSET=utf8mb4 COLLATE=utf8mb4_unicode_ci;

--
-- Dumping data for table `tracking_events`
--


--
-- Table structure for table `transaction_items`
--

CREATE TABLE `transaction_items` (
  `id` bigint unsigned NOT NULL AUTO_INCREMENT,
  `transaction_id` varchar(191) CHARACTER SET utf8mb4 COLLATE utf8mb4_unicode_ci NOT NULL,
  `serial_id` varchar(191) CHARACTER SET utf8mb4 COLLATE utf8mb4_unicode_ci NOT NULL,
  `avg_transaction_amount` double NOT NULL DEFAULT '0',
  `deleted_at` timestamp NULL DEFAULT NULL,
  `created_at` timestamp NULL DEFAULT NULL,
  `updated_at` timestamp NULL DEFAULT NULL,
  PRIMARY KEY (`id`),
  KEY `transaction_items_``transaction_id``(6)_index` (`transaction_id`(6)),
  KEY `transaction_items_``serial_id``(6)_index` (`serial_id`(6))
) ENGINE=InnoDB DEFAULT CHARSET=utf8mb4 COLLATE=utf8mb4_unicode_ci;

--
-- Dumping data for table `transaction_items`
--


--
-- Table structure for table `transactions`
--

CREATE TABLE `transactions` (
  `id` bigint unsigned NOT NULL AUTO_INCREMENT,
  `user_id` varchar(191) CHARACTER SET utf8mb4 COLLATE utf8mb4_unicode_ci NOT NULL,
  `transaction_id` varchar(191) CHARACTER SET utf8mb4 COLLATE utf8mb4_unicode_ci NOT NULL,
  `transaction_amount` varchar(191) CHARACTER SET utf8mb4 COLLATE utf8mb4_unicode_ci NOT NULL,
  `business_asset_id` varchar(191) CHARACTER SET utf8mb4 COLLATE utf8mb4_unicode_ci NOT NULL,
  `transaction_code` varchar(191) CHARACTER SET utf8mb4 COLLATE utf8mb4_unicode_ci DEFAULT NULL,
  `transaction_at` timestamp NULL DEFAULT NULL,
  `deleted_at` timestamp NULL DEFAULT NULL,
  `created_at` timestamp NULL DEFAULT NULL,
  `updated_at` timestamp NULL DEFAULT NULL,
  PRIMARY KEY (`id`),
  KEY `transactions_``transaction_id``(6)_index` (`transaction_id`(6))
) ENGINE=InnoDB DEFAULT CHARSET=utf8mb4 COLLATE=utf8mb4_unicode_ci;

--
-- Dumping data for table `transactions`
--


--
-- Table structure for table `user_active_sessions`
--

CREATE TABLE `user_active_sessions` (
  `id` bigint unsigned NOT NULL AUTO_INCREMENT,
  `user_id` bigint unsigned DEFAULT NULL,
  `business_account_id` bigint unsigned NOT NULL,
  `ip_address` varchar(15) CHARACTER SET utf8mb4 COLLATE utf8mb4_unicode_ci DEFAULT NULL,
  `csrf_token` varchar(191) CHARACTER SET utf8mb4 COLLATE utf8mb4_unicode_ci DEFAULT NULL,
  `session_date` date NOT NULL,
  `session_seconds` int unsigned NOT NULL,
  `session_minutes` varchar(191) CHARACTER SET utf8mb4 COLLATE utf8mb4_unicode_ci NOT NULL,
  `url_path` varchar(191) CHARACTER SET utf8mb4 COLLATE utf8mb4_unicode_ci DEFAULT NULL,
  `created_at` timestamp NULL DEFAULT NULL,
  `updated_at` timestamp NULL DEFAULT NULL,
  PRIMARY KEY (`id`),
  KEY `anonymous_user_index` (`business_account_id`,`session_date`,`ip_address`),
  KEY `user_active_sessions_user_id_session_date_index` (`user_id`,`session_date`)
) ENGINE=InnoDB DEFAULT CHARSET=utf8mb4 COLLATE=utf8mb4_unicode_ci;

--
-- Dumping data for table `user_active_sessions`
--


--
-- Table structure for table `user_addresses`
--

CREATE TABLE `user_addresses` (
  `id` bigint unsigned NOT NULL AUTO_INCREMENT,
  `address_type` varchar(191) CHARACTER SET utf8mb4 COLLATE utf8mb4_unicode_ci NOT NULL DEFAULT 'delivery_address',
  `user_id` bigint unsigned NOT NULL,
  `address_line_1` varchar(191) CHARACTER SET utf8mb4 COLLATE utf8mb4_unicode_ci NOT NULL,
  `address_line_2` varchar(191) CHARACTER SET utf8mb4 COLLATE utf8mb4_unicode_ci NOT NULL,
  `city` varchar(191) COLLATE utf8mb4_unicode_ci DEFAULT NULL,
  `type` varchar(191) COLLATE utf8mb4_unicode_ci DEFAULT NULL,
  `postcode` varchar(191) CHARACTER SET utf8mb4 COLLATE utf8mb4_unicode_ci NOT NULL,
  `state` varchar(191) CHARACTER SET utf8mb4 COLLATE utf8mb4_unicode_ci NOT NULL,
  `country` varchar(191) CHARACTER SET utf8mb4 COLLATE utf8mb4_unicode_ci NOT NULL,
  `name` text COLLATE utf8mb4_unicode_ci,
  `email` text COLLATE utf8mb4_unicode_ci,
  `mobile` text COLLATE utf8mb4_unicode_ci,
  `status` varchar(191) CHARACTER SET utf8mb4 COLLATE utf8mb4_unicode_ci NOT NULL DEFAULT 'default',
  `created_at` timestamp NULL DEFAULT NULL,
  `updated_at` timestamp NULL DEFAULT NULL,
  PRIMARY KEY (`id`),
  KEY `user_addresses_user_id_address_type_index` (`user_id`,`address_type`)
) ENGINE=InnoDB AUTO_INCREMENT=2 DEFAULT CHARSET=utf8mb4 COLLATE=utf8mb4_unicode_ci;

--
-- Dumping data for table `user_addresses`
--

INSERT INTO `user_addresses` VALUES (1,'delivery_address',5,'City of Santa Rosa, Laguna, Philippines','',NULL,NULL,'','','',NULL,NULL,NULL,'default','2026-04-13 09:44:57','2026-04-13 09:44:57');

--
-- Table structure for table `user_business_asset_relations`
--

CREATE TABLE `user_business_asset_relations` (
  `id` bigint unsigned NOT NULL AUTO_INCREMENT,
  `business_asset_id` varchar(191) CHARACTER SET utf8mb4 COLLATE utf8mb4_unicode_ci NOT NULL,
  `user_id` varchar(191) CHARACTER SET utf8mb4 COLLATE utf8mb4_unicode_ci NOT NULL,
  `created_at` timestamp NULL DEFAULT NULL,
  `updated_at` timestamp NULL DEFAULT NULL,
  PRIMARY KEY (`id`)
) ENGINE=InnoDB DEFAULT CHARSET=utf8mb4 COLLATE=utf8mb4_unicode_ci;

--
-- Dumping data for table `user_business_asset_relations`
--


--
-- Table structure for table `user_daily_challenge_reward_summaries`
--

CREATE TABLE `user_daily_challenge_reward_summaries` (
  `user_daily_challenge_id` bigint unsigned NOT NULL,
  `chance_issued` int unsigned DEFAULT NULL,
  `chance_balance` int unsigned DEFAULT NULL,
  `latest_chance_approval_at` timestamp NULL DEFAULT NULL,
  `latest_chance_expired_at` timestamp NULL DEFAULT NULL,
  `latest_chance_update_at` timestamp NULL DEFAULT NULL,
  `point_issued` decimal(8,2) DEFAULT NULL,
  `latest_point_approval_at` timestamp NULL DEFAULT NULL,
  `latest_point_updated_at` timestamp NULL DEFAULT NULL,
  `created_at` timestamp NULL DEFAULT NULL,
  `updated_at` timestamp NULL DEFAULT NULL,
  PRIMARY KEY (`user_daily_challenge_id`)
) ENGINE=InnoDB DEFAULT CHARSET=utf8mb4 COLLATE=utf8mb4_unicode_ci;

--
-- Dumping data for table `user_daily_challenge_reward_summaries`
--

INSERT INTO `user_daily_challenge_reward_summaries` VALUES (34,1,1,'2026-05-12 03:43:46','2026-05-13 03:43:45','2026-05-12 03:43:46',NULL,NULL,NULL,'2026-05-12 03:43:46','2026-05-12 03:43:46'),(35,1,1,'2026-05-12 04:06:28','2026-05-13 04:06:27','2026-05-12 04:06:28',NULL,NULL,NULL,'2026-05-12 04:06:28','2026-05-12 04:06:28'),(36,1,1,'2026-05-12 04:23:05','2026-05-13 04:23:04','2026-05-12 04:23:05',NULL,NULL,NULL,'2026-05-12 04:23:05','2026-05-12 04:23:05'),(37,1,1,'2026-05-12 05:15:53','2026-05-13 05:15:52','2026-05-12 05:15:53',NULL,NULL,NULL,'2026-05-12 05:15:53','2026-05-12 05:15:53'),(38,1,1,'2026-05-12 05:31:46','2026-05-13 05:31:45','2026-05-12 05:31:46',NULL,NULL,NULL,'2026-05-12 05:31:46','2026-05-12 05:31:46'),(39,1,1,'2026-05-12 05:47:24','2026-05-13 05:47:23','2026-05-12 05:47:25',NULL,NULL,NULL,'2026-05-12 05:47:25','2026-05-12 05:47:25'),(40,1,1,'2026-05-12 05:50:13','2026-05-13 05:50:12','2026-05-12 05:50:13',NULL,NULL,NULL,'2026-05-12 05:50:13','2026-05-12 05:50:13'),(41,1,1,'2026-05-12 08:23:17','2026-05-13 08:23:16','2026-05-12 08:23:17',NULL,NULL,NULL,'2026-05-12 08:23:17','2026-05-12 08:23:17'),(46,1,1,'2026-05-12 08:29:55','2026-05-13 08:29:54','2026-05-12 08:29:55',NULL,NULL,NULL,'2026-05-12 08:29:55','2026-05-12 08:29:55'),(48,1,1,'2026-05-13 05:54:44','2026-05-14 05:54:43','2026-05-13 05:54:44',NULL,NULL,NULL,'2026-05-13 05:54:44','2026-05-13 05:54:44'),(50,1,1,'2026-05-13 09:09:23','2026-05-14 09:09:22','2026-05-13 09:09:23',NULL,NULL,NULL,'2026-05-13 09:09:23','2026-05-13 09:09:23');

--
-- Table structure for table `user_daily_challenges`
--

CREATE TABLE `user_daily_challenges` (
  `id` bigint unsigned NOT NULL AUTO_INCREMENT,
  `user_id` int unsigned NOT NULL,
  `daily_challenge_id` int unsigned NOT NULL,
  `pivot_challenge_id` bigint unsigned DEFAULT NULL,
  `issue_date` date NOT NULL,
  `issue_time` varchar(8) CHARACTER SET utf8mb4 COLLATE utf8mb4_unicode_ci NOT NULL,
  `completed_at` datetime DEFAULT NULL,
  `earn_details` text CHARACTER SET utf8mb4 COLLATE utf8mb4_unicode_ci,
  `challengeable_type` varchar(191) COLLATE utf8mb4_unicode_ci DEFAULT NULL,
  `challengeable_id` bigint unsigned DEFAULT NULL,
  `card_id` varchar(191) COLLATE utf8mb4_unicode_ci DEFAULT NULL,
  `dstw_entry_status_id` bigint unsigned DEFAULT NULL,
  `deleted_at` timestamp NULL DEFAULT NULL,
  `created_at` timestamp NULL DEFAULT NULL,
  `updated_at` timestamp NULL DEFAULT NULL,
  PRIMARY KEY (`id`),
  KEY `user_daily_challenges_user_id_index` (`user_id`),
  KEY `user_daily_challenges_daily_challenge_id_index` (`daily_challenge_id`),
  KEY `user_daily_challenges_dstw_entry_status_id_index` (`dstw_entry_status_id`),
  KEY `challengeable_index` (`challengeable_type`,`challengeable_id`),
  KEY `user_daily_challenges_pivot_challenge_id_index` (`pivot_challenge_id`)
) ENGINE=InnoDB AUTO_INCREMENT=51 DEFAULT CHARSET=utf8mb4 COLLATE=utf8mb4_unicode_ci;

--
-- Dumping data for table `user_daily_challenges`
--

INSERT INTO `user_daily_challenges` VALUES (1,5,1,NULL,'2026-04-13','08:37:00','2026-04-13 08:37:00',NULL,NULL,NULL,NULL,NULL,NULL,'2026-04-13 09:10:24','2026-04-13 09:10:24'),(2,8,1,NULL,'2026-04-16','00:11:40','2026-04-16 00:11:40',NULL,NULL,NULL,NULL,NULL,NULL,'2026-04-16 00:11:54','2026-04-16 00:11:54'),(3,8,1,NULL,'2026-04-16','00:12:03','2026-04-16 00:12:03',NULL,NULL,NULL,NULL,NULL,NULL,'2026-04-16 00:12:14','2026-04-16 00:12:14'),(4,8,1,NULL,'2026-04-16','00:12:14','2026-04-16 00:12:32',NULL,NULL,NULL,NULL,NULL,NULL,'2026-04-16 00:12:50','2026-04-16 00:12:50'),(5,9,1,NULL,'2026-04-16','03:17:10','2026-04-16 03:17:10',NULL,NULL,NULL,NULL,NULL,NULL,'2026-04-16 03:17:25','2026-04-16 03:17:25'),(6,9,1,NULL,'2026-04-16','03:17:31','2026-04-16 03:17:58',NULL,NULL,NULL,NULL,NULL,NULL,'2026-04-16 03:18:10','2026-04-16 03:18:10'),(7,8,1,NULL,'2026-04-30','02:15:12','2026-04-30 02:15:12',NULL,NULL,NULL,NULL,NULL,NULL,'2026-04-30 02:15:24','2026-04-30 02:15:24'),(8,8,1,NULL,'2026-04-30','02:17:32','2026-04-30 02:17:32',NULL,NULL,NULL,NULL,NULL,NULL,'2026-04-30 02:17:39','2026-04-30 02:17:39'),(9,8,1,NULL,'2026-04-30','02:17:39','2026-04-30 02:17:58',NULL,NULL,NULL,NULL,NULL,NULL,'2026-04-30 02:18:07','2026-04-30 02:18:07'),(10,10,1,NULL,'2026-05-07','10:26:45','2026-05-07 10:26:45',NULL,NULL,NULL,NULL,NULL,NULL,'2026-05-07 10:26:55','2026-05-07 10:26:55'),(11,10,1,NULL,'2026-05-07','10:27:03','2026-05-07 10:27:03',NULL,NULL,NULL,NULL,NULL,NULL,'2026-05-07 10:27:17','2026-05-07 10:27:17'),(12,10,1,NULL,'2026-05-07','10:27:18','2026-05-07 10:27:43',NULL,NULL,NULL,NULL,NULL,NULL,'2026-05-07 10:27:52','2026-05-07 10:27:52'),(13,11,1,NULL,'2026-05-08','09:06:43','2026-05-08 09:06:43',NULL,NULL,NULL,NULL,NULL,NULL,'2026-05-08 09:07:09','2026-05-08 09:07:09'),(14,11,1,NULL,'2026-05-08','09:08:26','2026-05-08 09:08:26',NULL,NULL,NULL,NULL,NULL,NULL,'2026-05-08 09:08:37','2026-05-08 09:08:37'),(15,8,1,NULL,'2026-05-11','02:58:38','2026-05-11 02:58:38',NULL,NULL,NULL,NULL,NULL,NULL,'2026-05-11 02:58:46','2026-05-11 02:58:46'),(16,8,1,NULL,'2026-05-11','02:58:54','2026-05-11 02:58:54',NULL,NULL,NULL,NULL,NULL,NULL,'2026-05-11 02:59:05','2026-05-11 02:59:05'),(17,8,1,NULL,'2026-05-11','02:59:04','2026-05-11 02:59:19',NULL,NULL,NULL,NULL,NULL,NULL,'2026-05-11 02:59:29','2026-05-11 02:59:29'),(18,8,1,NULL,'2026-05-11','03:59:32','2026-05-11 03:59:32',NULL,NULL,NULL,NULL,NULL,NULL,'2026-05-11 03:59:41','2026-05-11 03:59:41'),(19,8,1,NULL,'2026-05-11','03:59:52','2026-05-11 03:59:52',NULL,NULL,NULL,NULL,NULL,NULL,'2026-05-11 04:00:01','2026-05-11 04:00:01'),(20,8,1,NULL,'2026-05-11','04:00:01','2026-05-11 04:00:22',NULL,NULL,NULL,NULL,NULL,NULL,'2026-05-11 04:00:44','2026-05-11 04:00:44'),(21,12,1,NULL,'2026-05-12','00:49:47','2026-05-12 00:49:47',NULL,NULL,NULL,NULL,NULL,NULL,'2026-05-12 00:49:59','2026-05-12 00:49:59'),(22,12,1,NULL,'2026-05-12','00:50:10','2026-05-12 00:50:10',NULL,NULL,NULL,NULL,NULL,NULL,'2026-05-12 00:50:25','2026-05-12 00:50:25'),(23,12,1,NULL,'2026-05-12','00:50:23','2026-05-12 00:52:54',NULL,NULL,NULL,NULL,NULL,NULL,'2026-05-12 00:53:34','2026-05-12 00:53:34'),(24,8,1,NULL,'2026-05-12','02:39:06','2026-05-12 02:39:06',NULL,NULL,NULL,NULL,NULL,NULL,'2026-05-12 02:39:13','2026-05-12 02:39:13'),(25,8,1,NULL,'2026-05-12','02:39:24','2026-05-12 02:39:24',NULL,NULL,NULL,NULL,NULL,NULL,'2026-05-12 02:39:34','2026-05-12 02:39:34'),(26,8,1,NULL,'2026-05-12','02:39:35','2026-05-12 02:39:49',NULL,NULL,NULL,NULL,NULL,NULL,'2026-05-12 02:39:59','2026-05-12 02:39:59'),(27,8,1,NULL,'2026-05-12','02:43:20','2026-05-12 02:43:20',NULL,NULL,NULL,NULL,NULL,NULL,'2026-05-12 02:43:28','2026-05-12 02:43:28'),(28,8,1,NULL,'2026-05-12','02:43:35','2026-05-12 02:43:35',NULL,NULL,NULL,NULL,NULL,NULL,'2026-05-12 02:43:43','2026-05-12 02:43:43'),(29,8,1,NULL,'2026-05-12','02:43:42','2026-05-12 02:43:58',NULL,NULL,NULL,NULL,NULL,NULL,'2026-05-12 02:44:14','2026-05-12 02:44:14'),(30,8,1,NULL,'2026-05-12','03:07:24','2026-05-12 03:07:24',NULL,NULL,NULL,NULL,NULL,NULL,'2026-05-12 03:20:48','2026-05-12 03:20:48'),(31,8,1,NULL,'2026-05-12','03:39:47','2026-05-12 03:39:47',NULL,NULL,NULL,NULL,NULL,NULL,'2026-05-12 03:40:30','2026-05-12 03:40:30'),(32,8,1,NULL,'2026-05-12','03:40:39','2026-05-12 03:40:39',NULL,NULL,NULL,NULL,NULL,NULL,'2026-05-12 03:40:46','2026-05-12 03:40:46'),(33,8,1,NULL,'2026-05-12','03:40:45','2026-05-12 03:41:03',NULL,NULL,NULL,NULL,NULL,NULL,'2026-05-12 03:41:37','2026-05-12 03:41:37'),(34,8,6,NULL,'2026-05-12','11:42:06','2026-05-12 11:42:09','{\"reward\":{\"chance\":1,\"raw_unit\":1,\"raw_type\":\"chance\",\"status\":\"pending\",\"rewards\":[{\"chance\":1,\"raw_unit\":1,\"raw_type\":\"chance\",\"status\":\"pending\"}]},\"auto_approval\":false}',NULL,NULL,NULL,NULL,NULL,'2026-05-12 03:42:06','2026-05-12 03:42:09'),(35,8,6,NULL,'2026-05-12','11:44:36','2026-05-12 11:44:37','{\"reward\":{\"chance\":1,\"raw_unit\":1,\"raw_type\":\"chance\",\"status\":\"pending\",\"rewards\":[{\"chance\":1,\"raw_unit\":1,\"raw_type\":\"chance\",\"status\":\"pending\"}]},\"auto_approval\":false}',NULL,NULL,NULL,NULL,NULL,'2026-05-12 03:44:36','2026-05-12 03:44:37'),(36,8,6,NULL,'2026-05-12','12:10:00','2026-05-12 12:10:01','{\"reward\":{\"chance\":1,\"raw_unit\":1,\"raw_type\":\"chance\",\"status\":\"pending\",\"rewards\":[{\"chance\":1,\"raw_unit\":1,\"raw_type\":\"chance\",\"status\":\"pending\"}]},\"auto_approval\":false}',NULL,NULL,NULL,NULL,NULL,'2026-05-12 04:10:00','2026-05-12 04:10:01'),(37,8,6,NULL,'2026-05-12','12:10:05','2026-05-12 12:10:18','{\"reward\":{\"chance\":1,\"raw_unit\":1,\"raw_type\":\"chance\",\"status\":\"pending\",\"rewards\":[{\"chance\":1,\"raw_unit\":1,\"raw_type\":\"chance\",\"status\":\"pending\"}]},\"auto_approval\":false}',NULL,NULL,NULL,NULL,NULL,'2026-05-12 04:10:05','2026-05-12 04:10:18'),(38,8,6,NULL,'2026-05-12','13:22:31','2026-05-12 13:22:32','{\"reward\":{\"chance\":1,\"raw_unit\":1,\"raw_type\":\"chance\",\"status\":\"pending\",\"rewards\":[{\"chance\":1,\"raw_unit\":1,\"raw_type\":\"chance\",\"status\":\"pending\"}]},\"auto_approval\":false}',NULL,NULL,NULL,NULL,NULL,'2026-05-12 05:22:31','2026-05-12 05:22:32'),(39,8,6,NULL,'2026-05-12','13:22:33','2026-05-12 13:46:48','{\"reward\":{\"chance\":1,\"raw_unit\":1,\"raw_type\":\"chance\",\"status\":\"pending\",\"rewards\":[{\"chance\":1,\"raw_unit\":1,\"raw_type\":\"chance\",\"status\":\"pending\"}]},\"auto_approval\":false}',NULL,NULL,NULL,NULL,NULL,'2026-05-12 05:22:33','2026-05-12 05:46:48'),(40,8,6,NULL,'2026-05-12','13:46:49','2026-05-12 13:49:58','{\"reward\":{\"chance\":1,\"raw_unit\":1,\"raw_type\":\"chance\",\"status\":\"pending\",\"rewards\":[{\"chance\":1,\"raw_unit\":1,\"raw_type\":\"chance\",\"status\":\"pending\"}]},\"auto_approval\":false}',NULL,NULL,NULL,NULL,NULL,'2026-05-12 05:46:49','2026-05-12 05:49:58'),(41,8,6,NULL,'2026-05-12','13:49:58','2026-05-12 16:23:02','{\"reward\":{\"chance\":1,\"raw_unit\":1,\"raw_type\":\"chance\",\"status\":\"pending\",\"rewards\":[{\"chance\":1,\"raw_unit\":1,\"raw_type\":\"chance\",\"status\":\"pending\"}]},\"auto_approval\":false}',NULL,NULL,NULL,NULL,NULL,'2026-05-12 05:49:58','2026-05-12 08:23:02'),(42,8,1,NULL,'2026-05-12','08:20:52','2026-05-12 08:20:52',NULL,NULL,NULL,NULL,NULL,NULL,'2026-05-12 08:21:05','2026-05-12 08:21:05'),(43,8,1,NULL,'2026-05-12','08:21:14','2026-05-12 08:21:14',NULL,NULL,NULL,NULL,NULL,NULL,'2026-05-12 08:21:33','2026-05-12 08:21:33'),(44,8,1,NULL,'2026-05-12','08:21:33','2026-05-12 08:22:11',NULL,NULL,NULL,NULL,NULL,NULL,'2026-05-12 08:22:25','2026-05-12 08:22:25'),(45,8,6,NULL,'2026-05-12','16:23:03',NULL,NULL,NULL,NULL,NULL,NULL,NULL,'2026-05-12 08:23:03','2026-05-12 08:23:03'),(46,11,6,NULL,'2026-05-12','16:26:53','2026-05-12 16:26:54','{\"reward\":{\"chance\":1,\"raw_unit\":1,\"raw_type\":\"chance\",\"status\":\"pending\",\"rewards\":[{\"chance\":1,\"raw_unit\":1,\"raw_type\":\"chance\",\"status\":\"pending\"}]},\"auto_approval\":false}',NULL,NULL,NULL,NULL,NULL,'2026-05-12 08:26:53','2026-05-12 08:26:54'),(47,11,6,NULL,'2026-05-12','16:26:55',NULL,NULL,NULL,NULL,NULL,NULL,NULL,'2026-05-12 08:26:55','2026-05-12 08:26:55'),(48,11,6,NULL,'2026-05-13','12:25:40','2026-05-13 12:25:41','{\"reward\":{\"chance\":1,\"raw_unit\":1,\"raw_type\":\"chance\",\"status\":\"pending\",\"rewards\":[{\"chance\":1,\"raw_unit\":1,\"raw_type\":\"chance\",\"status\":\"pending\"}]},\"auto_approval\":false}',NULL,NULL,NULL,NULL,NULL,'2026-05-13 04:25:40','2026-05-13 04:25:41'),(49,11,6,NULL,'2026-05-13','12:25:42',NULL,NULL,NULL,NULL,NULL,NULL,NULL,'2026-05-13 04:25:42','2026-05-13 04:25:42'),(50,8,6,NULL,'2026-05-13','17:08:37','2026-05-13 17:08:39','{\"reward\":{\"chance\":1,\"raw_unit\":1,\"raw_type\":\"chance\",\"status\":\"pending\",\"rewards\":[{\"chance\":1,\"raw_unit\":1,\"raw_type\":\"chance\",\"status\":\"pending\"}]},\"auto_approval\":false}',NULL,NULL,NULL,NULL,NULL,'2026-05-13 09:08:37','2026-05-13 09:08:39');

--
-- Table structure for table `user_daily_core_ars`
--

CREATE TABLE `user_daily_core_ars` (
  `id` bigint unsigned NOT NULL AUTO_INCREMENT,
  `user_id` int unsigned NOT NULL,
  `daily_core_ar_id` int unsigned NOT NULL,
  `issue_date` date NOT NULL,
  `issue_time` varchar(8) CHARACTER SET utf8mb4 COLLATE utf8mb4_unicode_ci NOT NULL,
  `completed_at` datetime DEFAULT NULL,
  `earn_details` text CHARACTER SET utf8mb4 COLLATE utf8mb4_unicode_ci NOT NULL,
  `created_at` timestamp NULL DEFAULT NULL,
  `updated_at` timestamp NULL DEFAULT NULL,
  PRIMARY KEY (`id`),
  KEY `user_daily_core_ars_user_id_issue_date_index` (`user_id`,`issue_date`),
  KEY `user_daily_core_ars_daily_core_ar_id_index` (`daily_core_ar_id`)
) ENGINE=InnoDB DEFAULT CHARSET=utf8mb4 COLLATE=utf8mb4_unicode_ci;

--
-- Dumping data for table `user_daily_core_ars`
--


--
-- Table structure for table `user_details`
--

CREATE TABLE `user_details` (
  `id` bigint unsigned NOT NULL AUTO_INCREMENT,
  `user_id` int unsigned NOT NULL,
  `key` varchar(191) CHARACTER SET utf8mb4 COLLATE utf8mb4_unicode_ci NOT NULL,
  `value` longtext CHARACTER SET utf8mb4 COLLATE utf8mb4_unicode_ci NOT NULL,
  `created_at` timestamp NULL DEFAULT NULL,
  `updated_at` timestamp NULL DEFAULT NULL,
  PRIMARY KEY (`id`),
  KEY `user_details_``key``(6)_``value``(3)_index` (`key`(6),`value`(3)),
  KEY `user_details_user_id_``key``(6)_index` (`user_id`,`key`(6))
) ENGINE=InnoDB AUTO_INCREMENT=78 DEFAULT CHARSET=utf8mb4 COLLATE=utf8mb4_unicode_ci;

--
-- Dumping data for table `user_details`
--

INSERT INTO `user_details` VALUES (5,1,'name_word_ids','1','2022-11-09 03:05:34','2022-11-09 03:05:34'),(6,1,'name_word_ids','2','2022-11-09 03:05:34','2022-11-09 03:05:34'),(7,1,'email_word_ids','3','2022-11-09 03:05:34','2022-11-09 03:05:34'),(8,1,'email_word_ids','4','2022-11-09 03:05:34','2022-11-09 03:05:34'),(9,1,'app_user_uid','R09C9NSQ1170','2022-11-09 03:05:34','2022-11-09 03:05:34'),(10,2,'name_word_ids','5','2026-04-07 06:38:12','2026-04-07 06:38:12'),(11,2,'email_word_ids','6','2026-04-07 06:38:12','2026-04-07 06:38:12'),(12,2,'email_word_ids','7','2026-04-07 06:38:12','2026-04-07 06:38:12'),(13,2,'app_user_uid','Q07PTTAI04','2026-04-07 06:38:12','2026-04-07 06:38:12'),(18,4,'name_word_ids','8','2026-04-07 07:13:46','2026-04-07 07:13:46'),(19,4,'email_word_ids','9','2026-04-07 07:13:46','2026-04-07 07:13:46'),(20,4,'email_word_ids','10','2026-04-07 07:13:46','2026-04-07 07:13:46'),(21,4,'app_user_uid','P07BNPQG04','2026-04-07 07:13:46','2026-04-07 07:13:46'),(22,4,'onboarded_source','','2026-04-07 07:13:46','2026-04-07 07:13:46'),(23,4,'app_user_guid','a17c2704-7e56-47ff-b168-6c3fb34ba254','2026-04-07 07:13:46','2026-04-07 07:13:46'),(24,5,'name_word_ids','11','2026-04-07 07:14:17','2026-04-07 07:14:17'),(25,5,'name_word_ids','12','2026-04-07 07:14:17','2026-04-07 07:14:17'),(26,5,'email_word_ids','10','2026-04-07 07:14:17','2026-04-07 07:14:17'),(27,5,'email_word_ids','13','2026-04-07 07:14:17','2026-04-07 07:14:17'),(28,5,'app_user_uid','I07X60FF04','2026-04-07 07:14:17','2026-04-07 07:14:17'),(29,5,'onboarded_source','','2026-04-07 07:14:17','2026-04-07 07:14:17'),(30,5,'app_user_guid','a17c2734-5694-4ac1-835d-64648e1e6fbb','2026-04-07 07:14:17','2026-04-07 07:14:17'),(31,6,'app_user_uid','116EFUUX04','2026-04-15 23:53:22','2026-04-15 23:53:22'),(32,6,'onboarded_source','','2026-04-15 23:53:22','2026-04-15 23:53:22'),(33,6,'app_user_guid','a18da460-4b33-4231-bd98-b60ed537971c','2026-04-15 23:53:22','2026-04-15 23:53:22'),(34,7,'app_user_uid','Q16569SO04','2026-04-15 23:53:23','2026-04-15 23:53:23'),(35,7,'onboarded_source','','2026-04-15 23:53:23','2026-04-15 23:53:23'),(36,7,'app_user_guid','a18da461-9c20-426c-87ec-ade8048cb3c9','2026-04-15 23:53:23','2026-04-15 23:53:23'),(37,8,'app_user_uid','T16ZM2JP04','2026-04-16 00:11:27','2026-04-16 00:11:27'),(38,8,'onboarded_source','','2026-04-16 00:11:27','2026-04-16 00:11:27'),(39,8,'app_user_guid','a18daad7-93c8-4edf-9f9e-be1078642c05','2026-04-16 00:11:27','2026-04-16 00:11:27'),(43,9,'app_user_uid','716VPYQU04','2026-04-16 03:16:43','2026-04-16 03:16:43'),(44,9,'onboarded_source','','2026-04-16 03:16:43','2026-04-16 03:16:43'),(45,9,'app_user_guid','a18ded19-1793-41ad-ba67-bede3e5d126f','2026-04-16 03:16:43','2026-04-16 03:16:43'),(46,9,'name_word_ids','17','2026-04-16 03:16:49','2026-04-16 03:16:49'),(47,9,'email_word_ids','7','2026-04-16 03:17:10','2026-04-16 03:17:10'),(48,9,'email_word_ids','18','2026-04-16 03:17:10','2026-04-16 03:17:10'),(50,10,'app_user_uid','F07Q5L6705','2026-05-07 10:26:19','2026-05-07 10:26:19'),(51,10,'onboarded_source','','2026-05-07 10:26:19','2026-05-07 10:26:19'),(52,10,'app_user_guid','a1b8c567-f6bd-476f-aefb-53432c034151','2026-05-07 10:26:19','2026-05-07 10:26:19'),(53,10,'name_word_ids','19','2026-05-07 10:26:31','2026-05-07 10:26:31'),(54,10,'email_word_ids','20','2026-05-07 10:26:45','2026-05-07 10:26:45'),(55,10,'email_word_ids','21','2026-05-07 10:26:45','2026-05-07 10:26:45'),(56,11,'app_user_uid','T08IZIDG05','2026-05-08 09:05:58','2026-05-08 09:05:58'),(57,11,'onboarded_source','','2026-05-08 09:05:58','2026-05-08 09:05:58'),(58,11,'app_user_guid','a1baaba6-dd1d-4b24-abe0-8d5f5ed1b3ed','2026-05-08 09:05:58','2026-05-08 09:05:58'),(59,11,'name_word_ids','22','2026-05-08 09:06:18','2026-05-08 09:06:18'),(60,11,'name_word_ids','23','2026-05-08 09:06:18','2026-05-08 09:06:18'),(61,11,'name_word_ids','24','2026-05-08 09:06:18','2026-05-08 09:06:18'),(62,11,'email_word_ids','7','2026-05-08 09:06:43','2026-05-08 09:06:43'),(63,11,'email_word_ids','25','2026-05-08 09:06:43','2026-05-08 09:06:43'),(64,12,'app_user_uid','D12LZRYX05','2026-05-12 00:47:09','2026-05-12 00:47:09'),(65,12,'onboarded_source','','2026-05-12 00:47:09','2026-05-12 00:47:09'),(66,12,'app_user_guid','a1c20532-c9b8-46bf-8837-04bc2c7eb4a6','2026-05-12 00:47:09','2026-05-12 00:47:09'),(67,12,'name_word_ids','22','2026-05-12 00:47:51','2026-05-12 00:47:51'),(68,12,'name_word_ids','23','2026-05-12 00:47:51','2026-05-12 00:47:51'),(69,12,'name_word_ids','24','2026-05-12 00:47:51','2026-05-12 00:47:51'),(70,12,'email_word_ids','25','2026-05-12 00:49:46','2026-05-12 00:49:46'),(71,12,'email_word_ids','26','2026-05-12 00:49:46','2026-05-12 00:49:46'),(75,8,'name_word_ids','14','2026-05-12 03:39:38','2026-05-12 03:39:38'),(76,8,'email_word_ids','7','2026-05-12 08:20:52','2026-05-12 08:20:52'),(77,8,'email_word_ids','27','2026-05-12 08:20:52','2026-05-12 08:20:52');

--
-- Table structure for table `user_device_agents`
--

CREATE TABLE `user_device_agents` (
  `id` bigint unsigned NOT NULL AUTO_INCREMENT,
  `name` varchar(300) CHARACTER SET utf8mb4 COLLATE utf8mb4_unicode_ci NOT NULL,
  PRIMARY KEY (`id`),
  UNIQUE KEY `user_device_agents_name_unique` (`name`)
) ENGINE=InnoDB DEFAULT CHARSET=utf8mb4 COLLATE=utf8mb4_unicode_ci;

--
-- Dumping data for table `user_device_agents`
--


--
-- Table structure for table `user_device_infos`
--

CREATE TABLE `user_device_infos` (
  `id` bigint unsigned NOT NULL AUTO_INCREMENT,
  `user_id` bigint unsigned NOT NULL,
  `device_identifier` varchar(191) COLLATE utf8mb4_unicode_ci NOT NULL,
  `created_at` timestamp NULL DEFAULT NULL,
  `updated_at` timestamp NULL DEFAULT NULL,
  PRIMARY KEY (`id`),
  KEY `device_identifier_index` (`device_identifier`(5)),
  KEY `user_device_infos_user_id_index` (`user_id`)
) ENGINE=InnoDB DEFAULT CHARSET=utf8mb4 COLLATE=utf8mb4_unicode_ci;

--
-- Dumping data for table `user_device_infos`
--


--
-- Table structure for table `user_event_tag_stats`
--

CREATE TABLE `user_event_tag_stats` (
  `id` bigint unsigned NOT NULL AUTO_INCREMENT,
  `user_id` bigint unsigned NOT NULL,
  `model_type` varchar(191) CHARACTER SET utf8mb4 COLLATE utf8mb4_unicode_ci NOT NULL,
  `model_id` bigint unsigned NOT NULL,
  `total` bigint unsigned NOT NULL,
  `created_at` timestamp NULL DEFAULT NULL,
  `updated_at` timestamp NULL DEFAULT NULL,
  PRIMARY KEY (`id`),
  UNIQUE KEY `main_unique_index` (`user_id`,`model_type`,`model_id`)
) ENGINE=InnoDB AUTO_INCREMENT=39 DEFAULT CHARSET=utf8mb4 COLLATE=utf8mb4_unicode_ci;

--
-- Dumping data for table `user_event_tag_stats`
--

INSERT INTO `user_event_tag_stats` VALUES (1,2,'App\\Models\\EventTag\\EventTagTypes',3,1,'2026-04-07 06:38:12','2026-04-07 06:38:12'),(2,2,'App\\Models\\EventTag\\EventTagCategories',1,11,'2026-04-07 06:38:12','2026-05-13 06:32:42'),(3,2,'App\\Models\\EventTag\\EventTagTypes',1,10,'2026-04-07 06:52:34','2026-05-13 06:32:42'),(4,3,'App\\Models\\EventTag\\EventTagTypes',3,1,'2026-04-07 07:02:48','2026-04-07 07:02:48'),(5,3,'App\\Models\\EventTag\\EventTagCategories',1,1,'2026-04-07 07:02:48','2026-04-07 07:02:48'),(6,4,'App\\Models\\EventTag\\EventTagTypes',3,1,'2026-04-07 07:13:46','2026-04-07 07:13:46'),(7,4,'App\\Models\\EventTag\\EventTagCategories',1,2,'2026-04-07 07:13:46','2026-04-07 07:13:53'),(8,4,'App\\Models\\EventTag\\EventTagTypes',1,1,'2026-04-07 07:13:53','2026-04-07 07:13:53'),(9,5,'App\\Models\\EventTag\\EventTagTypes',3,1,'2026-04-07 07:14:17','2026-04-07 07:14:17'),(10,5,'App\\Models\\EventTag\\EventTagCategories',1,5,'2026-04-07 07:14:17','2026-04-16 06:47:58'),(11,5,'App\\Models\\EventTag\\EventTagTypes',1,4,'2026-04-07 07:14:30','2026-04-16 06:47:58'),(12,6,'App\\Models\\EventTag\\EventTagTypes',3,1,'2026-04-15 23:53:22','2026-04-15 23:53:22'),(13,6,'App\\Models\\EventTag\\EventTagCategories',1,1,'2026-04-15 23:53:22','2026-04-15 23:53:22'),(14,7,'App\\Models\\EventTag\\EventTagTypes',3,1,'2026-04-15 23:53:23','2026-04-15 23:53:23'),(15,7,'App\\Models\\EventTag\\EventTagCategories',1,1,'2026-04-15 23:53:23','2026-04-15 23:53:23'),(16,8,'App\\Models\\EventTag\\EventTagTypes',3,1,'2026-04-16 00:11:27','2026-04-16 00:11:27'),(17,8,'App\\Models\\EventTag\\EventTagCategories',1,1,'2026-04-16 00:11:27','2026-04-16 00:11:27'),(18,9,'App\\Models\\EventTag\\EventTagTypes',3,1,'2026-04-16 03:16:42','2026-04-16 03:16:42'),(19,9,'App\\Models\\EventTag\\EventTagCategories',1,6,'2026-04-16 03:16:42','2026-04-30 02:51:52'),(20,9,'App\\Models\\EventTag\\EventTagTypes',1,5,'2026-04-16 04:02:39','2026-04-30 02:51:52'),(21,2,'App\\Models\\EventTag\\EventTagTypes',7,1,'2026-04-24 05:49:01','2026-04-24 05:49:01'),(22,2,'App\\Models\\EventTag\\EventTagCategories',3,1,'2026-04-24 05:49:01','2026-04-24 05:49:01'),(23,2,'App\\Models\\EventTag\\EventTagTypes',9,1,'2026-04-24 05:54:04','2026-04-24 05:54:04'),(24,2,'App\\Models\\EventTag\\EventTagCategories',4,1,'2026-04-24 05:54:04','2026-04-24 05:54:04'),(25,1,'App\\Models\\EventTag\\EventTagTypes',1,4,'2026-04-30 02:54:44','2026-05-13 05:36:14'),(26,1,'App\\Models\\EventTag\\EventTagCategories',1,4,'2026-04-30 02:54:44','2026-05-13 05:36:14'),(27,10,'App\\Models\\EventTag\\EventTagTypes',3,1,'2026-05-07 10:26:19','2026-05-07 10:26:19'),(28,10,'App\\Models\\EventTag\\EventTagCategories',1,1,'2026-05-07 10:26:19','2026-05-07 10:26:19'),(29,11,'App\\Models\\EventTag\\EventTagTypes',3,1,'2026-05-08 09:05:58','2026-05-08 09:05:58'),(30,11,'App\\Models\\EventTag\\EventTagCategories',1,1,'2026-05-08 09:05:58','2026-05-08 09:05:58'),(31,12,'App\\Models\\EventTag\\EventTagTypes',3,1,'2026-05-12 00:47:09','2026-05-12 00:47:09'),(32,12,'App\\Models\\EventTag\\EventTagCategories',1,1,'2026-05-12 00:47:09','2026-05-12 00:47:09'),(33,8,'App\\Models\\EventTag\\EventTagTypes',8,9,'2026-05-12 03:42:09','2026-05-13 09:08:39'),(34,8,'App\\Models\\EventTag\\EventTagCategories',4,18,'2026-05-12 03:42:09','2026-05-13 09:09:25'),(35,8,'App\\Models\\EventTag\\EventTagTypes',13,9,'2026-05-12 03:43:46','2026-05-13 09:09:25'),(36,11,'App\\Models\\EventTag\\EventTagTypes',8,2,'2026-05-12 08:26:54','2026-05-13 04:25:41'),(37,11,'App\\Models\\EventTag\\EventTagCategories',4,4,'2026-05-12 08:26:54','2026-05-13 05:54:44'),(38,11,'App\\Models\\EventTag\\EventTagTypes',13,2,'2026-05-12 08:29:55','2026-05-13 05:54:44');

--
-- Table structure for table `user_event_tags`
--

CREATE TABLE `user_event_tags` (
  `id` bigint unsigned NOT NULL AUTO_INCREMENT,
  `module` varchar(50) CHARACTER SET utf8mb4 COLLATE utf8mb4_unicode_ci DEFAULT NULL,
  `event_tag_type_id` bigint unsigned NOT NULL,
  `user_id` bigint unsigned DEFAULT NULL,
  `business_account_id` bigint unsigned NOT NULL,
  `ip_address` varchar(15) CHARACTER SET utf8mb4 COLLATE utf8mb4_unicode_ci DEFAULT NULL,
  `csrf_token` varchar(191) CHARACTER SET utf8mb4 COLLATE utf8mb4_unicode_ci DEFAULT NULL,
  `model_type` varchar(255) CHARACTER SET utf8mb4 COLLATE utf8mb4_unicode_ci DEFAULT NULL,
  `model_id` bigint unsigned DEFAULT NULL,
  `info_details` text CHARACTER SET utf8mb4 COLLATE utf8mb4_unicode_ci,
  `created_at` timestamp NULL DEFAULT NULL,
  `updated_at` timestamp NULL DEFAULT NULL,
  PRIMARY KEY (`id`),
  KEY `user_event_tags_event_tag_type_id_index` (`event_tag_type_id`),
  KEY `user_event_tags_user_id_index` (`user_id`),
  KEY `user_event_tags_business_account_id_ip_address_index` (`business_account_id`,`ip_address`),
  KEY `user_event_tags_model_type_model_id_index` (`model_type`,`model_id`)
) ENGINE=InnoDB AUTO_INCREMENT=383 DEFAULT CHARSET=utf8mb4 COLLATE=utf8mb4_unicode_ci;

--
-- Dumping data for table `user_event_tags`
--

INSERT INTO `user_event_tags` VALUES (1,NULL,3,2,1,'127.0.0.1',NULL,NULL,NULL,NULL,'2026-04-07 06:38:12','2026-04-07 06:38:12'),(2,NULL,1,NULL,1,'185.177.72.50','AN2WKy4AZVIoepyALUFqbq6WzWhxf0HWbq00rPbE',NULL,NULL,NULL,'2026-04-07 06:42:02','2026-04-07 06:42:02'),(3,NULL,1,NULL,1,'185.177.72.50','NRArUQ44l742xhX2N4K0lmWwOWa20UpvpgUnmpXA',NULL,NULL,NULL,'2026-04-07 06:42:04','2026-04-07 06:42:04'),(4,NULL,1,NULL,1,'185.177.72.50','6d6ObmKmMWoiQdBzpbQ3LblAeugDSuVQRtfFh2vV',NULL,NULL,NULL,'2026-04-07 06:42:05','2026-04-07 06:42:05'),(5,NULL,1,NULL,1,'185.177.72.50','VZ6nlB6JE4ytZqNBGhc3SZncfeVzy8LDAc56zwVr',NULL,NULL,NULL,'2026-04-07 06:42:05','2026-04-07 06:42:05'),(6,NULL,1,NULL,1,'185.177.72.50','eBYqzTvlwmGYha8fb8aaQrEBHVZ8Ufl17gYyOTos',NULL,NULL,NULL,'2026-04-07 06:42:06','2026-04-07 06:42:06'),(7,NULL,1,NULL,1,'185.177.72.50','U0Syvbyb38QJZpWMOV3rqVCrnRxf8m3GhrGMJz9R',NULL,NULL,NULL,'2026-04-07 06:42:06','2026-04-07 06:42:06'),(8,NULL,1,NULL,1,'185.177.72.50','E9c6QV2Khrbk6eWOWBAnrQEcmNG9U4cIHpyntw8S',NULL,NULL,NULL,'2026-04-07 06:42:10','2026-04-07 06:42:10'),(9,NULL,1,NULL,1,'185.177.72.50','LlBYV1ODdjVx4tvaFb332UtHNdtFL2HWcG0UOH8W',NULL,NULL,NULL,'2026-04-07 06:42:10','2026-04-07 06:42:10'),(10,NULL,1,NULL,1,'185.177.72.50','Hej2wrUGPUiv4Uh5ytoRGrgEMkOAabjkMBNUuNco',NULL,NULL,NULL,'2026-04-07 06:42:11','2026-04-07 06:42:11'),(11,NULL,1,NULL,1,'185.177.72.50','Ty3DHi0fQub8EHZ4icvM3tt7uVyejwHjL4CqTNwI',NULL,NULL,NULL,'2026-04-07 06:42:11','2026-04-07 06:42:11'),(12,NULL,1,NULL,1,'185.177.72.50','2dEk2XJQdCZqyxZrPb8jtslR9UAsIVw3F2KRCUfX',NULL,NULL,NULL,'2026-04-07 06:42:11','2026-04-07 06:42:11'),(13,NULL,1,NULL,1,'185.177.72.50','dGsVnJwdC6vF5EUxvPHuCFhycCBhpDATiP1928aV',NULL,NULL,NULL,'2026-04-07 06:42:11','2026-04-07 06:42:11'),(14,NULL,1,NULL,1,'185.177.72.50','sUbeMxIcuMYjNfu4zCAN0laHEVThTcJhGzeDLgko',NULL,NULL,NULL,'2026-04-07 06:42:11','2026-04-07 06:42:11'),(15,NULL,1,NULL,1,'96.41.38.202','9MUi3x14BWAGuAHWHleL6Ee6SzggWqzZpqs9EMah',NULL,NULL,NULL,'2026-04-07 06:42:18','2026-04-07 06:42:18'),(16,NULL,1,NULL,1,'103.4.251.28','vjCz35al4N1tahtrmkYq2Q2YsWhIkpoDujznGZUk',NULL,NULL,NULL,'2026-04-07 06:42:56','2026-04-07 06:42:56'),(17,NULL,1,NULL,1,'103.4.251.28','Heu3tPFBzXfp3QWJE5jrO4Tp6yJvHBTkP0hl7osv',NULL,NULL,NULL,'2026-04-07 06:43:06','2026-04-07 06:43:06'),(18,NULL,1,NULL,1,'96.41.38.202','GPpKQXHmNEayFxbvWA5ybN4t00bpTfKfltOy7xZz',NULL,NULL,NULL,'2026-04-07 06:43:24','2026-04-07 06:43:24'),(19,NULL,1,NULL,1,'96.41.38.202','DgK2n2nePZDtjxVoNHsmIvnLACEGHRBmQLUQAhbZ',NULL,NULL,NULL,'2026-04-07 06:44:26','2026-04-07 06:44:26'),(20,NULL,1,NULL,1,'185.177.72.50','B3zW8PHyueMvfAxSZCUrGmh6VIMCBkFAmPGvog2c',NULL,NULL,NULL,'2026-04-07 06:44:42','2026-04-07 06:44:42'),(21,NULL,1,NULL,1,'185.177.72.50','hJXkWi9hx9qpTS617sEPMyRI4sO7OaQIN49sWkjL',NULL,NULL,NULL,'2026-04-07 06:44:42','2026-04-07 06:44:42'),(22,NULL,1,NULL,1,'185.177.72.50','K4TjvrT7S9jvO7Cy0OQBCqAsepZFKlrvnUkhHNhg',NULL,NULL,NULL,'2026-04-07 06:44:43','2026-04-07 06:44:43'),(23,NULL,1,NULL,1,'185.177.72.50','zD0SkFYfBkH9oymHfGjuktsHhQ2ciAXXWaAZfR2S',NULL,NULL,NULL,'2026-04-07 06:44:43','2026-04-07 06:44:43'),(24,NULL,1,NULL,1,'185.177.72.50','OlpWBP6253OnZneWibqBr2KOA9o8O5IharupgIea',NULL,NULL,NULL,'2026-04-07 06:44:43','2026-04-07 06:44:43'),(25,NULL,1,NULL,1,'185.177.72.50','sR5bJQUyQN7rnYT9bGRolW2Wa2lUMYD5bxehu4D3',NULL,NULL,NULL,'2026-04-07 06:44:43','2026-04-07 06:44:43'),(26,NULL,1,NULL,1,'185.177.72.50','XL4efLm1t4HyyrpnpGmhHJjD5kzMKJb0mSstapp1',NULL,NULL,NULL,'2026-04-07 06:44:43','2026-04-07 06:44:43'),(27,NULL,1,NULL,1,'185.177.72.50','2INHzi4C0AKFHmKrcijvwvpVJD7JZVSg4LiGEEMt',NULL,NULL,NULL,'2026-04-07 06:44:44','2026-04-07 06:44:44'),(28,NULL,1,NULL,1,'185.177.72.50','nZwqha37hBPdhqItyGIjoUBcFAqQl7I6zsih8y08',NULL,NULL,NULL,'2026-04-07 06:44:44','2026-04-07 06:44:44'),(29,NULL,1,NULL,1,'185.177.72.50','6rYVPF8e5CDNkbNzTL5iMg9eKFA81j8dWnLGEEP1',NULL,NULL,NULL,'2026-04-07 06:44:44','2026-04-07 06:44:44'),(30,NULL,1,NULL,1,'185.177.72.50','IjjO495BHdShU1MGl6F75BWd31aXqxfnBx4ZeFXN',NULL,NULL,NULL,'2026-04-07 06:44:45','2026-04-07 06:44:45'),(31,NULL,1,NULL,1,'185.177.72.50','QSLk4Q8wbMI4qrMmeOPCIgxdsGoyis9z1UJssCMM',NULL,NULL,NULL,'2026-04-07 06:44:45','2026-04-07 06:44:45'),(32,NULL,1,NULL,1,'185.177.72.50','HzDGLKGsBEO736zrL9j4RcQxQhoO0dcf5y4AN8DV',NULL,NULL,NULL,'2026-04-07 06:44:45','2026-04-07 06:44:45'),(33,NULL,1,NULL,1,'185.177.72.50','zngtXHtDW42tFaMWEpJV5jv1FgJyVS146Rsxo70j',NULL,NULL,NULL,'2026-04-07 06:44:46','2026-04-07 06:44:46'),(34,NULL,1,NULL,1,'185.177.72.50','Zb876ZgY02hHE3YWEtRdX1q6dGHp9UreuZyEyq5u',NULL,NULL,NULL,'2026-04-07 06:44:46','2026-04-07 06:44:46'),(35,NULL,1,NULL,1,'185.177.72.50','7lwqUkxCwhGLVwlqINmVVsw7lzyx7TabtnTMAvpd',NULL,NULL,NULL,'2026-04-07 06:44:46','2026-04-07 06:44:46'),(36,NULL,1,NULL,1,'185.177.72.50','AXCeF0Bd4klKsQ6n8MW5t8Ut6fmhXaRho5tWlc09',NULL,NULL,NULL,'2026-04-07 06:44:46','2026-04-07 06:44:46'),(37,NULL,1,NULL,1,'185.177.72.50','9WbukwS70as1MjeTIfgrp2LQfCyTPgxMRlYbBjcH',NULL,NULL,NULL,'2026-04-07 06:44:47','2026-04-07 06:44:47'),(38,NULL,1,NULL,1,'185.177.72.50','J42D3c7CvCARWkzlppA8WAS5e8bkP9ERyy23s9ce',NULL,NULL,NULL,'2026-04-07 06:44:48','2026-04-07 06:44:48'),(39,NULL,1,NULL,1,'185.177.72.50','LPckFM0rjn6EAAfCx8L5LGXl1IbqnYbG2MKKnU9T',NULL,NULL,NULL,'2026-04-07 06:44:50','2026-04-07 06:44:50'),(40,NULL,1,NULL,1,'185.177.72.50','SIpFoRvzWFXaPiGiAMxkRpCSzM5EX0CjojX4SOdW',NULL,NULL,NULL,'2026-04-07 06:44:51','2026-04-07 06:44:51'),(41,NULL,1,NULL,1,'185.177.72.50','RmBe2suVKn4cD4iPNN3pNrqPXRqtOQVwYVpGgUZn',NULL,NULL,NULL,'2026-04-07 06:44:51','2026-04-07 06:44:51'),(42,NULL,1,NULL,1,'185.177.72.50','1PvlD9uXsKfAqDE2uX2T4EtNEmKQUTeBztfZHvuE',NULL,NULL,NULL,'2026-04-07 06:44:51','2026-04-07 06:44:51'),(43,NULL,1,NULL,1,'185.177.72.50','PGlJO5O0QMaL0TVyrpWCWoIdz0vqPEr9ouc88NPU',NULL,NULL,NULL,'2026-04-07 06:44:52','2026-04-07 06:44:52'),(44,NULL,1,NULL,1,'185.177.72.50','4MQ9AXrPxpehLkoZtPbOy6ITG9UwOddaw8K05JuK',NULL,NULL,NULL,'2026-04-07 06:44:52','2026-04-07 06:44:52'),(45,NULL,1,NULL,1,'185.177.72.50','HsSLkNCaUSEUBqA01dPTrALaLPlOyldjtDWY0Yvw',NULL,NULL,NULL,'2026-04-07 06:44:52','2026-04-07 06:44:52'),(46,NULL,1,NULL,1,'185.177.72.50','iJBejCzDrr9N4MsN1xhjJnOw6IDuhUVLkKf17qAZ',NULL,NULL,NULL,'2026-04-07 06:44:52','2026-04-07 06:44:52'),(47,NULL,1,NULL,1,'185.177.72.50','3cuKdsWMXCg71IBarXucXZYBiSxPXoMfY5jU5R3W',NULL,NULL,NULL,'2026-04-07 06:44:52','2026-04-07 06:44:52'),(48,NULL,1,NULL,1,'185.177.72.50','upuGssdzRn812auUAtcgJQPOLPZeefRH84RBqs9s',NULL,NULL,NULL,'2026-04-07 06:44:53','2026-04-07 06:44:53'),(49,NULL,1,NULL,1,'185.177.72.50','edq2RvgumEWtjuaiMWChDGd7pbgut65KY5xDFr7u',NULL,NULL,NULL,'2026-04-07 06:44:53','2026-04-07 06:44:53'),(50,NULL,1,NULL,1,'185.177.72.50','OPNQGeKWjvqAoLkihpn67DftyYVEnxDnPE407Rq9',NULL,NULL,NULL,'2026-04-07 06:44:53','2026-04-07 06:44:53'),(51,NULL,1,NULL,1,'185.177.72.50','eQB2eV9wbl1t4BB0xsR184IfPnf7ZwHplgf33s7r',NULL,NULL,NULL,'2026-04-07 06:44:53','2026-04-07 06:44:53'),(52,NULL,1,NULL,1,'185.177.72.50','svuxuklhxL7ukoCCIyYfMajhI2qL77PJJTFZFEHQ',NULL,NULL,NULL,'2026-04-07 06:44:54','2026-04-07 06:44:54'),(53,NULL,1,NULL,1,'185.177.72.50','EIF3MMVjDZyI7tBQLaqOk3BgHOJbmvZYpRA0RLrg',NULL,NULL,NULL,'2026-04-07 06:44:54','2026-04-07 06:44:54'),(54,NULL,1,NULL,1,'185.177.72.50','XSilt6uuF5YNSGWLAIqDWy5yrpqGiIx6V7QyMxgp',NULL,NULL,NULL,'2026-04-07 06:44:55','2026-04-07 06:44:55'),(55,NULL,1,NULL,1,'185.177.72.50','fInKlvGtiP7tTCrtScBZTZ5b6mCr4DyKBk1ePjkH',NULL,NULL,NULL,'2026-04-07 06:44:55','2026-04-07 06:44:55'),(56,NULL,1,NULL,1,'185.177.72.50','4L6oA94KNtxvoXmqOgYCt2SMDF5rwyj7PVsfjy7g',NULL,NULL,NULL,'2026-04-07 06:44:57','2026-04-07 06:44:57'),(57,NULL,1,NULL,1,'185.177.72.50','c90za61GohNaE0aJ8DpqVHKxYClt8EAg7o68l4Tv',NULL,NULL,NULL,'2026-04-07 06:44:57','2026-04-07 06:44:57'),(58,NULL,1,NULL,1,'185.177.72.50','8S2L0U2ufJdWlsMuGcwckMJ56I96UtZWXMDmN2zT',NULL,NULL,NULL,'2026-04-07 06:44:58','2026-04-07 06:44:58'),(59,NULL,1,NULL,1,'185.177.72.50','3KRYOdgZkUesIdCWO8Kl5HSpuqZnPZzBbhkSdzGu',NULL,NULL,NULL,'2026-04-07 06:44:59','2026-04-07 06:44:59'),(60,NULL,1,NULL,1,'185.177.72.50','klVPkeRvcKGmt9c6ijfYlp1FLANL8F9Vqk6tbiG4',NULL,NULL,NULL,'2026-04-07 06:44:59','2026-04-07 06:44:59'),(61,NULL,1,NULL,1,'185.177.72.50','JwVgfFe28YTmUPyTxARBt0gkiuWNlQNpmBB0pZG2',NULL,NULL,NULL,'2026-04-07 06:44:59','2026-04-07 06:44:59'),(62,NULL,1,NULL,1,'185.177.72.50','WcMx5ncq0Na1MIO45gp7PELB2ow7YxKHPYdyWoWS',NULL,NULL,NULL,'2026-04-07 06:45:00','2026-04-07 06:45:00'),(63,NULL,1,NULL,1,'185.177.72.50','zMNjUFqX9sDGd7D0Hdbe4uH27fNFFcLEtoY106ml',NULL,NULL,NULL,'2026-04-07 06:45:00','2026-04-07 06:45:00'),(64,NULL,1,NULL,1,'185.177.72.50','sv3dugc1sj2JdY4q5QFnj9KLTVl5vM4ZDpRI0Enn',NULL,NULL,NULL,'2026-04-07 06:45:01','2026-04-07 06:45:01'),(65,NULL,1,NULL,1,'185.177.72.50','ZXwGBWJiSyQRcSQBsGcoRu3FGjHEyBZBnglD4a3D',NULL,NULL,NULL,'2026-04-07 06:45:04','2026-04-07 06:45:04'),(66,NULL,1,NULL,1,'185.177.72.50','eanFOGUwJhDA98mdH5lxVZkVFlBJ2RlQAjeLJZup',NULL,NULL,NULL,'2026-04-07 06:45:04','2026-04-07 06:45:04'),(67,NULL,1,NULL,1,'185.177.72.50','aWxyCBVBeKWQKIRDCrEPpFbpLcxihYb5h4NEt1hV',NULL,NULL,NULL,'2026-04-07 06:45:05','2026-04-07 06:45:05'),(68,NULL,1,NULL,1,'185.177.72.50','wUYxmQAoTjDIWKVsVT1ICsiJcVhfRNi6y1E4EqTE',NULL,NULL,NULL,'2026-04-07 06:45:05','2026-04-07 06:45:05'),(69,NULL,1,NULL,1,'185.177.72.50','bOPsFqWJlNKQfJjrbcAoas3IRbeBow03Tya5n5KQ',NULL,NULL,NULL,'2026-04-07 06:45:09','2026-04-07 06:45:09'),(70,NULL,1,NULL,1,'185.177.72.50','lEfmkRP2ML4n3K5EuDGD9KiBj4cB3yfGsQO3QvB7',NULL,NULL,NULL,'2026-04-07 06:45:10','2026-04-07 06:45:10'),(71,NULL,1,NULL,1,'185.177.72.50','GutdHWj5vPOiCJ3GtQ0I2crTf356qYE2BCKRcmJY',NULL,NULL,NULL,'2026-04-07 06:45:10','2026-04-07 06:45:10'),(72,NULL,1,NULL,1,'185.177.72.50','L8GeNJMIbuEX9wrmO2A0DlW9MOScLZbP7LI84vEV',NULL,NULL,NULL,'2026-04-07 06:45:11','2026-04-07 06:45:11'),(73,NULL,1,NULL,1,'185.177.72.50','dRrH3lvYMYQTa59iv6xXm8Oc1aTt4nqx1aFS5ZYd',NULL,NULL,NULL,'2026-04-07 06:45:12','2026-04-07 06:45:12'),(74,NULL,1,NULL,1,'185.177.72.50','MJez86WY65BETTtwVqO33W3Uhp4KHCWCDx9MFUYC',NULL,NULL,NULL,'2026-04-07 06:45:12','2026-04-07 06:45:12'),(75,NULL,1,NULL,1,'185.177.72.50','Rx3niG1pTApwVKlNgeumAQxe2S8FcQv9yTFVBejR',NULL,NULL,NULL,'2026-04-07 06:45:13','2026-04-07 06:45:13'),(76,NULL,1,NULL,1,'185.177.72.50','uKbD2gxPSVFB0sV5PUNCAqcBlYtQ0FEwXoXjjuFf',NULL,NULL,NULL,'2026-04-07 06:45:13','2026-04-07 06:45:13'),(77,NULL,1,NULL,1,'185.177.72.50','yDhN01z4ZVFCBUbz3DlEbIWTbPLwiOhY9iFDWV2n',NULL,NULL,NULL,'2026-04-07 06:45:14','2026-04-07 06:45:14'),(78,NULL,1,NULL,1,'185.177.72.50','WPnM1ApYXjkCohz8XLW2xJ1dNtptZkdAbi7WQAgW',NULL,NULL,NULL,'2026-04-07 06:45:15','2026-04-07 06:45:15'),(79,NULL,1,NULL,1,'185.177.72.50','UTZiOf9iq9i0FzDqmWrE9S2qArY68EukOODCYGRD',NULL,NULL,NULL,'2026-04-07 06:45:16','2026-04-07 06:45:16'),(80,NULL,1,NULL,1,'185.177.72.50','lsGPdcRrZ4LeTBMTkrDRmKklJDrRNooovzWpqvii',NULL,NULL,NULL,'2026-04-07 06:45:16','2026-04-07 06:45:16'),(81,NULL,1,NULL,1,'185.177.72.50','v9cVVCF4RNEdyR22wXBlX8saq0gUDKDp6LDWV7C2',NULL,NULL,NULL,'2026-04-07 06:45:16','2026-04-07 06:45:16'),(82,NULL,1,NULL,1,'185.177.72.50','3wotFt9APpmZw3mVXHrTyqSB1MKj0wuhcQ8siXfE',NULL,NULL,NULL,'2026-04-07 06:45:16','2026-04-07 06:45:16'),(83,NULL,1,NULL,1,'185.177.72.50','2sgHGnBRzlU0TsS1hJvaEGNYhMzfti98hCPozQBE',NULL,NULL,NULL,'2026-04-07 06:45:17','2026-04-07 06:45:17'),(84,NULL,1,NULL,1,'185.177.72.50','qtMasPPtOM4r9p2rU9mdSGWF54x2JHqNGPo95uJ6',NULL,NULL,NULL,'2026-04-07 06:45:18','2026-04-07 06:45:18'),(85,NULL,1,NULL,1,'185.177.72.50','rxPGo3XL8tv05xYLpCOvY1vC5u7KKZwQiNIhnSrl',NULL,NULL,NULL,'2026-04-07 06:45:20','2026-04-07 06:45:20'),(86,NULL,1,NULL,1,'185.177.72.50','Dyq5EodUcSmK2yEH9vfKIq6NLG80052KQxrsjSFn',NULL,NULL,NULL,'2026-04-07 06:45:22','2026-04-07 06:45:22'),(87,NULL,1,NULL,1,'185.177.72.50','1zCPYOtoxpKwJ0oQBtBGZeDiPlmJmCbKRIx1754s',NULL,NULL,NULL,'2026-04-07 06:45:23','2026-04-07 06:45:23'),(88,NULL,1,NULL,1,'185.177.72.50','QBqaAsk3XlY86ihzDfHETBcddrddUaoEP9iRQBxu',NULL,NULL,NULL,'2026-04-07 06:45:23','2026-04-07 06:45:23'),(89,NULL,1,NULL,1,'185.177.72.50','kH6mLDQYdoBmIPSm9TQySttYm3HbakYpkUrXLQKh',NULL,NULL,NULL,'2026-04-07 06:45:25','2026-04-07 06:45:25'),(90,NULL,1,NULL,1,'185.177.72.50','YU6c2eAAXL0mS5MUfHXB6Uq7Ag3uTjPNRhXkgFqT',NULL,NULL,NULL,'2026-04-07 06:45:25','2026-04-07 06:45:25'),(91,NULL,1,NULL,1,'185.177.72.50','kyQeF1fdX8BvupbehGtrrrta4qhen2cc8K5vFxII',NULL,NULL,NULL,'2026-04-07 06:45:25','2026-04-07 06:45:25'),(92,NULL,1,NULL,1,'2a05:9403::5f9','9uiFIuBHud2nzCtTd1H19zmugtRrNB8G46nm10Xh',NULL,NULL,NULL,'2026-04-07 06:46:20','2026-04-07 06:46:20'),(93,NULL,1,NULL,1,'2a05:9403::5f9','2ThK7wSimSngrQEDWkwWy5VkqpL7ICKxhADuqrSV',NULL,NULL,NULL,'2026-04-07 06:46:21','2026-04-07 06:46:21'),(94,NULL,1,NULL,1,'97.209.211.198','2A7wXYjFoX99Ra1UlYIrERQKajZTY0uUuooH6ydM',NULL,NULL,NULL,'2026-04-07 06:46:24','2026-04-07 06:46:24'),(95,NULL,1,NULL,1,'108.28.151.210','BnfyTUrUa00aZFDZ9FHI8dHTRVAuQrHXpDmWPHo3',NULL,NULL,NULL,'2026-04-07 06:46:29','2026-04-07 06:46:29'),(96,NULL,1,NULL,1,'173.215.87.32','IDSUuXJd7s9xW5p5MgnCWES363Pq8dDVOc4dw5C0',NULL,NULL,NULL,'2026-04-07 06:46:31','2026-04-07 06:46:31'),(97,NULL,1,NULL,1,'146.70.117.91','tlXOyGC5ajDQcuHON58pO3aaSt6U1WEqKxy91JKO',NULL,NULL,NULL,'2026-04-07 06:48:08','2026-04-07 06:48:08'),(98,NULL,1,NULL,1,'146.70.117.91','VDrGVCtFQtiOpQBWSoneXvA9PtoKSCcg4gJ8JeKs',NULL,NULL,NULL,'2026-04-07 06:48:22','2026-04-07 06:48:22'),(99,NULL,1,NULL,1,'146.70.117.91','pfi0rVnENNh6twpZKYX27RjRvlDU4sEBKFbtNhXw',NULL,NULL,NULL,'2026-04-07 06:48:27','2026-04-07 06:48:27'),(100,NULL,1,4,1,'136.158.78.60','EU2fpAg4IpuP1C2GHXvRetXgFLoAirDKXBXLMllW',NULL,NULL,NULL,'2026-04-07 06:52:34','2026-04-07 07:13:53'),(101,NULL,1,NULL,1,'54.226.142.197','A3mdLeQW2D7FB1516oe8lMMNQ0A0QL51MMvfnw2G',NULL,NULL,NULL,'2026-04-07 06:56:36','2026-04-07 06:56:36'),(102,NULL,1,NULL,1,'3.92.174.30','Q30r0QymMe68hKxm5zFL6othgKcvct3L8bOxfaGx',NULL,NULL,NULL,'2026-04-07 07:00:23','2026-04-07 07:00:23'),(103,NULL,3,3,1,'136.158.78.60',NULL,NULL,NULL,NULL,'2026-04-07 07:02:48','2026-04-07 07:02:48'),(104,NULL,1,NULL,1,'104.252.191.72','XKed3RhUFvbB8F5Cd9cfhPJyojJr4AZ2oq7FyFNn',NULL,NULL,NULL,'2026-04-07 07:11:11','2026-04-07 07:11:11'),(105,NULL,1,NULL,1,'3.92.174.30','zWLTEJTt1E9lmno5ENQo01tz9cr6A8FTEoKEqfBw',NULL,NULL,NULL,'2026-04-07 07:11:14','2026-04-07 07:11:14'),(106,NULL,1,NULL,1,'104.252.191.72','xkZnQnxAMTmjQfNbsYeQ99uQK4KjZKl5fKJQf2Ae',NULL,NULL,NULL,'2026-04-07 07:11:20','2026-04-07 07:11:20'),(107,NULL,3,4,1,'136.158.78.60',NULL,NULL,NULL,NULL,'2026-04-07 07:13:46','2026-04-07 07:13:46'),(108,NULL,1,4,1,'136.158.78.60','EU2fpAg4IpuP1C2GHXvRetXgFLoAirDKXBXLMllW',NULL,NULL,NULL,'2026-04-07 07:13:53','2026-04-07 07:13:53'),(109,NULL,3,5,1,'136.158.78.60',NULL,NULL,NULL,NULL,'2026-04-07 07:14:17','2026-04-07 07:14:17'),(110,NULL,1,5,1,'136.158.78.60','8ZGE0tlxDkeZnYCQvkEPUQUPMxMhDM2KwbNKvpgC',NULL,NULL,NULL,'2026-04-07 07:14:27','2026-04-07 07:14:30'),(111,NULL,1,5,1,'136.158.78.60','8ZGE0tlxDkeZnYCQvkEPUQUPMxMhDM2KwbNKvpgC',NULL,NULL,NULL,'2026-04-07 07:14:30','2026-04-07 07:14:30'),(112,NULL,1,NULL,1,'34.90.66.217','iNm8OG0mW85iokLKxhxhTRvqIaPUoI8I5HJweQ3n',NULL,NULL,NULL,'2026-04-07 07:19:52','2026-04-07 07:19:52'),(113,NULL,1,NULL,1,'91.196.152.162','Nd9otpUx5J1z7oDnpCruYUmrQRtNsPy9avd6hbsM',NULL,NULL,NULL,'2026-04-07 07:36:15','2026-04-07 07:36:15'),(114,NULL,1,NULL,1,'136.158.60.215','c7xtsiajKuRpw8bERft9YIvdWnfCvthIh8yBKK05',NULL,NULL,NULL,'2026-04-07 07:38:11','2026-04-07 07:38:11'),(115,NULL,1,NULL,1,'74.7.241.19','5w8Euuz4VzDhzUJvKSKruYlUrWjNoVAjumS6blqa',NULL,NULL,NULL,'2026-04-07 07:44:04','2026-04-07 07:44:04'),(116,NULL,1,NULL,1,'91.231.89.16','wjGj9veBunXG7tHSLjcH5OzEyMchxb6Q3hw1CaAO',NULL,NULL,NULL,'2026-04-07 07:44:26','2026-04-07 07:44:26'),(117,NULL,1,NULL,1,'91.231.89.23','KxiUCv7BdAxeasamrb3MQvCWS4GTeAjtvkYKHLnJ',NULL,NULL,NULL,'2026-04-07 07:56:14','2026-04-07 07:56:14'),(118,NULL,1,NULL,1,'199.217.99.225','twL642DJGx85aL1f4ebjWSRXefhp3tY8703EaLEI',NULL,NULL,NULL,'2026-04-07 07:58:08','2026-04-07 07:58:08'),(119,NULL,1,NULL,1,'91.231.89.32','0BT6PaJvhAYOxRUsBwQjzD6zmqbrQYWnJfaMFo8C',NULL,NULL,NULL,'2026-04-07 07:59:53','2026-04-07 07:59:53'),(120,NULL,1,NULL,1,'91.231.89.37','S9MQL6ix2rTV30GVzVQL9RBPitvccaAHBLpN0BwC',NULL,NULL,NULL,'2026-04-07 08:00:23','2026-04-07 08:00:23'),(121,NULL,1,NULL,1,'91.196.152.48','9cWGA6KqWu70NLL8SFI8P5AbXvuSPcYfSNbVs5vm',NULL,NULL,NULL,'2026-04-07 08:03:15','2026-04-07 08:03:15'),(122,NULL,1,NULL,1,'91.231.89.18','0t1HxftzKXlouJlNN6Wb0duo87OOkYXxxw0CVIQM',NULL,NULL,NULL,'2026-04-07 08:09:30','2026-04-07 08:09:30'),(123,NULL,1,NULL,1,'91.196.152.145','HZG1CqXPxNZy23t7oKC0p9MenoTkdYflTnAfx4TP',NULL,NULL,NULL,'2026-04-07 08:09:45','2026-04-07 08:09:45'),(124,NULL,1,NULL,1,'34.41.43.240','qWCAiYYUpslS1ociAzSk9FaIUX8urqwnN3p82SQH',NULL,NULL,NULL,'2026-04-07 08:14:41','2026-04-07 08:14:41'),(125,NULL,1,NULL,1,'91.196.152.165','e2B6HtBDaRJNocUuvfrff8q3oP1weZRRGm2jYQLs',NULL,NULL,NULL,'2026-04-07 08:15:27','2026-04-07 08:15:27'),(126,NULL,1,NULL,1,'216.73.216.222','oLBHVtGj7RDB6nHKOlMAItjvDCOX0d3ZhTi3N7CO',NULL,NULL,NULL,'2026-04-07 08:24:25','2026-04-07 08:24:25'),(127,NULL,1,NULL,1,'34.220.64.93','o1ksKikZHBW6RfOdcnzPA8AxYcOBCK7swVIObTwq',NULL,NULL,NULL,'2026-04-07 08:56:07','2026-04-07 08:56:07'),(128,NULL,1,NULL,1,'34.220.64.93','W5Z7EMOwTyf8VPDZ8GivcmVMedm2PP7bxmn1zdSz',NULL,NULL,NULL,'2026-04-07 08:56:07','2026-04-07 08:56:07'),(129,NULL,1,NULL,1,'34.211.53.65','QFGQYDGMpm1u7tSBSFB1QGmMI8ScNKM74JYkrtHt',NULL,NULL,NULL,'2026-04-07 08:59:24','2026-04-07 08:59:24'),(130,NULL,1,NULL,1,'34.211.53.65','uEXIagZu38Qk4qZZ3155Y9q24WzPFIo8JdX6Sk6r',NULL,NULL,NULL,'2026-04-07 08:59:34','2026-04-07 08:59:34'),(131,NULL,1,NULL,1,'216.73.216.222','hNMlz4AaRtuu6LjZrl8lOViK80ieCpVPqgceg8h2',NULL,NULL,NULL,'2026-04-07 10:13:41','2026-04-07 10:13:41'),(132,NULL,1,NULL,1,'216.73.216.222','AYhx1aqgU6AGefkn3fbNEcotIwd0ler5bBOqplOf',NULL,NULL,NULL,'2026-04-07 10:14:06','2026-04-07 10:14:06'),(133,NULL,1,NULL,1,'216.73.216.222','m3BJYCsTT24etZq8crMP1TQc8PDeb5Gf1J2ZxIAC',NULL,NULL,NULL,'2026-04-07 11:51:12','2026-04-07 11:51:12'),(134,NULL,1,NULL,1,'167.94.146.61','8rtbDIhKH4dxE1s9xxXyt5SWNR8nPDA0DkFy1pNr',NULL,NULL,NULL,'2026-04-07 14:53:02','2026-04-07 14:53:02'),(135,NULL,1,NULL,1,'2602:80d:1005::','mf5tJbM4KaN8rkpKkwEIByjtY0XEikMg5l9W3KYs',NULL,NULL,NULL,'2026-04-07 14:53:04','2026-04-07 14:53:04'),(136,NULL,1,NULL,1,'2602:80d:1005::','zdcUPpwLLm7BzMUnexcbyiqQbpkS26Snu82VcI6T',NULL,NULL,NULL,'2026-04-07 14:53:06','2026-04-07 14:53:06'),(137,NULL,1,NULL,1,'66.132.195.91','rU90NW0xddTQ9Uk5ZeK6HifZFthbbEkeKK0MIjgt',NULL,NULL,NULL,'2026-04-07 15:02:45','2026-04-07 15:02:45'),(138,NULL,1,NULL,1,'2602:80d:1008::','Xion9FFlfLlZwuK1Blccuw7cJdj0TxdRKsZo5Vai',NULL,NULL,NULL,'2026-04-07 15:02:47','2026-04-07 15:02:47'),(139,NULL,1,NULL,1,'2602:80d:1008::','wdPqzZ86cwj2uPqRxuGSuyx0NtSse1yoCwDF2ALq',NULL,NULL,NULL,'2026-04-07 15:02:49','2026-04-07 15:02:49'),(140,NULL,1,NULL,1,'149.102.232.244','FhDT6h9f5EYQK17Sy5LsVbU1cvi31lMNzMJRoecY',NULL,NULL,NULL,'2026-04-07 16:00:56','2026-04-07 16:00:56'),(141,NULL,1,NULL,1,'2a00:4b40:1000:','TN4WXaAO8NKqMTT6FBblNc1RvHNeFd3HtQUulpNv',NULL,NULL,NULL,'2026-04-07 16:19:47','2026-04-07 16:19:47'),(142,NULL,1,NULL,1,'2a00:4b40:1000:','ZLMFRWsYYxrai9rYhDHPqH9yqcdawEdjgdpk40os',NULL,NULL,NULL,'2026-04-07 16:23:12','2026-04-07 16:23:12'),(143,NULL,1,NULL,1,'2a00:4b40:1000:','R3BayUqjddkUFn7EsZWV17ncgnmcj1Qcro1dMqBU',NULL,NULL,NULL,'2026-04-07 16:24:46','2026-04-07 16:24:46'),(144,NULL,1,NULL,1,'2a00:4b40:1000:','jgf6xACgUgjhj39BzWdReU5YlZCQOwsDtsRiuzEE',NULL,NULL,NULL,'2026-04-07 16:34:55','2026-04-07 16:34:55'),(145,NULL,1,NULL,1,'185.111.90.125','gmtxhHXyOB3xRcvF3GwlCiFLgt6GheUe7h3w7BIX',NULL,NULL,NULL,'2026-04-07 16:46:31','2026-04-07 16:46:31'),(146,NULL,1,NULL,1,'34.16.213.34','BMHL9ZqH1bjtJTXwaeK6iBcgqF2M6NTp9b4D4SRI',NULL,NULL,NULL,'2026-04-07 19:02:55','2026-04-07 19:02:55'),(147,NULL,1,NULL,1,'34.16.213.34','wm1Jtdjh05ZVfCaNuxbiISS3owuKTace0FD66qxl',NULL,NULL,NULL,'2026-04-07 20:02:44','2026-04-07 20:02:44'),(148,NULL,1,NULL,1,'34.7.148.152','SYriqe9vKn9MHytbI70dnIN3Pi8ehlr33WlHTN9Z',NULL,NULL,NULL,'2026-04-07 21:16:35','2026-04-07 21:16:35'),(149,NULL,1,NULL,1,'2a06:98c0:360b:','QqZ8P58bcvHgqS3lhvXTGTOfdSbhIT0lCU3qqbWC',NULL,NULL,NULL,'2026-04-08 02:25:22','2026-04-08 02:25:22'),(150,NULL,1,NULL,1,'34.142.248.124','sgauW2uh0UJhBYDsfz1HnImbGQPiItj24wdgs6Cp',NULL,NULL,NULL,'2026-04-08 03:35:02','2026-04-08 03:35:02'),(151,NULL,1,NULL,1,'34.142.248.124','Ao0IsS8FAjZMJmuP8Ss9qV7V2sbBzEYrCnTJ4UTw',NULL,NULL,NULL,'2026-04-08 03:35:04','2026-04-08 03:35:04'),(152,NULL,1,NULL,1,'35.199.158.50','IyS8i9ZAC5l5xtGSdZLTLAUFCRxx6VWMwwG0Tu7D',NULL,NULL,NULL,'2026-04-08 07:06:23','2026-04-08 07:06:23'),(153,NULL,1,NULL,1,'34.168.249.182','1B6sucPyhYnnmFgx1f7vBKFJP1wSuXEeNf9Vn31v',NULL,NULL,NULL,'2026-04-08 07:11:20','2026-04-08 07:11:20'),(154,NULL,1,NULL,1,'23.27.145.119','jeKOfQ6aVp7fvrccmNzavMjY4ZKGrRKOFeQvlCHO',NULL,NULL,NULL,'2026-04-08 08:08:57','2026-04-08 08:08:57'),(155,NULL,1,NULL,1,'87.236.176.102','bD4Bu3mRCuI6BYWvl9iXd1jK7UEwhh6qCJ9szYC8',NULL,NULL,NULL,'2026-04-08 10:22:57','2026-04-08 10:22:57'),(156,NULL,1,NULL,1,'185.247.137.164','tpnbGUYoGhErTYSN5m0TGceeNQSzKoFfn5tCsjgj',NULL,NULL,NULL,'2026-04-08 10:22:58','2026-04-08 10:22:58'),(157,NULL,1,NULL,1,'2a07:e05:3:1f::','nehf6u7yoglMo1yFoez6mUfiVRD4LaLRkSp4NPhb',NULL,NULL,NULL,'2026-04-08 11:41:49','2026-04-08 11:41:49'),(158,NULL,1,NULL,1,'23.27.145.245','S6AAhDaq01Sc3yw0i53IVZnvLl9DQMXXGkfmVXO5',NULL,NULL,NULL,'2026-04-08 12:03:32','2026-04-08 12:03:32'),(159,NULL,1,NULL,1,'35.226.65.92','a6fie3Ry7ccstQJsmpepoYbyRCkdbfAm1ZfjV2jJ',NULL,NULL,NULL,'2026-04-08 15:13:25','2026-04-08 15:13:25'),(160,NULL,1,NULL,1,'93.123.109.214','PDcExDnQGEDeBsCq19uXE8XUHG5EigG9ukeJRk2I',NULL,NULL,NULL,'2026-04-08 17:59:12','2026-04-08 17:59:12'),(161,NULL,1,NULL,1,'93.123.109.214','AvBmKn7UVmpHbBjsre8V0d5bSLLzkKc0AoAS04CV',NULL,NULL,NULL,'2026-04-08 17:59:14','2026-04-08 17:59:14'),(162,NULL,1,NULL,1,'93.123.109.214','QRFtCkhSWplQ0KzLwXj3Mq42QkhKkQr7Z0h70e68',NULL,NULL,NULL,'2026-04-08 17:59:18','2026-04-08 17:59:18'),(163,NULL,1,NULL,1,'93.123.109.214','qybG10CBxmt6e2YzpcAh3XpVKTFiD8KAnsPSLJoy',NULL,NULL,NULL,'2026-04-08 17:59:19','2026-04-08 17:59:19'),(164,NULL,1,NULL,1,'93.123.109.214','ShowwJOdKcYG9Vm8Hrm7rdpfe1JCnQtDQvFCV1wN',NULL,NULL,NULL,'2026-04-08 17:59:21','2026-04-08 17:59:21'),(165,NULL,1,NULL,1,'93.123.109.214','Uqv9EIa5JPpAofmQLReYVvMHXhcbP6TCVMRS4MPu',NULL,NULL,NULL,'2026-04-08 17:59:23','2026-04-08 17:59:23'),(166,NULL,1,NULL,1,'93.123.109.214','jttjnrVVwsNregldlT2a1CxaWfBmTYOQNViMHitj',NULL,NULL,NULL,'2026-04-08 17:59:24','2026-04-08 17:59:24'),(167,NULL,1,NULL,1,'165.232.179.255','yEL2P9WlfDHD834xzyxTBHxqRFIZE6FfQMIkvsOE',NULL,NULL,NULL,'2026-04-08 19:29:19','2026-04-08 19:29:19'),(168,NULL,1,NULL,1,'165.232.179.255','6nc9oSwzUIjcV4mtxR10No5KDyNkGXn6jJ2EZ3Hd',NULL,NULL,NULL,'2026-04-08 19:29:20','2026-04-08 19:29:20'),(169,NULL,1,NULL,1,'34.91.88.143','vHEmn7nQ2yBxorE2fTwh9CGmbsrngXsYUqdhFzig',NULL,NULL,NULL,'2026-04-08 20:17:14','2026-04-08 20:17:14'),(170,NULL,1,NULL,1,'34.124.179.115','hoosAi7oIUbzWC3iMMyItDczPCtRglt5Lz3zRqjB',NULL,NULL,NULL,'2026-04-08 23:11:52','2026-04-08 23:11:52'),(171,NULL,1,NULL,1,'34.124.179.115','Clb1EFoP9ZrVHULJbnDBTFyv9EjXJt2JoCmlEslN',NULL,NULL,NULL,'2026-04-08 23:11:53','2026-04-08 23:11:53'),(172,NULL,1,NULL,1,'34.141.144.178','FPtWiK3Rmch4ctM7n6nqkkowzdJjKpeNIBd2QVc0',NULL,NULL,NULL,'2026-04-09 03:02:48','2026-04-09 03:02:48'),(173,NULL,1,NULL,1,'2a07:e05:3:1f::','asf1w1IMBTyWBgSja9QMH1oa3J8sxsuKYwb19zx2',NULL,NULL,NULL,'2026-04-09 03:20:34','2026-04-09 03:20:34'),(174,NULL,1,NULL,1,'149.57.180.72','4sXwpkIYNMfV7pQ2CineQMBET5GSUmOHlDLJankC',NULL,NULL,NULL,'2026-04-09 08:07:59','2026-04-09 08:07:59'),(175,NULL,1,NULL,1,'35.239.111.26','tnc7K7CI3xARmIATysMbLE4BDEE9T0M8EtiIRuVK',NULL,NULL,NULL,'2026-04-09 11:00:30','2026-04-09 11:00:30'),(176,NULL,1,NULL,1,'23.27.145.143','pKuHg3AZdgnZopXidZuohCOyhwelfuh9AKTbNFM5',NULL,NULL,NULL,'2026-04-09 12:03:34','2026-04-09 12:03:34'),(177,NULL,1,NULL,1,'2a0a:4cc0:2000:','NTxWMnR56NNcLJ10r5X3TN692ii5n7OkbqGJGkoE',NULL,NULL,NULL,'2026-04-10 11:04:03','2026-04-10 11:04:03'),(178,NULL,1,NULL,1,'2a14:7c1:400::1','9pZ1KyNunHMu624IkKaUk8tYyvhGPa2sja4WwnFk',NULL,NULL,NULL,'2026-04-10 12:54:48','2026-04-10 12:54:48'),(179,NULL,1,NULL,1,'206.189.143.95','3If8qWPCVrTKT3tDQ416ZcDzR9jhaOXCc3j71LK6',NULL,NULL,NULL,'2026-04-10 18:53:21','2026-04-10 18:53:21'),(180,NULL,1,NULL,1,'206.189.143.95','jk1Ysd914zGrSASdGl9LK3AguzM6F8zoxRi6nnAS',NULL,NULL,NULL,'2026-04-10 18:53:23','2026-04-10 18:53:23'),(181,NULL,1,NULL,1,'74.7.241.53','uFvXlr63LoptPYglAgzKz8KcyDvRvpseG3YHE15s',NULL,NULL,NULL,'2026-04-11 06:42:35','2026-04-11 06:42:35'),(182,NULL,1,NULL,1,'74.7.241.53','3KK8iAu47S6En3ZFKHh4ImSkzr8aSx0l2ZzxGOMY',NULL,NULL,NULL,'2026-04-11 07:05:27','2026-04-11 07:05:27'),(183,NULL,1,NULL,1,'149.57.180.12','Br1dlsJ15eFqjy80KVwOdVCvyeuMOGSK5FHpgR8T',NULL,NULL,NULL,'2026-04-11 08:07:22','2026-04-11 08:07:22'),(184,NULL,1,NULL,1,'23.27.145.57','YOKFIlLcmCQrecX7VPSmlG6Y9llde5TJWDajvhNO',NULL,NULL,NULL,'2026-04-11 12:02:06','2026-04-11 12:02:06'),(185,NULL,1,NULL,1,'13.206.85.48','b6mMCYjS8W9IbNiHdyfJMxJ9snO4XJV6U3Crn19C',NULL,NULL,NULL,'2026-04-12 05:29:16','2026-04-12 05:29:16'),(186,NULL,1,NULL,1,'34.38.97.20','v6kTJAdZO7quZXn2g8Ny2UNvK86O6OSwqGZCNfSF',NULL,NULL,NULL,'2026-04-12 05:46:55','2026-04-12 05:46:55'),(187,NULL,1,NULL,1,'2a06:98c0:360b:','6ITNJioETl4UT6IfkDMKxvpDjqNyVigbcmx0UjtS',NULL,NULL,NULL,'2026-04-12 13:31:48','2026-04-12 13:31:48'),(188,NULL,1,NULL,1,'34.123.45.140','N9SyfAAGNmnv0KUXfhzqOCJZbJ8u2265kPHUgh0E',NULL,NULL,NULL,'2026-04-12 13:50:05','2026-04-12 13:50:05'),(189,NULL,1,NULL,1,'185.177.72.60','F0Kvsq4vqKRpZ73keAHDupCnd580NJb6aTK4omUx',NULL,NULL,NULL,'2026-04-12 16:58:33','2026-04-12 16:58:33'),(190,NULL,1,NULL,1,'185.177.72.60','z2CABNwyjtXXHakx8fhado2Xbjt3qg58fEQ5A3h1',NULL,NULL,NULL,'2026-04-12 16:58:38','2026-04-12 16:58:38'),(191,NULL,1,NULL,1,'185.177.72.60','Il5W9BhBI45uz9N6LESBTSJHttjQn3pGKpPoFeT7',NULL,NULL,NULL,'2026-04-12 16:58:39','2026-04-12 16:58:39'),(192,NULL,1,NULL,1,'185.177.72.60','4eqvS1smyu4titMM4UlHbIzlIxCcgqlYy9ltq5H1',NULL,NULL,NULL,'2026-04-12 16:58:41','2026-04-12 16:58:41'),(193,NULL,1,NULL,1,'185.177.72.60','k6pylmdU1TmO2ZI9BZaECnX0qi7SZI0mjXNEKSTq',NULL,NULL,NULL,'2026-04-12 16:58:42','2026-04-12 16:58:42'),(194,NULL,1,NULL,1,'185.177.72.60','DG9Ihx9P9P8xOPnMS1KN5CwxcDXkcfWZ5sK5wpXT',NULL,NULL,NULL,'2026-04-12 16:58:43','2026-04-12 16:58:43'),(195,NULL,1,NULL,1,'45.148.10.174','hyLKN44gpDOcHG6QmS36m4bybU2CYr7UdBai4RiR',NULL,NULL,NULL,'2026-04-12 18:29:58','2026-04-12 18:29:58'),(196,NULL,1,NULL,1,'45.148.10.174','GH79NkgD8OFMZs2oDsjBF6D24rrZHYaBIRBPl5Pz',NULL,NULL,NULL,'2026-04-12 18:30:15','2026-04-12 18:30:15'),(197,NULL,1,NULL,1,'45.148.10.174','DxKiqNN8zCwjqx7G1nzadFtZWN5HoX3mKD7kB4iG',NULL,NULL,NULL,'2026-04-12 18:30:19','2026-04-12 18:30:19'),(198,NULL,1,NULL,1,'45.148.10.174','veTGMUzUjuGzfT3OKknIv2X0tvobeSNY2Ht7BFOz',NULL,NULL,NULL,'2026-04-12 18:30:24','2026-04-12 18:30:24'),(199,NULL,1,NULL,1,'45.148.10.174','OTMoXKzZYZaD0bcagdXq6rAW3eHxkBC81MKNoNK7',NULL,NULL,NULL,'2026-04-12 18:30:28','2026-04-12 18:30:28'),(200,NULL,1,NULL,1,'45.148.10.174','trPd6g8m1BnAHmMzArIMTuBjBvVjC5c8hSqYYA1v',NULL,NULL,NULL,'2026-04-12 18:30:31','2026-04-12 18:30:31'),(201,NULL,1,NULL,1,'45.148.10.174','ieTMCvtYiaOg4HkRrUWurEoNENYq0znHTRsh05DP',NULL,NULL,NULL,'2026-04-12 18:30:34','2026-04-12 18:30:34'),(202,NULL,1,NULL,1,'45.148.10.174','4TqfakCOtig5tW2rLLHkhLgb8hBvgUXSdM3GZqKM',NULL,NULL,NULL,'2026-04-12 18:30:41','2026-04-12 18:30:41'),(203,NULL,1,NULL,1,'45.148.10.174','6FcNVjnn0n4drFyIQj7gJFZ8hFmnbABvgDxOpM7V',NULL,NULL,NULL,'2026-04-12 18:30:43','2026-04-12 18:30:43'),(204,NULL,1,NULL,1,'45.148.10.174','01VpgjnsOKAkCpt0TexhaBksHRHybAf3HIgclZwZ',NULL,NULL,NULL,'2026-04-12 18:30:45','2026-04-12 18:30:45'),(205,NULL,1,NULL,1,'192.175.111.242','II375NJiKxbtMqVE3MkFj778cJTx62GbiglPmFH2',NULL,NULL,NULL,'2026-04-13 01:00:35','2026-04-13 01:00:35'),(206,NULL,1,NULL,1,'192.175.111.248','LklGvzJxD5TPdRaphfFORnMp6smKz7DlwGHw9pOw',NULL,NULL,NULL,'2026-04-13 01:00:36','2026-04-13 01:00:36'),(207,NULL,1,NULL,1,'64.15.129.119','nSAbKIOn1ZA1z1m9FAvDJzmrBBKix5snEtCgLQs1',NULL,NULL,NULL,'2026-04-13 01:00:37','2026-04-13 01:00:37'),(208,NULL,1,NULL,1,'192.175.111.236','4XvWBCBwJ1ySf69UAW734kgPrxSU66u4quIkvlz4',NULL,NULL,NULL,'2026-04-13 01:00:39','2026-04-13 01:00:39'),(209,NULL,1,NULL,1,'64.15.129.107','LIO1gVthH2nyIOTrX9ja558Z6SsV7qidGXC1c1zm',NULL,NULL,NULL,'2026-04-13 01:00:39','2026-04-13 01:00:39'),(210,NULL,1,NULL,1,'192.175.111.238','DD1LmJ2Yk0V42sOdoQ0SnUaBTlDuH8NtHk97uAJ0',NULL,NULL,NULL,'2026-04-13 01:00:40','2026-04-13 01:00:40'),(211,NULL,1,2,1,'136.158.78.253','8ZGE0tlxDkeZnYCQvkEPUQUPMxMhDM2KwbNKvpgC',NULL,NULL,NULL,'2026-04-14 06:43:01','2026-04-14 06:47:08'),(212,NULL,1,2,1,'136.158.78.253','8ZGE0tlxDkeZnYCQvkEPUQUPMxMhDM2KwbNKvpgC',NULL,NULL,NULL,'2026-04-14 06:47:08','2026-04-14 06:47:08'),(213,NULL,1,NULL,1,'136.158.60.215','c7xtsiajKuRpw8bERft9YIvdWnfCvthIh8yBKK05',NULL,NULL,NULL,'2026-04-14 07:10:04','2026-04-14 07:10:04'),(214,NULL,1,NULL,1,'23.27.145.158','weE3pCyedsQLGJdqAnBZs0CvoEt5JWGUzfYZnuV6',NULL,NULL,NULL,'2026-04-14 08:06:54','2026-04-14 08:06:54'),(215,NULL,1,NULL,1,'136.118.90.201','mOCFepIKXdjWDOB5QNMJa2nD9zlOhq4UlKtmlSYH',NULL,NULL,NULL,'2026-04-14 11:42:54','2026-04-14 11:42:54'),(216,NULL,1,NULL,1,'149.57.180.174','58ZoHbabhm7qpRTUFEwfDHcUW73fY9Z1bof1H8uy',NULL,NULL,NULL,'2026-04-14 12:00:40','2026-04-14 12:00:40'),(217,NULL,1,NULL,1,'136.109.84.135','T1iQfmIfl4OjyrgrjyJNdG2LXA2dL7lplzZ6By5A',NULL,NULL,NULL,'2026-04-14 13:52:31','2026-04-14 13:52:31'),(218,NULL,1,NULL,1,'35.225.104.227','TftCymR5sB5IAEvDb3peh1DKPWVtymkZoBKmTDZ9',NULL,NULL,NULL,'2026-04-14 15:27:24','2026-04-14 15:27:24'),(219,NULL,1,NULL,1,'93.123.109.214','xgOcyF0pgvwzjOoIuK8hKQ4c2aJdHEqjJhFjtr4Z',NULL,NULL,NULL,'2026-04-14 18:50:31','2026-04-14 18:50:31'),(220,NULL,1,NULL,1,'93.123.109.214','riOpUqlH6SpYATo45AgW7IMoVqFrLYiQCk7XcZuQ',NULL,NULL,NULL,'2026-04-14 18:50:33','2026-04-14 18:50:33'),(221,NULL,1,NULL,1,'93.123.109.214','YH6KiWzbBsvt6vfXu9Pwvx2tKknRaGtSrWwQxT9W',NULL,NULL,NULL,'2026-04-14 18:50:34','2026-04-14 18:50:34'),(222,NULL,1,NULL,1,'93.123.109.214','nVGHKEDzn9TPEzSLd2228ErwrLRXwpvD9tmNHEkP',NULL,NULL,NULL,'2026-04-14 18:50:36','2026-04-14 18:50:36'),(223,NULL,1,NULL,1,'93.123.109.214','ClKpcJHzpsUDthd9y3cMB0AED2hCfGukQPRvvilU',NULL,NULL,NULL,'2026-04-14 18:50:38','2026-04-14 18:50:38'),(224,NULL,1,NULL,1,'93.123.109.214','LlIpA8XjlvXKxH37QwXRIyhsIujcSFJ7xyiu3rA9',NULL,NULL,NULL,'2026-04-14 18:50:39','2026-04-14 18:50:39'),(225,NULL,1,NULL,1,'93.123.109.214','b4J2M9N5tamCetElbrVcN3LEUAzNaRkpaS4DsMhU',NULL,NULL,NULL,'2026-04-14 18:50:41','2026-04-14 18:50:41'),(226,NULL,1,NULL,1,'2602:80d:1004::','hu2tMXpBErlfuFl999ewaA65EIZyN1rHMqY5Dta0',NULL,NULL,NULL,'2026-04-14 20:45:27','2026-04-14 20:45:27'),(227,NULL,1,NULL,1,'2602:80d:1004::','Dk2yhrxkjFGCiuq6uZjWXNh5zNvlGHBpLdIn5X7v',NULL,NULL,NULL,'2026-04-14 20:45:31','2026-04-14 20:45:31'),(228,NULL,1,NULL,1,'2602:80d:1004::','6aAPZvq9sxc8bqDf5WBKBP2bBq8krfhIwE6ssE0A',NULL,NULL,NULL,'2026-04-14 20:45:34','2026-04-14 20:45:34'),(229,NULL,1,NULL,1,'2602:80d:1004::','A3EvH1347kaoMljVR4JAEbEAKSf13WYT2Y7E6hIf',NULL,NULL,NULL,'2026-04-14 20:56:52','2026-04-14 20:56:52'),(230,NULL,1,NULL,1,'2602:80d:1004::','XFOJ1s3rGj2S2Cv9jKRj8EApDsHBvdL1EnGhBbQu',NULL,NULL,NULL,'2026-04-14 20:56:54','2026-04-14 20:56:54'),(231,NULL,1,NULL,1,'2602:80d:1004::','wtYXuGdnaU5DLhMxfgfgf5mFTtXfK3yU6gmPoRUJ',NULL,NULL,NULL,'2026-04-14 20:56:56','2026-04-14 20:56:56'),(232,NULL,1,NULL,1,'185.177.72.60','ZSmqjyOA675tTsHi47P59CRHjKTS7pdc8rg9mMfv',NULL,NULL,NULL,'2026-04-14 21:52:20','2026-04-14 21:52:20'),(233,NULL,1,NULL,1,'185.177.72.60','d35OGp63bMmxdW3uQn4peEBQEav3TROZe7QjaroZ',NULL,NULL,NULL,'2026-04-14 21:52:24','2026-04-14 21:52:24'),(234,NULL,1,NULL,1,'185.177.72.60','9Dy82YerAedQ8kIXDFyyb5rqFdKRWgWfZx8QlG9N',NULL,NULL,NULL,'2026-04-14 21:52:26','2026-04-14 21:52:26'),(235,NULL,1,NULL,1,'185.177.72.60','9YjME6v1HC34OBF8WnOGLMqojhsVWmlwgIuH4HgR',NULL,NULL,NULL,'2026-04-14 21:52:27','2026-04-14 21:52:27'),(236,NULL,1,NULL,1,'185.177.72.60','Tp8BSvdTDeVjFYOjDZhRzgG34e0yKwMdRYbqpNcn',NULL,NULL,NULL,'2026-04-14 21:52:28','2026-04-14 21:52:28'),(237,NULL,1,NULL,1,'185.177.72.60','o7dCnpJH3GyUprjyXnZfwiXoTl5Mlf32oP9TxS6L',NULL,NULL,NULL,'2026-04-14 21:52:29','2026-04-14 21:52:29'),(238,NULL,1,NULL,1,'185.177.72.60','xxi9UKx8spmIncFpjnIyx9kahACQnnaQuRjxZIZY',NULL,NULL,NULL,'2026-04-14 21:52:30','2026-04-14 21:52:30'),(239,NULL,1,NULL,1,'35.190.177.255','WKVqpsVSTjbQduIq8n8CPvNJZIGKhgBIPlGBfvi7',NULL,NULL,NULL,'2026-04-15 10:10:13','2026-04-15 10:10:13'),(240,NULL,3,6,1,'136.158.60.215',NULL,NULL,NULL,NULL,'2026-04-15 23:53:22','2026-04-15 23:53:22'),(241,NULL,3,7,1,'136.158.60.215',NULL,NULL,NULL,NULL,'2026-04-15 23:53:23','2026-04-15 23:53:23'),(242,NULL,3,8,1,'34.126.113.34',NULL,NULL,NULL,NULL,'2026-04-16 00:11:27','2026-04-16 00:11:27'),(243,NULL,3,9,1,'34.126.113.34',NULL,NULL,NULL,NULL,'2026-04-16 03:16:42','2026-04-16 03:16:42'),(244,NULL,1,2,1,'136.158.78.253','v1APU7box43q93aSZPqp9CUhBqu74TerX01pzzUA',NULL,NULL,NULL,'2026-04-16 04:02:32','2026-04-16 06:48:04'),(245,NULL,1,9,1,'136.158.78.253','v1APU7box43q93aSZPqp9CUhBqu74TerX01pzzUA',NULL,NULL,NULL,'2026-04-16 04:02:39','2026-04-16 04:02:39'),(246,NULL,1,5,1,'136.158.78.253','v1APU7box43q93aSZPqp9CUhBqu74TerX01pzzUA',NULL,NULL,NULL,'2026-04-16 06:47:58','2026-04-16 06:47:58'),(247,NULL,1,2,1,'136.158.78.253','v1APU7box43q93aSZPqp9CUhBqu74TerX01pzzUA',NULL,NULL,NULL,'2026-04-16 06:48:04','2026-04-16 06:48:04'),(248,NULL,1,NULL,1,'2a14:7c1:400::1','nec6dJ1dNntvmsiRx4UEYI471bThKfS9IJfcTUmy',NULL,NULL,NULL,'2026-04-16 17:08:26','2026-04-16 17:08:26'),(249,NULL,1,NULL,1,'2a03:2880:f800:','ECNAfmH1yg7KuB1nL9qGgRwxtx5XxlHqzkXHwPvT',NULL,NULL,NULL,'2026-04-17 04:15:50','2026-04-17 04:15:50'),(250,NULL,1,NULL,1,'2a03:2880:f800:','SAMsfnnLlWkXhtFK9Xy2NazIpURYE8tFC8wsegI6',NULL,NULL,NULL,'2026-04-17 04:16:07','2026-04-17 04:16:07'),(251,NULL,1,NULL,1,'2a03:2880:f800:','XmVbfNd1JOKzcI4X5u2YXQOZGbckkPzPwmWhZQyN',NULL,NULL,NULL,'2026-04-17 04:16:13','2026-04-17 04:16:13'),(252,NULL,1,NULL,1,'23.27.145.219','rDQtaCIaaL9mpXOm2fWHtrCwBDQHSuXFx8wvJbRp',NULL,NULL,NULL,'2026-04-17 08:06:15','2026-04-17 08:06:15'),(253,NULL,1,2,1,'136.158.78.253','v1APU7box43q93aSZPqp9CUhBqu74TerX01pzzUA',NULL,NULL,NULL,'2026-04-17 09:13:53','2026-04-17 09:13:53'),(254,NULL,1,NULL,1,'23.27.145.232','O9iQ29ZV8TxywVdFPdBThPnoUg1xnT29tvJbtsjQ',NULL,NULL,NULL,'2026-04-17 12:05:01','2026-04-17 12:05:01'),(255,NULL,1,NULL,1,'45.148.10.62','l57hBNbpc2bsOGLfAXBESRrEUvnk0FYkY0qzeHXy',NULL,NULL,NULL,'2026-04-18 06:07:59','2026-04-18 06:07:59'),(256,NULL,1,NULL,1,'45.148.10.62','SUqNyH30gvzzKt4YffQIVdSryF51ducaHeNXBVGM',NULL,NULL,NULL,'2026-04-18 06:08:01','2026-04-18 06:08:01'),(257,NULL,1,NULL,1,'45.148.10.62','F6qyRzjPslftTPMLRAc2QzWZU1ylWpFLw2NHolU7',NULL,NULL,NULL,'2026-04-18 06:08:07','2026-04-18 06:08:07'),(258,NULL,1,NULL,1,'45.148.10.62','KMZhI5T5sobPupUyXk3jVHdoximiAlUKVoibmb7j',NULL,NULL,NULL,'2026-04-18 06:08:09','2026-04-18 06:08:09'),(259,NULL,1,NULL,1,'45.148.10.62','J1Ur1wMZVpH5JAoDLrt9pMdA70aR3zZ0ELga8RsB',NULL,NULL,NULL,'2026-04-18 06:08:11','2026-04-18 06:08:11'),(260,NULL,1,NULL,1,'45.148.10.62','oIpoGkvANBp7AMTrBUFri4oP3RAso0tWXnHXeyNz',NULL,NULL,NULL,'2026-04-18 06:08:13','2026-04-18 06:08:13'),(261,NULL,1,NULL,1,'45.148.10.62','jP6Ajt1xaTy5ejAsmWN7sAakHp4anP87zzxqCzfa',NULL,NULL,NULL,'2026-04-18 06:08:14','2026-04-18 06:08:14'),(262,NULL,1,NULL,1,'2a02:4780:6e:4d','dzvGWa5kxzzz2kO0igHbIJd0Mmxrem0GXwAcL4XU',NULL,NULL,NULL,'2026-04-18 13:15:27','2026-04-18 13:15:27'),(263,NULL,1,NULL,1,'76.13.167.132','dimRiW8Ua9YPJbEKBJPQmBdn64muHBdK23XpJLZJ',NULL,NULL,NULL,'2026-04-18 13:15:33','2026-04-18 13:15:33'),(264,NULL,1,NULL,1,'2a02:4780:6e:4d','Bl1NSZWBDcE85phGodMf3gFD7BSrwPcxLGj4Z2wV',NULL,NULL,NULL,'2026-04-18 13:15:40','2026-04-18 13:15:40'),(265,NULL,1,NULL,1,'76.13.167.132','1KyzjCVibwnflPbdH3xwfrIq21n9Mownp4OMuV4Z',NULL,NULL,NULL,'2026-04-18 13:15:40','2026-04-18 13:15:40'),(266,NULL,1,NULL,1,'164.92.103.14','3wKxs7RMLurQvrP6U0ZWrXrFhiDQoJZicdwk9kRB',NULL,NULL,NULL,'2026-04-18 13:18:39','2026-04-18 13:18:39'),(267,NULL,1,NULL,1,'164.92.103.14','d2vin3VXOZSzfR4RqsAenIheRxooWpucnKghHp88',NULL,NULL,NULL,'2026-04-18 13:18:40','2026-04-18 13:18:40'),(268,NULL,1,NULL,1,'13.48.55.205','UFhcbSc99Q2dt6zvztOIPXn3PLSh9f2VOdWJdD3F',NULL,NULL,NULL,'2026-04-18 22:32:44','2026-04-18 22:32:44'),(269,NULL,1,NULL,1,'45.148.10.62','FwnzMdeGLyIcYEWp98emUQdQH1WMtLiG4DdI37u0',NULL,NULL,NULL,'2026-04-19 06:02:13','2026-04-19 06:02:13'),(270,NULL,1,NULL,1,'45.148.10.62','0OkIcRl0xNOaxLyq0jBXycK6bxKDGx34p31B5hBn',NULL,NULL,NULL,'2026-04-19 06:02:15','2026-04-19 06:02:15'),(271,NULL,1,NULL,1,'45.148.10.62','MLlb8BCHX3hZL9lAGksjIQOZsC71ADG7QJjawT10',NULL,NULL,NULL,'2026-04-19 06:02:16','2026-04-19 06:02:16'),(272,NULL,1,NULL,1,'45.148.10.62','7AMDYl2raUHGq0ofIBIbk3wmM04OUIrpcRG4sdhY',NULL,NULL,NULL,'2026-04-19 06:02:18','2026-04-19 06:02:18'),(273,NULL,1,NULL,1,'45.148.10.62','HNxUAfYBeJKwlrRHnHhrQJFiAASNSDCWo6DK1xoP',NULL,NULL,NULL,'2026-04-19 06:02:20','2026-04-19 06:02:20'),(274,NULL,1,NULL,1,'45.148.10.62','HZirME3gKHWoWFcWdUQNdgmDSzg72aOKiB1aMRvk',NULL,NULL,NULL,'2026-04-19 06:02:22','2026-04-19 06:02:22'),(275,NULL,1,NULL,1,'45.148.10.62','kPEXW4cawJkvT0tbPDEFBI2QAGGLXjb48R6F5yY2',NULL,NULL,NULL,'2026-04-19 06:02:24','2026-04-19 06:02:24'),(276,NULL,1,NULL,1,'136.117.52.53','MQG738VTPIiiOWbQvfEpEu6iWzvy92nEqg0aIdrz',NULL,NULL,NULL,'2026-04-19 10:32:13','2026-04-19 10:32:13'),(277,NULL,1,NULL,1,'34.60.214.59','y7KzIoyAU07gS050vT9RuTowZoUe5cfDMtnZhv7x',NULL,NULL,NULL,'2026-04-19 12:34:12','2026-04-19 12:34:12'),(278,NULL,1,NULL,1,'136.115.212.36','kHEUtfLaMZVq3EX6st2XSixwUuKoaVIafiNw5bEB',NULL,NULL,NULL,'2026-04-19 13:39:11','2026-04-19 13:39:11'),(279,NULL,1,NULL,1,'100.53.186.206','d2y9UctyoJBXrrjhBoR8WVGu29nB8o58kTO40f55',NULL,NULL,NULL,'2026-04-19 17:30:13','2026-04-19 17:30:13'),(280,NULL,1,NULL,1,'34.182.233.95','GpCiAcJRpR0nmUe76UwyWEgeGDaIsBw1OPhMyyw2',NULL,NULL,NULL,'2026-04-19 18:33:29','2026-04-19 18:33:29'),(281,NULL,1,NULL,1,'195.178.110.103','WT7MFoSPCTUmVj4vnzuIoLxrY79pIVaNrnhX9zVu',NULL,NULL,NULL,'2026-04-19 20:02:08','2026-04-19 20:02:08'),(282,NULL,1,2,1,'136.158.78.253','v1APU7box43q93aSZPqp9CUhBqu74TerX01pzzUA',NULL,NULL,NULL,'2026-04-20 07:21:01','2026-04-20 07:21:01'),(283,NULL,1,NULL,1,'23.27.145.189','oj2LMAgmFCcsdtaAqsebNEnBTuGqjqhLR01wHUC1',NULL,NULL,NULL,'2026-04-21 12:02:09','2026-04-21 12:02:09'),(284,NULL,1,NULL,1,'66.132.224.86','GWgGDlLQtTyt581fdmePrgllNZJ7cWEIGYeMwAAP',NULL,NULL,NULL,'2026-04-21 15:45:43','2026-04-21 15:45:43'),(285,NULL,1,NULL,1,'2602:80d:1007::','yOOnGGZL8ospZ8wvYOJJhNMXSLS1nJ9L6fGwcPEj',NULL,NULL,NULL,'2026-04-21 15:45:46','2026-04-21 15:45:46'),(286,NULL,1,NULL,1,'2602:80d:1007::','OzkDFbW13ACR3WWzfk6mbt7i0k3W2TuxcLfwFNTM',NULL,NULL,NULL,'2026-04-21 15:45:48','2026-04-21 15:45:48'),(287,NULL,1,NULL,1,'66.132.172.43','jGgxSYsbObvMJTNpifIksbhFQ0ERn31EO9lGmJOS',NULL,NULL,NULL,'2026-04-21 16:02:06','2026-04-21 16:02:06'),(288,NULL,1,NULL,1,'2a14:7c1:400::1','XUt3tv4SQVsAFFs2p3hIio0r8dqGpVKbagEMVSju',NULL,NULL,NULL,'2026-04-22 05:59:31','2026-04-22 05:59:31'),(289,NULL,1,NULL,1,'3.18.186.238','m5iMXeCKZxWNjlxv42cDu0LaP7N1t8JrnhMp1vkB',NULL,NULL,NULL,'2026-04-22 10:11:14','2026-04-22 10:11:14'),(290,NULL,1,NULL,1,'3.18.186.238','9Y9vYJmcE2kI4HqWzXMN04ez4zGzJoRw2ZIzCcHU',NULL,NULL,NULL,'2026-04-22 10:12:28','2026-04-22 10:12:28'),(291,NULL,1,2,1,'136.158.78.175','v1APU7box43q93aSZPqp9CUhBqu74TerX01pzzUA',NULL,NULL,NULL,'2026-04-23 06:26:00','2026-04-23 06:26:00'),(292,NULL,1,NULL,1,'74.7.227.179','KYD7Sjk1AmS6Dk2mZwOqKpu9I8ccsQIz3A3TRfkT',NULL,NULL,NULL,'2026-04-23 15:19:39','2026-04-23 15:19:39'),(293,NULL,1,2,1,'216.247.87.214','v1APU7box43q93aSZPqp9CUhBqu74TerX01pzzUA',NULL,NULL,NULL,'2026-04-24 05:48:47','2026-04-24 05:48:47'),(294,NULL,7,2,1,'216.247.87.214','v1APU7box43q93aSZPqp9CUhBqu74TerX01pzzUA','App\\Models\\Vouchers',1,NULL,'2026-04-24 05:49:01','2026-04-24 05:49:01'),(295,NULL,9,2,1,'216.247.87.214','v1APU7box43q93aSZPqp9CUhBqu74TerX01pzzUA','App\\Models\\Vouchers',1,NULL,'2026-04-24 05:54:04','2026-04-24 05:54:04'),(296,NULL,1,NULL,1,'2a06:98c0:3624:','6Jch1pLetkMuDCYyMDKPSpRZIiA1bvdAH9rqspuk',NULL,NULL,NULL,'2026-04-24 08:43:26','2026-04-24 08:43:26'),(297,NULL,1,NULL,1,'2a14:7c1:400:3c','PJEaQIugmHfq7KxIVa9v6Dgq4DujBBtYwOln5i9U',NULL,NULL,NULL,'2026-04-25 04:17:28','2026-04-25 04:17:28'),(298,NULL,1,NULL,1,'206.168.173.185','1uh0MLDdSVghKVdJFFp0M8yJuR6KFlpwRg6IQM8H',NULL,NULL,NULL,'2026-04-25 07:31:25','2026-04-25 07:31:25'),(299,NULL,1,NULL,1,'74.7.243.128','lyxQgaxjkWBEtTcquVRfTbu7UjSpqFQdKCxGCgVW',NULL,NULL,NULL,'2026-04-26 10:46:26','2026-04-26 10:46:26'),(300,NULL,1,NULL,1,'3.139.242.79','ufLJnnAFxerBCYtKTA4MmswLk6555UdRWi3hai5S',NULL,NULL,NULL,'2026-04-26 22:54:04','2026-04-26 22:54:04'),(301,NULL,1,NULL,1,'18.183.19.138','koOe0DAJh8hNXzz0UnQ8Tvkosu0t6lB9FkZ2E4Kw',NULL,NULL,NULL,'2026-04-27 09:00:31','2026-04-27 09:00:31'),(302,NULL,1,NULL,1,'2a14:7c1:400:b:','5r38kzS2NMnmIA14xTG3RHllGbW5cxJdcl4cyyrf',NULL,NULL,NULL,'2026-04-28 06:55:22','2026-04-28 06:55:22'),(303,NULL,1,NULL,1,'74.7.243.128','1t4zh14PbHOZ92g2J937gB3OsadXyBHs1FustRDV',NULL,NULL,NULL,'2026-04-28 14:18:44','2026-04-28 14:18:44'),(304,NULL,1,NULL,1,'157.230.177.212','n1CajfhE9ti7Re4JmZ9jDyuKQjyZEdegQDblP7o8',NULL,NULL,NULL,'2026-04-28 20:04:28','2026-04-28 20:04:28'),(305,NULL,1,NULL,1,'157.230.177.212','4kmEeC7ebgcBD2v8o7pVlv3FLMv6T1Vu1cbTafNS',NULL,NULL,NULL,'2026-04-28 20:04:30','2026-04-28 20:04:30'),(306,NULL,1,NULL,1,'2602:80d:1008::','g66BpT6eS6Zrm3W7zbI8RzRutih1OsTHBL94wtOP',NULL,NULL,NULL,'2026-04-28 22:23:27','2026-04-28 22:23:27'),(307,NULL,1,NULL,1,'2602:80d:1004::','Q5j1IVd5lBuaJTeQv54k7n9RaQHjMvs9jfAvNqLf',NULL,NULL,NULL,'2026-04-28 23:48:06','2026-04-28 23:48:06'),(308,NULL,1,NULL,1,'2602:80d:1004::','8lpYLFbL2vynqnlvs2AXF09XNftMebiGiCvFpFpx',NULL,NULL,NULL,'2026-04-28 23:48:10','2026-04-28 23:48:10'),(309,NULL,1,NULL,1,'2602:80d:1004::','Nr2tAUTzYdEfzFPuf918tsk5qR8V1IdSREwP4cwh',NULL,NULL,NULL,'2026-04-28 23:48:12','2026-04-28 23:48:12'),(310,NULL,1,2,1,'136.158.78.175','v1APU7box43q93aSZPqp9CUhBqu74TerX01pzzUA',NULL,NULL,NULL,'2026-04-29 09:22:21','2026-04-29 09:22:21'),(311,NULL,1,9,1,'136.158.60.132','c7xtsiajKuRpw8bERft9YIvdWnfCvthIh8yBKK05',NULL,NULL,NULL,'2026-04-30 02:21:37','2026-04-30 02:23:07'),(312,NULL,1,9,1,'136.158.60.132','c7xtsiajKuRpw8bERft9YIvdWnfCvthIh8yBKK05',NULL,NULL,NULL,'2026-04-30 02:23:07','2026-04-30 02:23:07'),(313,NULL,1,2,1,'136.158.78.175','v1APU7box43q93aSZPqp9CUhBqu74TerX01pzzUA',NULL,NULL,NULL,'2026-04-30 02:38:17','2026-04-30 02:38:17'),(314,NULL,1,1,1,'136.158.60.132','s1MJnBe4UGOGGga2rMbw2CEWu2Vx83zl8HnyiZ2a',NULL,NULL,NULL,'2026-04-30 02:51:48','2026-04-30 02:54:44'),(315,NULL,1,1,1,'136.158.60.132','s1MJnBe4UGOGGga2rMbw2CEWu2Vx83zl8HnyiZ2a',NULL,NULL,NULL,'2026-04-30 02:54:44','2026-04-30 02:54:44'),(316,NULL,1,NULL,1,'74.7.227.138','nNy4DdREJBWh8mxVLTwIAzFInIcg5RCmIzZv5n26',NULL,NULL,NULL,'2026-04-30 15:08:21','2026-04-30 15:08:21'),(317,NULL,1,NULL,1,'24.199.122.40','DOBRWKqZmDcqkD7B229wQ8Lbc3qumMvvC3RW9wGG',NULL,NULL,NULL,'2026-04-30 19:03:46','2026-04-30 19:03:46'),(318,NULL,1,NULL,1,'24.199.122.40','xT64dUxiIu3XBkJeOW1p7MfQzFluAgpf41gDZfz4',NULL,NULL,NULL,'2026-04-30 19:03:53','2026-04-30 19:03:53'),(319,NULL,1,NULL,1,'185.177.72.60','AEotEDhgCdezj3YBPjGE4d8sWkp4FabrJ4Vl0wbv',NULL,NULL,NULL,'2026-04-30 22:55:27','2026-04-30 22:55:27'),(320,NULL,1,NULL,1,'185.177.72.60','r2GIY4lxdavMpIlUSuC3gjDsKBGM5R75jPAWwUMk',NULL,NULL,NULL,'2026-04-30 22:55:36','2026-04-30 22:55:36'),(321,NULL,1,NULL,1,'3.151.194.164','kXHb90tJZEiF9KzbXlCxAugI5W0joZIW1Ky5nvxD',NULL,NULL,NULL,'2026-05-04 09:53:52','2026-05-04 09:53:52'),(322,NULL,1,NULL,1,'74.7.227.138','nXrqX5qJsJ25NFP0aFzK12hp6MMkxj7zuX24S4JX',NULL,NULL,NULL,'2026-05-04 11:10:44','2026-05-04 11:10:44'),(323,NULL,1,NULL,1,'3.250.133.15','BLaXs8YTrsTsqS0zaeNjRCMZgxU1dAYGtrrlz5FG',NULL,NULL,NULL,'2026-05-04 21:29:21','2026-05-04 21:29:21'),(324,NULL,1,NULL,1,'2a06:98c0:360c:','1aXgiTVCOc90uPBtJYLtgltLt4TAaAuuobZRyMTM',NULL,NULL,NULL,'2026-05-05 09:48:31','2026-05-05 09:48:31'),(325,NULL,1,NULL,1,'54.152.28.140','smlMHxr5Uy3KY8wvWQYyWm03FmP4NDtS3rTRhLAb',NULL,NULL,NULL,'2026-05-05 15:49:23','2026-05-05 15:49:23'),(326,NULL,1,NULL,1,'176.65.139.168','0ef71y0fGVm1wyBsKYuj4iJhxIZp8FUPJC11XJH1',NULL,NULL,NULL,'2026-05-05 16:14:44','2026-05-05 16:14:44'),(327,NULL,1,NULL,1,'3.214.234.248','euUX6O3008MfaPbfMOu11mN2KEXdqW1oGeAWpLD7',NULL,NULL,NULL,'2026-05-05 22:24:50','2026-05-05 22:24:50'),(328,NULL,1,NULL,1,'2602:80d:1007::','UeWRkvDybevSa25wqjDTlHxJTh9txvPsXuwl2sGE',NULL,NULL,NULL,'2026-05-06 01:31:43','2026-05-06 01:31:43'),(329,NULL,1,NULL,1,'2602:80d:1007::','GXe5uQpJbiqqox0qwAEIpaD1w1BGHi6o518XkeOI',NULL,NULL,NULL,'2026-05-06 01:31:47','2026-05-06 01:31:47'),(330,NULL,1,NULL,1,'2602:80d:1007::','2PH4BZiEc47CkO5td58fVeX2Xrc4sgGtnd4RNjf5',NULL,NULL,NULL,'2026-05-06 01:31:50','2026-05-06 01:31:50'),(331,NULL,1,NULL,1,'2602:80d:1007::','97WrDpsOPC8BzV0LQt1Y7fafyBL6OwUxrfoVdSzo',NULL,NULL,NULL,'2026-05-06 01:43:09','2026-05-06 01:43:09'),(332,NULL,1,NULL,1,'2602:80d:1007::','3UUTRJVmHl9sAWAcUvRhJEQz8Vu5tMqC7eiIMUZW',NULL,NULL,NULL,'2026-05-06 01:43:12','2026-05-06 01:43:12'),(333,NULL,1,NULL,1,'2602:80d:1007::','kBuT3XLhWKf8z5BIF9tlRfxRZyowtheTcgQ13M11',NULL,NULL,NULL,'2026-05-06 01:43:14','2026-05-06 01:43:14'),(334,NULL,1,NULL,1,'74.7.227.39','unvuZFUVFN6qHWZ0vSkP6sP0x3APT94DNINDfNO3',NULL,NULL,NULL,'2026-05-06 14:31:39','2026-05-06 14:31:39'),(335,NULL,1,NULL,1,'35.204.90.168','Uv9tQ8SVMC0A3rvUcMjOSLqVLgrOjqHVGuzc7hsd',NULL,NULL,NULL,'2026-05-07 07:55:06','2026-05-07 07:55:06'),(336,NULL,1,NULL,1,'149.57.180.187','LeupYqQT9iuCb9lHYAU0wwSPPkHRQqPIeK8PfjVj',NULL,NULL,NULL,'2026-05-07 08:06:22','2026-05-07 08:06:22'),(337,NULL,3,10,1,'34.126.113.34',NULL,NULL,NULL,NULL,'2026-05-07 10:26:19','2026-05-07 10:26:19'),(338,NULL,3,11,1,'34.126.113.34',NULL,NULL,NULL,NULL,'2026-05-08 09:05:58','2026-05-08 09:05:58'),(339,NULL,1,NULL,1,'74.7.242.46','TfbrpArqGHofyLEY8LXm9wrLrtaAjAgUIX8jtUBt',NULL,NULL,NULL,'2026-05-08 15:05:39','2026-05-08 15:05:39'),(340,NULL,1,NULL,1,'205.210.31.169','M9YAjXR0ibrcaXScPEhDfLe4iIhhei5BgiverzpK',NULL,NULL,NULL,'2026-05-08 18:11:42','2026-05-08 18:11:42'),(341,NULL,1,NULL,1,'205.210.31.48','f9Gz7S7ujsuQnTTGlMFkVcgMeAVHUvnGKtlwNImo',NULL,NULL,NULL,'2026-05-08 18:19:13','2026-05-08 18:19:13'),(342,NULL,1,NULL,1,'176.65.139.168','ydkCxtPOLZr3NyvSwyBl75io1IiuaPbwYrQgAfAz',NULL,NULL,NULL,'2026-05-09 15:54:35','2026-05-09 15:54:35'),(343,NULL,1,NULL,1,'3.139.242.79','AP6Q8xiFYlptmFvz9yRKdFhVU3tevhZ6BFbsGcDN',NULL,NULL,NULL,'2026-05-10 15:06:10','2026-05-10 15:06:10'),(344,NULL,1,NULL,1,'3.139.242.79','nGn2UJuSKww8dGBEF0VDCw5xGdVTCXjRu0wvEJOO',NULL,NULL,NULL,'2026-05-10 15:07:12','2026-05-10 15:07:12'),(345,NULL,1,1,1,'136.158.60.214','s1MJnBe4UGOGGga2rMbw2CEWu2Vx83zl8HnyiZ2a',NULL,NULL,NULL,'2026-05-11 04:05:40','2026-05-11 04:05:40'),(346,NULL,1,NULL,1,'98.92.77.163','CopVqJPhHbcVyHpSv4KTWDfcbJ8KXAh8FC3uKMrk',NULL,NULL,NULL,'2026-05-11 04:07:38','2026-05-11 04:07:38'),(347,NULL,1,NULL,1,'3.236.254.250','ifaUoiLLT0rOFKExY3K9FgQH5B1S6Xua9fYTO2pS',NULL,NULL,NULL,'2026-05-11 04:07:40','2026-05-11 04:07:40'),(348,NULL,1,NULL,1,'158.140.136.41','INcTYdIvfIvpuTKjVDEcUJm15Z9TbOTT6vZhVXvA',NULL,NULL,NULL,'2026-05-11 15:02:46','2026-05-11 15:02:46'),(349,NULL,1,NULL,1,'185.247.137.120','Ed6jTXRmuslAuNqIYHBwirA3NRvokUvrsXFuGpXu',NULL,NULL,NULL,'2026-05-11 20:52:15','2026-05-11 20:52:15'),(350,NULL,1,NULL,1,'185.247.137.221','C8WoQVgDpsB1JTpQSwXDW8DjGOlMBbMreUKsKVJk',NULL,NULL,NULL,'2026-05-11 20:52:17','2026-05-11 20:52:17'),(351,NULL,1,NULL,1,'2a06:98c0:360b:','QR5ZapqxdIn8Z6Nohh6Caw4mnu3of3rVlXVyoU26',NULL,NULL,NULL,'2026-05-11 22:27:14','2026-05-11 22:27:14'),(352,NULL,3,12,1,'34.126.113.34',NULL,NULL,NULL,NULL,'2026-05-12 00:47:09','2026-05-12 00:47:09'),(353,NULL,1,1,1,'136.158.60.214','s1MJnBe4UGOGGga2rMbw2CEWu2Vx83zl8HnyiZ2a',NULL,NULL,NULL,'2026-05-12 02:26:30','2026-05-12 02:26:30'),(354,NULL,8,8,1,'34.126.113.34',NULL,'App\\Models\\UserInteraction\\UserDailyChallenges',34,NULL,'2026-05-12 03:42:09','2026-05-12 03:42:09'),(355,NULL,13,8,1,'136.158.60.214','s1MJnBe4UGOGGga2rMbw2CEWu2Vx83zl8HnyiZ2a','App\\Models\\UserInteraction\\UserDailyChallenges',34,NULL,'2026-05-12 03:43:46','2026-05-12 03:43:46'),(356,NULL,8,8,1,'34.126.113.34',NULL,'App\\Models\\UserInteraction\\UserDailyChallenges',35,NULL,'2026-05-12 03:44:37','2026-05-12 03:44:37'),(357,NULL,13,8,1,'136.158.60.214','s1MJnBe4UGOGGga2rMbw2CEWu2Vx83zl8HnyiZ2a','App\\Models\\UserInteraction\\UserDailyChallenges',35,NULL,'2026-05-12 04:06:28','2026-05-12 04:06:28'),(358,NULL,8,8,1,'34.126.113.34',NULL,'App\\Models\\UserInteraction\\UserDailyChallenges',36,NULL,'2026-05-12 04:10:02','2026-05-12 04:10:02'),(359,NULL,8,8,1,'34.126.113.34',NULL,'App\\Models\\UserInteraction\\UserDailyChallenges',37,NULL,'2026-05-12 04:10:18','2026-05-12 04:10:18'),(360,NULL,13,8,1,'136.158.60.214','s1MJnBe4UGOGGga2rMbw2CEWu2Vx83zl8HnyiZ2a','App\\Models\\UserInteraction\\UserDailyChallenges',36,NULL,'2026-05-12 04:23:05','2026-05-12 04:23:05'),(361,NULL,13,8,1,'136.158.60.214','s1MJnBe4UGOGGga2rMbw2CEWu2Vx83zl8HnyiZ2a','App\\Models\\UserInteraction\\UserDailyChallenges',37,NULL,'2026-05-12 05:15:54','2026-05-12 05:15:54'),(362,NULL,8,8,1,'34.126.113.34',NULL,'App\\Models\\UserInteraction\\UserDailyChallenges',38,NULL,'2026-05-12 05:22:32','2026-05-12 05:22:32'),(363,NULL,13,8,1,'136.158.60.214','s1MJnBe4UGOGGga2rMbw2CEWu2Vx83zl8HnyiZ2a','App\\Models\\UserInteraction\\UserDailyChallenges',38,NULL,'2026-05-12 05:31:48','2026-05-12 05:31:48'),(364,NULL,8,8,1,'34.126.113.34',NULL,'App\\Models\\UserInteraction\\UserDailyChallenges',39,NULL,'2026-05-12 05:46:48','2026-05-12 05:46:48'),(365,NULL,13,8,1,'136.158.60.214','s1MJnBe4UGOGGga2rMbw2CEWu2Vx83zl8HnyiZ2a','App\\Models\\UserInteraction\\UserDailyChallenges',39,NULL,'2026-05-12 05:47:26','2026-05-12 05:47:26'),(366,NULL,8,8,1,'34.126.113.34',NULL,'App\\Models\\UserInteraction\\UserDailyChallenges',40,NULL,'2026-05-12 05:49:58','2026-05-12 05:49:58'),(367,NULL,13,8,1,'136.158.60.214','s1MJnBe4UGOGGga2rMbw2CEWu2Vx83zl8HnyiZ2a','App\\Models\\UserInteraction\\UserDailyChallenges',40,NULL,'2026-05-12 05:50:16','2026-05-12 05:50:16'),(368,NULL,8,8,1,'34.126.113.34',NULL,'App\\Models\\UserInteraction\\UserDailyChallenges',41,NULL,'2026-05-12 08:23:02','2026-05-12 08:23:02'),(369,NULL,13,8,1,'136.158.60.214','s1MJnBe4UGOGGga2rMbw2CEWu2Vx83zl8HnyiZ2a','App\\Models\\UserInteraction\\UserDailyChallenges',41,NULL,'2026-05-12 08:23:19','2026-05-12 08:23:19'),(370,NULL,8,11,1,'34.126.113.34',NULL,'App\\Models\\UserInteraction\\UserDailyChallenges',46,NULL,'2026-05-12 08:26:54','2026-05-12 08:26:54'),(371,NULL,13,11,1,'136.158.60.214','s1MJnBe4UGOGGga2rMbw2CEWu2Vx83zl8HnyiZ2a','App\\Models\\UserInteraction\\UserDailyChallenges',46,NULL,'2026-05-12 08:29:55','2026-05-12 08:29:55'),(372,NULL,1,NULL,1,'176.65.139.237','79u8XvJ25SWRmz5mcnWeQtHOn5Is2WH3AXzbU6V1',NULL,NULL,NULL,'2026-05-13 02:55:42','2026-05-13 02:55:42'),(373,NULL,8,11,1,'34.126.113.34',NULL,'App\\Models\\UserInteraction\\UserDailyChallenges',48,NULL,'2026-05-13 04:25:41','2026-05-13 04:25:41'),(374,NULL,1,1,1,'136.158.60.214','s1MJnBe4UGOGGga2rMbw2CEWu2Vx83zl8HnyiZ2a',NULL,NULL,NULL,'2026-05-13 05:36:14','2026-05-13 05:36:14'),(375,'spinandwin',13,11,1,'136.158.60.214','s1MJnBe4UGOGGga2rMbw2CEWu2Vx83zl8HnyiZ2a','App\\Models\\UserInteraction\\UserDailyChallenges',48,NULL,'2026-05-13 05:54:44','2026-05-13 05:54:44'),(376,'spinandwin',1,NULL,1,'2602:80d:1007::','o95LeWqkDCJycIucg7BPblDqadwKzNX2ub4HnVof',NULL,NULL,NULL,'2026-05-13 06:07:30','2026-05-13 06:07:30'),(377,'spinandwin',1,2,1,'136.158.78.15','v1APU7box43q93aSZPqp9CUhBqu74TerX01pzzUA',NULL,NULL,NULL,'2026-05-13 06:32:42','2026-05-13 06:32:42'),(378,'spinandwin',1,NULL,1,'2602:80d:1003::','3aU49TdspOPujiGPjEWXbzr9lE3rzSJab5JQ86wM',NULL,NULL,NULL,'2026-05-13 07:00:25','2026-05-13 07:00:25'),(379,'spinandwin',1,NULL,1,'2602:80d:1003::','FkItjOVlAev4RcVD6q9l5bShIb4xNCRk7xaPjdxo',NULL,NULL,NULL,'2026-05-13 07:00:26','2026-05-13 07:00:26'),(380,'spinandwin',1,NULL,1,'2602:80d:1003::','j5UZrX9zKoPmx9Dnjiq5soK8QhVexXsZ75kJLT5a',NULL,NULL,NULL,'2026-05-13 07:00:28','2026-05-13 07:00:28'),(381,'spinandwin',8,8,1,'34.126.113.34',NULL,'App\\Models\\UserInteraction\\UserDailyChallenges',50,NULL,'2026-05-13 09:08:39','2026-05-13 09:08:39'),(382,'spinandwin',13,8,1,'136.158.60.214','s1MJnBe4UGOGGga2rMbw2CEWu2Vx83zl8HnyiZ2a','App\\Models\\UserInteraction\\UserDailyChallenges',50,NULL,'2026-05-13 09:09:25','2026-05-13 09:09:25');

--
-- Table structure for table `user_files`
--

CREATE TABLE `user_files` (
  `id` bigint unsigned NOT NULL AUTO_INCREMENT,
  `user_id` varchar(191) CHARACTER SET utf8mb4 COLLATE utf8mb4_unicode_ci NOT NULL,
  `module` varchar(191) CHARACTER SET utf8mb4 COLLATE utf8mb4_unicode_ci NOT NULL,
  `file_name` varchar(191) CHARACTER SET utf8mb4 COLLATE utf8mb4_unicode_ci NOT NULL,
  `file_path` varchar(191) CHARACTER SET utf8mb4 COLLATE utf8mb4_unicode_ci NOT NULL,
  `file_url` varchar(191) CHARACTER SET utf8mb4 COLLATE utf8mb4_unicode_ci NOT NULL,
  `created_at` timestamp NULL DEFAULT NULL,
  `updated_at` timestamp NULL DEFAULT NULL,
  `module_identifier` bigint unsigned DEFAULT NULL,
  `module_model_type` varchar(191) CHARACTER SET utf8mb4 COLLATE utf8mb4_unicode_ci DEFAULT NULL,
  PRIMARY KEY (`id`),
  KEY `user_files_module_model_type_module_identifier_index` (`module_model_type`,`module_identifier`)
) ENGINE=InnoDB DEFAULT CHARSET=utf8mb4 COLLATE=utf8mb4_unicode_ci;

--
-- Dumping data for table `user_files`
--


--
-- Table structure for table `user_fund_transfer_details`
--

CREATE TABLE `user_fund_transfer_details` (
  `id` bigint unsigned NOT NULL AUTO_INCREMENT,
  `user_id` varchar(191) COLLATE utf8mb4_unicode_ci NOT NULL,
  `transfer_number` varchar(191) COLLATE utf8mb4_unicode_ci NOT NULL,
  `transfer_name` varchar(191) COLLATE utf8mb4_unicode_ci NOT NULL,
  `nric` varchar(191) COLLATE utf8mb4_unicode_ci NOT NULL,
  `status` varchar(191) COLLATE utf8mb4_unicode_ci NOT NULL DEFAULT 'default',
  `created_at` timestamp NULL DEFAULT NULL,
  `updated_at` timestamp NULL DEFAULT NULL,
  PRIMARY KEY (`id`)
) ENGINE=InnoDB DEFAULT CHARSET=utf8mb4 COLLATE=utf8mb4_unicode_ci;

--
-- Dumping data for table `user_fund_transfer_details`
--


--
-- Table structure for table `user_log_stats`
--

CREATE TABLE `user_log_stats` (
  `id` bigint unsigned NOT NULL AUTO_INCREMENT,
  `type` varchar(191) CHARACTER SET utf8mb4 COLLATE utf8mb4_unicode_ci NOT NULL,
  `action` varchar(191) CHARACTER SET utf8mb4 COLLATE utf8mb4_unicode_ci NOT NULL,
  `count` varchar(191) CHARACTER SET utf8mb4 COLLATE utf8mb4_unicode_ci NOT NULL,
  `date` varchar(191) CHARACTER SET utf8mb4 COLLATE utf8mb4_unicode_ci NOT NULL,
  `created_at` timestamp NULL DEFAULT NULL,
  `updated_at` timestamp NULL DEFAULT NULL,
  PRIMARY KEY (`id`)
) ENGINE=InnoDB DEFAULT CHARSET=utf8mb4 COLLATE=utf8mb4_unicode_ci;

--
-- Dumping data for table `user_log_stats`
--


--
-- Table structure for table `user_logs`
--

CREATE TABLE `user_logs` (
  `id` bigint unsigned NOT NULL AUTO_INCREMENT,
  `business_account_id` varchar(191) CHARACTER SET utf8mb4 COLLATE utf8mb4_unicode_ci DEFAULT NULL,
  `user_id` varchar(191) CHARACTER SET utf8mb4 COLLATE utf8mb4_unicode_ci DEFAULT NULL,
  `type` varchar(191) CHARACTER SET utf8mb4 COLLATE utf8mb4_unicode_ci DEFAULT NULL,
  `action` varchar(191) CHARACTER SET utf8mb4 COLLATE utf8mb4_unicode_ci DEFAULT NULL,
  `value` varchar(191) CHARACTER SET utf8mb4 COLLATE utf8mb4_unicode_ci DEFAULT NULL,
  `details` varchar(191) CHARACTER SET utf8mb4 COLLATE utf8mb4_unicode_ci DEFAULT NULL,
  `created_at` timestamp NULL DEFAULT NULL,
  `updated_at` timestamp NULL DEFAULT NULL,
  PRIMARY KEY (`id`)
) ENGINE=InnoDB DEFAULT CHARSET=utf8mb4 COLLATE=utf8mb4_unicode_ci;

--
-- Dumping data for table `user_logs`
--


--
-- Table structure for table `user_menu_favorites`
--

CREATE TABLE `user_menu_favorites` (
  `id` bigint unsigned NOT NULL AUTO_INCREMENT,
  `business_account_id` bigint unsigned NOT NULL,
  `user_id` bigint unsigned NOT NULL,
  `route_name` varchar(191) CHARACTER SET utf8mb4 COLLATE utf8mb4_unicode_ci NOT NULL,
  `params` varchar(191) CHARACTER SET utf8mb4 COLLATE utf8mb4_unicode_ci DEFAULT NULL,
  `title` varchar(191) CHARACTER SET utf8mb4 COLLATE utf8mb4_unicode_ci DEFAULT NULL,
  `icon_fas_class` varchar(191) CHARACTER SET utf8mb4 COLLATE utf8mb4_unicode_ci DEFAULT NULL,
  `order` varchar(191) CHARACTER SET utf8mb4 COLLATE utf8mb4_unicode_ci DEFAULT NULL,
  `created_at` timestamp NULL DEFAULT NULL,
  `updated_at` timestamp NULL DEFAULT NULL,
  PRIMARY KEY (`id`),
  KEY `user_menu_favorites_business_account_id_user_id_index` (`business_account_id`,`user_id`)
) ENGINE=InnoDB DEFAULT CHARSET=utf8mb4 COLLATE=utf8mb4_unicode_ci;

--
-- Dumping data for table `user_menu_favorites`
--


--
-- Table structure for table `user_notifications`
--

CREATE TABLE `user_notifications` (
  `id` bigint unsigned NOT NULL AUTO_INCREMENT,
  `user_id` bigint unsigned NOT NULL,
  `notification_template_id` bigint unsigned NOT NULL,
  `created_at` timestamp NULL DEFAULT NULL,
  `updated_at` timestamp NULL DEFAULT NULL,
  PRIMARY KEY (`id`),
  KEY `user_notifications_user_id_index` (`user_id`),
  KEY `user_notifications_notification_template_id_index` (`notification_template_id`),
  CONSTRAINT `user_notifications_notification_template_id_foreign` FOREIGN KEY (`notification_template_id`) REFERENCES `notification_templates` (`id`),
  CONSTRAINT `user_notifications_user_id_foreign` FOREIGN KEY (`user_id`) REFERENCES `users` (`id`)
) ENGINE=InnoDB DEFAULT CHARSET=utf8mb4 COLLATE=utf8mb4_unicode_ci;

--
-- Dumping data for table `user_notifications`
--


--
-- Table structure for table `user_question_details`
--

CREATE TABLE `user_question_details` (
  `id` bigint unsigned NOT NULL AUTO_INCREMENT,
  `user_question_hd_id` int unsigned NOT NULL,
  `question_id` int unsigned NOT NULL,
  `question_choice_id` bigint unsigned DEFAULT NULL,
  `answer_text` text CHARACTER SET utf8mb4 COLLATE utf8mb4_unicode_ci,
  `updated_at` timestamp NOT NULL DEFAULT CURRENT_TIMESTAMP ON UPDATE CURRENT_TIMESTAMP,
  PRIMARY KEY (`id`),
  KEY `user_question_details_user_question_hd_id_index` (`user_question_hd_id`),
  KEY `user_question_details_question_id_index` (`question_id`)
) ENGINE=InnoDB AUTO_INCREMENT=59 DEFAULT CHARSET=utf8mb4 COLLATE=utf8mb4_unicode_ci;

--
-- Dumping data for table `user_question_details`
--

INSERT INTO `user_question_details` VALUES (1,1,2,5,NULL,'2026-04-13 09:10:24'),(2,2,3,NULL,'NONE','2026-04-16 00:11:54'),(3,3,4,NULL,'Shitszu','2026-04-16 00:12:14'),(4,4,5,NULL,'annie','2026-04-16 00:12:51'),(5,4,6,9,NULL,'2026-04-16 00:12:51'),(6,4,7,14,NULL,'2026-04-16 00:12:51'),(7,5,3,NULL,'Pet Clinic 123','2026-04-16 03:17:25'),(8,6,5,NULL,'Black','2026-04-16 03:18:10'),(9,6,6,10,NULL,'2026-04-16 03:18:10'),(10,6,7,14,NULL,'2026-04-16 03:18:10'),(11,7,3,NULL,'NONE','2026-04-30 02:15:24'),(12,8,4,NULL,'Shitsu','2026-04-30 02:17:39'),(13,9,5,NULL,'Annie','2026-04-30 02:18:07'),(14,9,6,9,NULL,'2026-04-30 02:18:07'),(15,9,7,14,NULL,'2026-04-30 02:18:07'),(16,10,3,NULL,'NONE','2026-05-07 10:26:55'),(17,11,4,NULL,'Labro','2026-05-07 10:27:17'),(18,12,5,NULL,'Lexie','2026-05-07 10:27:52'),(19,12,6,10,NULL,'2026-05-07 10:27:52'),(20,12,7,13,NULL,'2026-05-07 10:27:52'),(21,13,3,NULL,'Ritma clinic','2026-05-08 09:07:09'),(22,14,4,NULL,'Maltipoo','2026-05-08 09:08:37'),(23,15,3,NULL,'NONE','2026-05-11 02:58:46'),(24,16,4,NULL,'Shitzu','2026-05-11 02:59:05'),(25,17,5,NULL,'Annie','2026-05-11 02:59:29'),(26,17,6,9,NULL,'2026-05-11 02:59:29'),(27,17,7,14,NULL,'2026-05-11 02:59:29'),(28,18,3,NULL,'NONE','2026-05-11 03:59:41'),(29,19,4,NULL,'Shitzu','2026-05-11 04:00:01'),(30,20,5,NULL,'Annie','2026-05-11 04:00:44'),(31,20,6,9,NULL,'2026-05-11 04:00:44'),(32,20,7,14,NULL,'2026-05-11 04:00:44'),(33,21,3,NULL,'NONE','2026-05-12 00:49:59'),(34,22,4,NULL,'maltipoo','2026-05-12 00:50:25'),(35,23,5,NULL,'Rory','2026-05-12 00:53:34'),(36,23,6,10,NULL,'2026-05-12 00:53:34'),(37,23,7,14,NULL,'2026-05-12 00:53:34'),(38,24,3,NULL,'NONE','2026-05-12 02:39:13'),(39,25,4,NULL,'Shitzsu','2026-05-12 02:39:35'),(40,26,5,NULL,'Annie','2026-05-12 02:39:59'),(41,26,6,9,NULL,'2026-05-12 02:39:59'),(42,26,7,14,NULL,'2026-05-12 02:39:59'),(43,27,3,NULL,'NONE','2026-05-12 02:43:28'),(44,28,4,NULL,'shitzsu','2026-05-12 02:43:43'),(45,29,5,NULL,'Annie','2026-05-12 02:44:14'),(46,29,6,9,NULL,'2026-05-12 02:44:14'),(47,29,7,14,NULL,'2026-05-12 02:44:14'),(48,30,3,NULL,'https://wa-username.growthdesk.dev/storage/channel/43/recipient/a1c2372b-62cb-44cb-8b02-228fb53a4b61/a1c23c22-529e-4c87-b23c-1c4b0d6ced49.jpeg','2026-05-12 03:20:48'),(49,31,3,NULL,'NONE','2026-05-12 03:40:30'),(50,32,4,NULL,'shitzsu','2026-05-12 03:40:46'),(51,33,5,NULL,'Annie','2026-05-12 03:41:37'),(52,33,6,9,NULL,'2026-05-12 03:41:37'),(53,33,7,14,NULL,'2026-05-12 03:41:37'),(54,34,3,NULL,'NONE','2026-05-12 08:21:05'),(55,35,4,NULL,'Shitzsu','2026-05-12 08:21:33'),(56,36,5,NULL,'Annie','2026-05-12 08:22:25'),(57,36,6,9,NULL,'2026-05-12 08:22:25'),(58,36,7,14,NULL,'2026-05-12 08:22:25');

--
-- Table structure for table `user_question_headers`
--

CREATE TABLE `user_question_headers` (
  `id` bigint unsigned NOT NULL AUTO_INCREMENT,
  `user_id` int unsigned NOT NULL,
  `user_daily_challenge_id` int unsigned NOT NULL,
  `created_at` timestamp NOT NULL DEFAULT CURRENT_TIMESTAMP,
  PRIMARY KEY (`id`),
  KEY `user_question_headers_user_id_index` (`user_id`),
  KEY `user_question_headers_user_daily_challenge_id_index` (`user_daily_challenge_id`)
) ENGINE=InnoDB AUTO_INCREMENT=37 DEFAULT CHARSET=utf8mb4 COLLATE=utf8mb4_unicode_ci;

--
-- Dumping data for table `user_question_headers`
--

INSERT INTO `user_question_headers` VALUES (1,5,1,'2026-04-13 09:10:24'),(2,8,2,'2026-04-16 00:11:54'),(3,8,3,'2026-04-16 00:12:14'),(4,8,4,'2026-04-16 00:12:50'),(5,9,5,'2026-04-16 03:17:25'),(6,9,6,'2026-04-16 03:18:10'),(7,8,7,'2026-04-30 02:15:24'),(8,8,8,'2026-04-30 02:17:39'),(9,8,9,'2026-04-30 02:18:07'),(10,10,10,'2026-05-07 10:26:55'),(11,10,11,'2026-05-07 10:27:17'),(12,10,12,'2026-05-07 10:27:52'),(13,11,13,'2026-05-08 09:07:09'),(14,11,14,'2026-05-08 09:08:37'),(15,8,15,'2026-05-11 02:58:46'),(16,8,16,'2026-05-11 02:59:05'),(17,8,17,'2026-05-11 02:59:29'),(18,8,18,'2026-05-11 03:59:41'),(19,8,19,'2026-05-11 04:00:01'),(20,8,20,'2026-05-11 04:00:44'),(21,12,21,'2026-05-12 00:49:59'),(22,12,22,'2026-05-12 00:50:25'),(23,12,23,'2026-05-12 00:53:34'),(24,8,24,'2026-05-12 02:39:13'),(25,8,25,'2026-05-12 02:39:34'),(26,8,26,'2026-05-12 02:39:59'),(27,8,27,'2026-05-12 02:43:28'),(28,8,28,'2026-05-12 02:43:43'),(29,8,29,'2026-05-12 02:44:14'),(30,8,30,'2026-05-12 03:20:48'),(31,8,31,'2026-05-12 03:40:30'),(32,8,32,'2026-05-12 03:40:46'),(33,8,33,'2026-05-12 03:41:37'),(34,8,42,'2026-05-12 08:21:05'),(35,8,43,'2026-05-12 08:21:33'),(36,8,44,'2026-05-12 08:22:25');

--
-- Table structure for table `user_redirect_logs`
--

CREATE TABLE `user_redirect_logs` (
  `id` bigint unsigned NOT NULL AUTO_INCREMENT,
  `user_id` bigint unsigned NOT NULL,
  `redirect_url` text COLLATE utf8mb4_unicode_ci NOT NULL,
  `first_press_at` timestamp NULL DEFAULT NULL,
  `expired_at` timestamp NOT NULL,
  `created_at` timestamp NULL DEFAULT NULL,
  `updated_at` timestamp NULL DEFAULT NULL,
  PRIMARY KEY (`id`),
  KEY `user_redirect_logs_user_id_index` (`user_id`)
) ENGINE=InnoDB DEFAULT CHARSET=utf8mb4 COLLATE=utf8mb4_unicode_ci;

--
-- Dumping data for table `user_redirect_logs`
--


--
-- Table structure for table `user_session_logs`
--

CREATE TABLE `user_session_logs` (
  `id` bigint unsigned NOT NULL AUTO_INCREMENT,
  `user_id` bigint unsigned DEFAULT NULL,
  `business_account_id` bigint unsigned DEFAULT NULL,
  `ip_address` varchar(40) CHARACTER SET utf8mb4 COLLATE utf8mb4_unicode_ci DEFAULT NULL,
  `csrf_token` varchar(191) CHARACTER SET utf8mb4 COLLATE utf8mb4_unicode_ci DEFAULT NULL,
  `beat_date` date NOT NULL,
  `beat_from` datetime NOT NULL,
  `beat_to` datetime NOT NULL,
  `beat_seconds` int NOT NULL,
  `beat_tolerance_seconds` int NOT NULL,
  `session_completed` tinyint(1) NOT NULL DEFAULT '0',
  `url_path` varchar(191) CHARACTER SET utf8mb4 COLLATE utf8mb4_unicode_ci DEFAULT NULL,
  `params` text CHARACTER SET utf8mb4 COLLATE utf8mb4_unicode_ci,
  `created_at` timestamp NULL DEFAULT NULL,
  `updated_at` timestamp NULL DEFAULT NULL,
  PRIMARY KEY (`id`),
  KEY `user_session_logs_beat_date_user_id_index` (`beat_date`,`user_id`),
  KEY `user_session_logs_business_account_id_ip_address_index` (`business_account_id`,`ip_address`)
) ENGINE=InnoDB AUTO_INCREMENT=115 DEFAULT CHARSET=utf8mb4 COLLATE=utf8mb4_unicode_ci;

--
-- Dumping data for table `user_session_logs`
--

INSERT INTO `user_session_logs` VALUES (1,NULL,1,'108.28.151.210','BnfyTUrUa00aZFDZ9FHI8dHTRVAuQrHXpDmWPHo3|e5994315-81af-08dd-4665-ee82cdef9c48','2026-04-07','2026-04-07 14:46:32','2026-04-07 14:46:43',10,180,0,'/register',NULL,'2026-04-07 06:46:32','2026-04-07 06:46:43'),(2,NULL,1,'173.215.87.32','IDSUuXJd7s9xW5p5MgnCWES363Pq8dDVOc4dw5C0|3576ff8b-57bf-8a5f-af6a-c20d969f27f2','2026-04-07','2026-04-07 14:46:36','2026-04-07 14:46:47',10,180,0,'/register',NULL,'2026-04-07 06:46:36','2026-04-07 06:46:47'),(3,2,1,'136.158.78.60','EU2fpAg4IpuP1C2GHXvRetXgFLoAirDKXBXLMllW|0fb947c1-59c9-1c5b-c7cd-1cd6234821d8','2026-04-07','2026-04-07 14:52:40','2026-04-07 14:52:48',10,180,1,NULL,NULL,'2026-04-07 06:52:40','2026-04-07 06:52:48'),(4,2,1,'136.158.78.60','EU2fpAg4IpuP1C2GHXvRetXgFLoAirDKXBXLMllW|d90af298-07ef-1dc3-a35c-e1273ec16fad','2026-04-07','2026-04-07 14:53:29','2026-04-07 14:53:36',10,180,1,NULL,NULL,'2026-04-07 06:53:29','2026-04-07 06:53:36'),(5,2,1,'136.158.78.60','EU2fpAg4IpuP1C2GHXvRetXgFLoAirDKXBXLMllW|d90af298-07ef-1dc3-a35c-e1273ec16fad','2026-04-07','2026-04-07 14:54:14','2026-04-07 14:54:16',10,180,1,NULL,NULL,'2026-04-07 06:54:14','2026-04-07 06:54:16'),(6,2,1,'136.158.78.60','EU2fpAg4IpuP1C2GHXvRetXgFLoAirDKXBXLMllW|d90af298-07ef-1dc3-a35c-e1273ec16fad','2026-04-07','2026-04-07 14:55:52','2026-04-07 14:55:54',10,180,1,NULL,NULL,'2026-04-07 06:55:52','2026-04-07 06:55:54'),(7,2,1,'136.158.78.60','EU2fpAg4IpuP1C2GHXvRetXgFLoAirDKXBXLMllW|d90af298-07ef-1dc3-a35c-e1273ec16fad','2026-04-07','2026-04-07 15:00:14','2026-04-07 15:00:27',10,180,1,NULL,NULL,'2026-04-07 07:00:14','2026-04-07 07:00:27'),(8,2,1,'136.158.78.60','EU2fpAg4IpuP1C2GHXvRetXgFLoAirDKXBXLMllW|d90af298-07ef-1dc3-a35c-e1273ec16fad','2026-04-07','2026-04-07 15:00:36','2026-04-07 15:00:39',10,180,1,NULL,NULL,'2026-04-07 07:00:36','2026-04-07 07:00:39'),(9,2,1,'136.158.78.60','EU2fpAg4IpuP1C2GHXvRetXgFLoAirDKXBXLMllW|d90af298-07ef-1dc3-a35c-e1273ec16fad','2026-04-07','2026-04-07 15:02:07','2026-04-07 15:02:09',10,180,1,NULL,NULL,'2026-04-07 07:02:07','2026-04-07 07:02:09'),(10,2,1,'136.158.78.60','EU2fpAg4IpuP1C2GHXvRetXgFLoAirDKXBXLMllW|d90af298-07ef-1dc3-a35c-e1273ec16fad','2026-04-07','2026-04-07 15:02:54','2026-04-07 15:02:55',10,180,1,NULL,NULL,'2026-04-07 07:02:54','2026-04-07 07:02:55'),(11,2,1,'136.158.78.60','EU2fpAg4IpuP1C2GHXvRetXgFLoAirDKXBXLMllW|d90af298-07ef-1dc3-a35c-e1273ec16fad','2026-04-07','2026-04-07 15:07:28','2026-04-07 15:07:30',10,180,1,NULL,NULL,'2026-04-07 07:07:28','2026-04-07 07:07:30'),(12,2,1,'136.158.78.60','EU2fpAg4IpuP1C2GHXvRetXgFLoAirDKXBXLMllW|d90af298-07ef-1dc3-a35c-e1273ec16fad','2026-04-07','2026-04-07 15:09:46','2026-04-07 15:09:48',10,180,1,NULL,NULL,'2026-04-07 07:09:46','2026-04-07 07:09:48'),(13,2,1,'136.158.78.60','EU2fpAg4IpuP1C2GHXvRetXgFLoAirDKXBXLMllW|d90af298-07ef-1dc3-a35c-e1273ec16fad','2026-04-07','2026-04-07 15:09:49','2026-04-07 15:09:51',10,180,1,NULL,NULL,'2026-04-07 07:09:49','2026-04-07 07:09:51'),(14,4,1,'136.158.78.60','EU2fpAg4IpuP1C2GHXvRetXgFLoAirDKXBXLMllW|b03d3de2-8f23-7a0e-7f2b-52438ce43f5e','2026-04-07','2026-04-07 15:13:54','2026-04-07 15:14:24',10,180,0,NULL,NULL,'2026-04-07 07:13:54','2026-04-07 07:14:24'),(15,5,1,'136.158.78.60','8ZGE0tlxDkeZnYCQvkEPUQUPMxMhDM2KwbNKvpgC|5e7ab632-ec5a-7b9e-01e5-c3c99d7c0af8','2026-04-07','2026-04-07 15:14:28','2026-04-07 15:14:28',10,180,0,'/register',NULL,'2026-04-07 07:14:28','2026-04-07 07:14:31'),(16,5,1,'136.158.78.60','8ZGE0tlxDkeZnYCQvkEPUQUPMxMhDM2KwbNKvpgC|5e7ab632-ec5a-7b9e-01e5-c3c99d7c0af8','2026-04-07','2026-04-07 15:14:31','2026-04-07 15:14:31',10,180,1,'/register',NULL,'2026-04-07 07:14:31','2026-04-07 07:14:31'),(17,5,1,'136.158.78.60','8ZGE0tlxDkeZnYCQvkEPUQUPMxMhDM2KwbNKvpgC|ace27233-f7cf-86bf-de54-3f5d7536cacf','2026-04-07','2026-04-07 15:14:31','2026-04-07 15:14:36',10,180,1,NULL,NULL,'2026-04-07 07:14:31','2026-04-07 07:14:36'),(18,5,1,'136.158.78.60','8ZGE0tlxDkeZnYCQvkEPUQUPMxMhDM2KwbNKvpgC|ace27233-f7cf-86bf-de54-3f5d7536cacf','2026-04-07','2026-04-07 15:21:50','2026-04-07 15:21:52',10,180,1,NULL,NULL,'2026-04-07 07:21:50','2026-04-07 07:21:52'),(19,NULL,1,'136.158.60.215','c7xtsiajKuRpw8bERft9YIvdWnfCvthIh8yBKK05|95776bca-c8be-fa14-7394-28b9c2861b45','2026-04-07','2026-04-07 15:38:12','2026-04-07 15:38:17',10,180,1,'/register',NULL,'2026-04-07 07:38:12','2026-04-07 07:38:17'),(20,5,1,'136.158.78.60','8ZGE0tlxDkeZnYCQvkEPUQUPMxMhDM2KwbNKvpgC|ace27233-f7cf-86bf-de54-3f5d7536cacf','2026-04-07','2026-04-07 16:03:04','2026-04-07 16:03:06',10,180,1,NULL,NULL,'2026-04-07 08:03:04','2026-04-07 08:03:06'),(21,5,1,'136.158.78.60','8ZGE0tlxDkeZnYCQvkEPUQUPMxMhDM2KwbNKvpgC|ace27233-f7cf-86bf-de54-3f5d7536cacf','2026-04-07','2026-04-07 16:11:03','2026-04-07 16:11:47',10,180,1,NULL,NULL,'2026-04-07 08:11:03','2026-04-07 08:11:47'),(22,5,1,'136.158.78.60','8ZGE0tlxDkeZnYCQvkEPUQUPMxMhDM2KwbNKvpgC|ace27233-f7cf-86bf-de54-3f5d7536cacf','2026-04-07','2026-04-07 16:14:34','2026-04-07 16:14:34',10,180,1,NULL,NULL,'2026-04-07 08:14:34','2026-04-07 08:14:34'),(23,5,1,'136.158.78.60','8ZGE0tlxDkeZnYCQvkEPUQUPMxMhDM2KwbNKvpgC|ace27233-f7cf-86bf-de54-3f5d7536cacf','2026-04-07','2026-04-07 16:50:59','2026-04-07 16:51:01',10,180,1,NULL,NULL,'2026-04-07 08:50:59','2026-04-07 08:51:01'),(24,NULL,1,'34.211.53.65','QFGQYDGMpm1u7tSBSFB1QGmMI8ScNKM74JYkrtHt|60ed3045-e146-c065-c360-1a83c70b56b0','2026-04-07','2026-04-07 16:59:29','2026-04-07 16:59:31',10,180,1,'/register',NULL,'2026-04-07 08:59:29','2026-04-07 08:59:31'),(25,NULL,1,'34.211.53.65','uEXIagZu38Qk4qZZ3155Y9q24WzPFIo8JdX6Sk6r|4b3e8a92-0781-8e59-8e39-89e660963802','2026-04-07','2026-04-07 16:59:36','2026-04-07 16:59:38',10,180,1,'/register',NULL,'2026-04-07 08:59:36','2026-04-07 08:59:38'),(26,5,1,'103.41.9.184','8ZGE0tlxDkeZnYCQvkEPUQUPMxMhDM2KwbNKvpgC|ace27233-f7cf-86bf-de54-3f5d7536cacf','2026-04-10','2026-04-10 09:34:50','2026-04-10 09:34:53',10,180,1,NULL,NULL,'2026-04-10 01:34:50','2026-04-10 01:34:53'),(27,5,1,'136.158.78.253','8ZGE0tlxDkeZnYCQvkEPUQUPMxMhDM2KwbNKvpgC|bd9e67da-19e6-b9c9-6826-73dcde0dfb56','2026-04-14','2026-04-14 14:43:08','2026-04-14 14:43:10',10,180,1,NULL,NULL,'2026-04-14 06:43:08','2026-04-14 06:43:10'),(28,2,1,'136.158.78.253','8ZGE0tlxDkeZnYCQvkEPUQUPMxMhDM2KwbNKvpgC|aadc4316-d1de-4388-9a93-58824ca123a7','2026-04-14','2026-04-14 14:47:10','2026-04-14 14:47:11',10,180,1,NULL,NULL,'2026-04-14 06:47:10','2026-04-14 06:47:11'),(29,NULL,1,'136.158.60.215','c7xtsiajKuRpw8bERft9YIvdWnfCvthIh8yBKK05|d0bfe829-185a-5cfd-4d96-7c7035aac396','2026-04-14','2026-04-14 15:10:06','2026-04-14 15:10:09',10,180,1,'/register',NULL,'2026-04-14 07:10:06','2026-04-14 07:10:09'),(30,9,1,'136.158.78.253','v1APU7box43q93aSZPqp9CUhBqu74TerX01pzzUA|f1ff330a-c47b-6140-e5c4-7777b854c988','2026-04-16','2026-04-16 12:02:36','2026-04-16 12:02:36',10,180,0,'/register',NULL,'2026-04-16 04:02:36','2026-04-16 04:02:40'),(31,9,1,'136.158.78.253','v1APU7box43q93aSZPqp9CUhBqu74TerX01pzzUA|f1ff330a-c47b-6140-e5c4-7777b854c988','2026-04-16','2026-04-16 12:02:40','2026-04-16 12:02:40',10,180,1,'/register',NULL,'2026-04-16 04:02:40','2026-04-16 04:02:40'),(32,9,1,'136.158.78.253','v1APU7box43q93aSZPqp9CUhBqu74TerX01pzzUA|7ed22862-deb7-fe64-962c-bcd27736bcf6','2026-04-16','2026-04-16 12:02:41','2026-04-16 12:02:45',10,180,1,NULL,NULL,'2026-04-16 04:02:41','2026-04-16 04:02:45'),(33,9,1,'136.158.78.253','v1APU7box43q93aSZPqp9CUhBqu74TerX01pzzUA|7ed22862-deb7-fe64-962c-bcd27736bcf6','2026-04-16','2026-04-16 14:33:49','2026-04-16 14:33:50',10,180,1,NULL,NULL,'2026-04-16 06:33:49','2026-04-16 06:33:50'),(34,9,1,'136.158.78.253','v1APU7box43q93aSZPqp9CUhBqu74TerX01pzzUA|7ed22862-deb7-fe64-962c-bcd27736bcf6','2026-04-16','2026-04-16 14:33:52','2026-04-16 14:36:24',10,180,1,NULL,NULL,'2026-04-16 06:33:52','2026-04-16 06:36:24'),(35,9,1,'136.158.78.253','v1APU7box43q93aSZPqp9CUhBqu74TerX01pzzUA|86f74f5a-fa59-d0de-42ba-f82982ec50f4','2026-04-16','2026-04-16 14:36:56','2026-04-16 14:36:57',10,180,1,NULL,NULL,'2026-04-16 06:36:56','2026-04-16 06:36:57'),(36,9,1,'136.158.78.253','v1APU7box43q93aSZPqp9CUhBqu74TerX01pzzUA|86f74f5a-fa59-d0de-42ba-f82982ec50f4','2026-04-16','2026-04-16 14:42:12','2026-04-16 14:42:12',10,180,1,NULL,NULL,'2026-04-16 06:42:12','2026-04-16 06:42:12'),(37,9,1,'136.158.78.253','v1APU7box43q93aSZPqp9CUhBqu74TerX01pzzUA|86f74f5a-fa59-d0de-42ba-f82982ec50f4','2026-04-16','2026-04-16 14:47:49','2026-04-16 14:47:52',10,180,1,NULL,NULL,'2026-04-16 06:47:49','2026-04-16 06:47:52'),(38,5,1,'136.158.78.253','v1APU7box43q93aSZPqp9CUhBqu74TerX01pzzUA|e03a63d9-de6e-33f3-5e12-6571bc386c6e','2026-04-16','2026-04-16 14:47:59','2026-04-16 14:47:59',10,180,0,NULL,NULL,'2026-04-16 06:47:59','2026-04-16 06:47:59'),(39,2,1,'136.158.78.253','v1APU7box43q93aSZPqp9CUhBqu74TerX01pzzUA|8c45c5cb-bdfc-5e87-fb2b-b04eba832911','2026-04-16','2026-04-16 14:48:06','2026-04-16 14:48:08',10,180,1,NULL,NULL,'2026-04-16 06:48:06','2026-04-16 06:48:08'),(40,2,1,'136.158.78.253','v1APU7box43q93aSZPqp9CUhBqu74TerX01pzzUA|2a1f2bee-efed-7322-98e0-4cc895d1ee41','2026-04-17','2026-04-17 17:13:54','2026-04-17 17:34:22',10,180,0,NULL,NULL,'2026-04-17 09:13:54','2026-04-17 09:34:22'),(41,2,1,'136.158.78.253','v1APU7box43q93aSZPqp9CUhBqu74TerX01pzzUA|2a1f2bee-efed-7322-98e0-4cc895d1ee41','2026-04-17','2026-04-17 17:49:52','2026-04-17 18:31:52',10,180,0,NULL,NULL,'2026-04-17 09:49:52','2026-04-17 10:31:52'),(42,2,1,'136.158.78.253','v1APU7box43q93aSZPqp9CUhBqu74TerX01pzzUA|2a1f2bee-efed-7322-98e0-4cc895d1ee41','2026-04-17','2026-04-17 18:35:13','2026-04-17 18:41:12',10,180,0,NULL,NULL,'2026-04-17 10:35:13','2026-04-17 10:41:12'),(43,2,1,'216.247.87.214','v1APU7box43q93aSZPqp9CUhBqu74TerX01pzzUA|6efa5ba7-9f79-7cf8-6ca7-e9ce6d2b3474','2026-04-24','2026-04-24 13:48:54','2026-04-24 13:49:13',10,180,1,NULL,NULL,'2026-04-24 05:48:54','2026-04-24 05:49:13'),(44,2,1,'216.247.87.214','v1APU7box43q93aSZPqp9CUhBqu74TerX01pzzUA|6efa5ba7-9f79-7cf8-6ca7-e9ce6d2b3474','2026-04-24','2026-04-24 13:50:05','2026-04-24 13:50:06',10,180,1,NULL,NULL,'2026-04-24 05:50:05','2026-04-24 05:50:06'),(45,2,1,'216.247.87.214','v1APU7box43q93aSZPqp9CUhBqu74TerX01pzzUA|f5c963bb-54ab-f0fa-f4c8-73f680ca335b','2026-04-24','2026-04-24 13:50:15','2026-04-24 13:50:18',10,180,1,'/use/1AUse-042026-1-af2r98ux77',NULL,'2026-04-24 05:50:15','2026-04-24 05:50:18'),(46,2,1,'216.247.87.214','v1APU7box43q93aSZPqp9CUhBqu74TerX01pzzUA|6efa5ba7-9f79-7cf8-6ca7-e9ce6d2b3474','2026-04-24','2026-04-24 13:50:18','2026-04-24 13:50:23',10,180,1,NULL,NULL,'2026-04-24 05:50:18','2026-04-24 05:50:23'),(47,2,1,'216.247.87.214','v1APU7box43q93aSZPqp9CUhBqu74TerX01pzzUA|6efa5ba7-9f79-7cf8-6ca7-e9ce6d2b3474','2026-04-24','2026-04-24 13:53:57','2026-04-24 13:53:58',10,180,1,NULL,NULL,'2026-04-24 05:53:57','2026-04-24 05:53:58'),(48,2,1,'216.247.87.214','v1APU7box43q93aSZPqp9CUhBqu74TerX01pzzUA|f5c963bb-54ab-f0fa-f4c8-73f680ca335b','2026-04-24','2026-04-24 13:53:58','2026-04-24 13:54:16',10,180,1,'/use/1AUse-042026-1-af2r98ux77',NULL,'2026-04-24 05:53:58','2026-04-24 05:54:16'),(49,2,1,'216.247.87.214','v1APU7box43q93aSZPqp9CUhBqu74TerX01pzzUA|f5c963bb-54ab-f0fa-f4c8-73f680ca335b','2026-04-24','2026-04-24 13:54:54','2026-04-24 13:55:00',10,180,1,'/use/1AUse-042026-1-af2r98ux77',NULL,'2026-04-24 05:54:54','2026-04-24 05:55:00'),(50,2,1,'216.247.87.214','v1APU7box43q93aSZPqp9CUhBqu74TerX01pzzUA|f5c963bb-54ab-f0fa-f4c8-73f680ca335b','2026-04-24','2026-04-24 13:55:01','2026-04-24 13:55:01',10,180,1,'/use/1AUse-042026-1-af2r98ux77',NULL,'2026-04-24 05:55:01','2026-04-24 05:55:01'),(51,2,1,'216.247.87.214','v1APU7box43q93aSZPqp9CUhBqu74TerX01pzzUA|6efa5ba7-9f79-7cf8-6ca7-e9ce6d2b3474','2026-04-24','2026-04-24 13:55:02','2026-04-24 13:55:20',10,180,1,NULL,NULL,'2026-04-24 05:55:02','2026-04-24 05:55:20'),(52,2,1,'216.247.87.214','v1APU7box43q93aSZPqp9CUhBqu74TerX01pzzUA|6efa5ba7-9f79-7cf8-6ca7-e9ce6d2b3474','2026-04-24','2026-04-24 13:55:21','2026-04-24 13:55:21',10,180,0,NULL,NULL,'2026-04-24 05:55:21','2026-04-24 05:55:21'),(53,2,1,'216.247.87.214','v1APU7box43q93aSZPqp9CUhBqu74TerX01pzzUA|f5c963bb-54ab-f0fa-f4c8-73f680ca335b','2026-04-24','2026-04-24 13:55:22','2026-04-24 13:55:22',10,180,0,'/use/1AUse-042026-1-af2r98ux77',NULL,'2026-04-24 05:55:22','2026-04-24 05:55:22'),(54,2,1,'216.247.87.214','v1APU7box43q93aSZPqp9CUhBqu74TerX01pzzUA|6efa5ba7-9f79-7cf8-6ca7-e9ce6d2b3474','2026-04-24','2026-04-24 13:55:22','2026-04-24 13:55:22',10,180,1,NULL,NULL,'2026-04-24 05:55:22','2026-04-24 05:55:22'),(55,2,1,'216.247.87.214','v1APU7box43q93aSZPqp9CUhBqu74TerX01pzzUA|6efa5ba7-9f79-7cf8-6ca7-e9ce6d2b3474','2026-04-24','2026-04-24 14:05:36','2026-04-24 14:05:39',10,180,1,NULL,NULL,'2026-04-24 06:05:36','2026-04-24 06:05:39'),(56,2,1,'216.247.87.214','v1APU7box43q93aSZPqp9CUhBqu74TerX01pzzUA|6efa5ba7-9f79-7cf8-6ca7-e9ce6d2b3474','2026-04-24','2026-04-24 14:05:39','2026-04-24 14:05:41',10,180,1,NULL,NULL,'2026-04-24 06:05:39','2026-04-24 06:05:41'),(57,2,1,'216.247.87.214','v1APU7box43q93aSZPqp9CUhBqu74TerX01pzzUA|6efa5ba7-9f79-7cf8-6ca7-e9ce6d2b3474','2026-04-24','2026-04-24 14:06:11','2026-04-24 14:06:13',10,180,1,NULL,NULL,'2026-04-24 06:06:11','2026-04-24 06:06:13'),(58,2,1,'216.247.87.214','v1APU7box43q93aSZPqp9CUhBqu74TerX01pzzUA|6efa5ba7-9f79-7cf8-6ca7-e9ce6d2b3474','2026-04-24','2026-04-24 14:06:21','2026-04-24 14:06:23',10,180,1,NULL,NULL,'2026-04-24 06:06:21','2026-04-24 06:06:23'),(59,2,1,'216.247.87.214','v1APU7box43q93aSZPqp9CUhBqu74TerX01pzzUA|6efa5ba7-9f79-7cf8-6ca7-e9ce6d2b3474','2026-04-24','2026-04-24 14:25:50','2026-04-24 14:25:52',10,180,1,NULL,NULL,'2026-04-24 06:25:50','2026-04-24 06:25:52'),(60,2,1,'216.247.87.214','v1APU7box43q93aSZPqp9CUhBqu74TerX01pzzUA|6efa5ba7-9f79-7cf8-6ca7-e9ce6d2b3474','2026-04-24','2026-04-24 14:26:54','2026-04-24 14:26:56',10,180,1,NULL,NULL,'2026-04-24 06:26:54','2026-04-24 06:26:56'),(61,2,1,'216.247.87.214','v1APU7box43q93aSZPqp9CUhBqu74TerX01pzzUA|6efa5ba7-9f79-7cf8-6ca7-e9ce6d2b3474','2026-04-24','2026-04-24 14:26:57','2026-04-24 14:26:58',10,180,1,NULL,NULL,'2026-04-24 06:26:57','2026-04-24 06:26:58'),(62,2,1,'216.247.87.214','v1APU7box43q93aSZPqp9CUhBqu74TerX01pzzUA|6efa5ba7-9f79-7cf8-6ca7-e9ce6d2b3474','2026-04-24','2026-04-24 14:27:05','2026-04-24 14:27:07',10,180,1,NULL,NULL,'2026-04-24 06:27:05','2026-04-24 06:27:07'),(63,2,1,'216.247.87.214','v1APU7box43q93aSZPqp9CUhBqu74TerX01pzzUA|6efa5ba7-9f79-7cf8-6ca7-e9ce6d2b3474','2026-04-24','2026-04-24 14:27:18','2026-04-24 14:27:20',10,180,1,NULL,NULL,'2026-04-24 06:27:18','2026-04-24 06:27:20'),(64,2,1,'216.247.87.214','v1APU7box43q93aSZPqp9CUhBqu74TerX01pzzUA|6efa5ba7-9f79-7cf8-6ca7-e9ce6d2b3474','2026-04-24','2026-04-24 14:28:10','2026-04-24 14:28:12',10,180,1,NULL,NULL,'2026-04-24 06:28:10','2026-04-24 06:28:12'),(65,2,1,'216.247.87.214','v1APU7box43q93aSZPqp9CUhBqu74TerX01pzzUA|6efa5ba7-9f79-7cf8-6ca7-e9ce6d2b3474','2026-04-24','2026-04-24 14:28:13','2026-04-24 14:28:15',10,180,1,NULL,NULL,'2026-04-24 06:28:13','2026-04-24 06:28:15'),(66,2,1,'216.247.87.214','v1APU7box43q93aSZPqp9CUhBqu74TerX01pzzUA|6efa5ba7-9f79-7cf8-6ca7-e9ce6d2b3474','2026-04-24','2026-04-24 14:28:34','2026-04-24 14:28:36',10,180,1,NULL,NULL,'2026-04-24 06:28:34','2026-04-24 06:28:36'),(67,2,1,'216.247.87.214','v1APU7box43q93aSZPqp9CUhBqu74TerX01pzzUA|6efa5ba7-9f79-7cf8-6ca7-e9ce6d2b3474','2026-04-24','2026-04-24 14:29:20','2026-04-24 14:29:22',10,180,1,NULL,NULL,'2026-04-24 06:29:20','2026-04-24 06:29:22'),(68,2,1,'216.247.87.214','v1APU7box43q93aSZPqp9CUhBqu74TerX01pzzUA|6efa5ba7-9f79-7cf8-6ca7-e9ce6d2b3474','2026-04-24','2026-04-24 14:29:26','2026-04-24 14:29:29',10,180,1,NULL,NULL,'2026-04-24 06:29:26','2026-04-24 06:29:29'),(69,2,1,'216.247.87.214','v1APU7box43q93aSZPqp9CUhBqu74TerX01pzzUA|6efa5ba7-9f79-7cf8-6ca7-e9ce6d2b3474','2026-04-24','2026-04-24 14:32:06','2026-04-24 14:32:08',10,180,1,NULL,NULL,'2026-04-24 06:32:06','2026-04-24 06:32:08'),(70,2,1,'216.247.87.214','v1APU7box43q93aSZPqp9CUhBqu74TerX01pzzUA|6efa5ba7-9f79-7cf8-6ca7-e9ce6d2b3474','2026-04-24','2026-04-24 14:40:52','2026-04-24 14:40:54',10,180,1,NULL,NULL,'2026-04-24 06:40:52','2026-04-24 06:40:54'),(71,2,1,'216.247.87.214','v1APU7box43q93aSZPqp9CUhBqu74TerX01pzzUA|6efa5ba7-9f79-7cf8-6ca7-e9ce6d2b3474','2026-04-24','2026-04-24 15:04:58','2026-04-24 15:05:00',10,180,1,NULL,NULL,'2026-04-24 07:04:58','2026-04-24 07:05:00'),(72,2,1,'216.247.87.214','v1APU7box43q93aSZPqp9CUhBqu74TerX01pzzUA|f5c963bb-54ab-f0fa-f4c8-73f680ca335b','2026-04-24','2026-04-24 15:21:09','2026-04-24 15:21:11',10,180,1,'/use/1AUse-042026-1-af2r98ux77',NULL,'2026-04-24 07:21:09','2026-04-24 07:21:11'),(73,2,1,'216.247.87.214','v1APU7box43q93aSZPqp9CUhBqu74TerX01pzzUA|f5c963bb-54ab-f0fa-f4c8-73f680ca335b','2026-04-24','2026-04-24 15:21:42','2026-04-24 15:21:43',10,180,1,'/use/1AUse-042026-1-af2r98ux77',NULL,'2026-04-24 07:21:42','2026-04-24 07:21:43'),(74,2,1,'216.247.87.214','v1APU7box43q93aSZPqp9CUhBqu74TerX01pzzUA|6efa5ba7-9f79-7cf8-6ca7-e9ce6d2b3474','2026-04-24','2026-04-24 15:21:43','2026-04-24 15:21:45',10,180,1,NULL,NULL,'2026-04-24 07:21:43','2026-04-24 07:21:45'),(75,2,1,'216.247.87.214','v1APU7box43q93aSZPqp9CUhBqu74TerX01pzzUA|6efa5ba7-9f79-7cf8-6ca7-e9ce6d2b3474','2026-04-24','2026-04-24 15:24:05','2026-04-24 15:24:07',10,180,1,NULL,NULL,'2026-04-24 07:24:05','2026-04-24 07:24:07'),(76,2,1,'216.247.87.214','v1APU7box43q93aSZPqp9CUhBqu74TerX01pzzUA|6efa5ba7-9f79-7cf8-6ca7-e9ce6d2b3474','2026-04-24','2026-04-24 15:24:07','2026-04-24 15:24:10',10,180,1,NULL,NULL,'2026-04-24 07:24:07','2026-04-24 07:24:10'),(77,2,1,'216.247.87.214','v1APU7box43q93aSZPqp9CUhBqu74TerX01pzzUA|6efa5ba7-9f79-7cf8-6ca7-e9ce6d2b3474','2026-04-24','2026-04-24 15:24:36','2026-04-24 15:24:37',10,180,1,NULL,NULL,'2026-04-24 07:24:36','2026-04-24 07:24:37'),(78,2,1,'216.247.87.214','v1APU7box43q93aSZPqp9CUhBqu74TerX01pzzUA|f5c963bb-54ab-f0fa-f4c8-73f680ca335b','2026-04-24','2026-04-24 17:06:55','2026-04-24 17:07:13',10,180,1,'/use/1AUse-042026-1-af2r98ux77',NULL,'2026-04-24 09:06:55','2026-04-24 09:07:13'),(79,2,1,'216.247.87.214','v1APU7box43q93aSZPqp9CUhBqu74TerX01pzzUA|d912f373-0253-16dc-df52-e9ecc64e2161','2026-04-24','2026-04-24 17:14:07','2026-04-24 17:14:09',10,180,1,'/use/1AUse-042026-1-af2r98ux77',NULL,'2026-04-24 09:14:07','2026-04-24 09:14:09'),(80,2,1,'216.247.87.214','v1APU7box43q93aSZPqp9CUhBqu74TerX01pzzUA|6efa5ba7-9f79-7cf8-6ca7-e9ce6d2b3474','2026-04-24','2026-04-24 17:23:24','2026-04-24 17:23:25',10,180,1,NULL,NULL,'2026-04-24 09:23:24','2026-04-24 09:23:25'),(81,2,1,'216.247.87.214','v1APU7box43q93aSZPqp9CUhBqu74TerX01pzzUA|d912f373-0253-16dc-df52-e9ecc64e2161','2026-04-24','2026-04-24 17:23:25','2026-04-24 17:23:27',10,180,1,'/use/1AUse-042026-1-af2r98ux77',NULL,'2026-04-24 09:23:25','2026-04-24 09:23:27'),(82,2,1,'216.247.87.214','v1APU7box43q93aSZPqp9CUhBqu74TerX01pzzUA|c5f3df8a-114a-23c6-47d1-ff0f444b55ca','2026-04-24','2026-04-24 17:23:28','2026-04-24 17:23:32',10,180,1,'/use/1AUse-042026-1-af2r98ux77',NULL,'2026-04-24 09:23:28','2026-04-24 09:23:32'),(83,2,1,'216.247.87.214','v1APU7box43q93aSZPqp9CUhBqu74TerX01pzzUA|c5f3df8a-114a-23c6-47d1-ff0f444b55ca','2026-04-24','2026-04-24 17:24:04','2026-04-24 17:24:10',10,180,1,'/use/1AUse-042026-1-af2r98ux77',NULL,'2026-04-24 09:24:04','2026-04-24 09:24:10'),(84,2,1,'216.247.87.214','v1APU7box43q93aSZPqp9CUhBqu74TerX01pzzUA|d1eaf1f8-2c4c-fed1-33c1-c5494d19a3f7','2026-04-24','2026-04-24 17:24:12','2026-04-24 17:24:15',10,180,1,'/use/1AUse-042026-1-af2r98ux77',NULL,'2026-04-24 09:24:12','2026-04-24 09:24:15'),(85,2,1,'216.247.87.214','v1APU7box43q93aSZPqp9CUhBqu74TerX01pzzUA|d1eaf1f8-2c4c-fed1-33c1-c5494d19a3f7','2026-04-24','2026-04-24 17:26:50','2026-04-24 17:27:04',10,180,1,'/use/1AUse-042026-1-af2r98ux77',NULL,'2026-04-24 09:26:50','2026-04-24 09:27:04'),(86,2,1,'216.247.87.214','v1APU7box43q93aSZPqp9CUhBqu74TerX01pzzUA|66c83bc5-93a9-8fd9-c761-1445dedff16b','2026-04-24','2026-04-24 17:27:13','2026-04-24 17:27:16',10,180,1,'/use/1AUse-042026-1-af2r98ux77',NULL,'2026-04-24 09:27:13','2026-04-24 09:27:16'),(87,2,1,'216.247.87.214','v1APU7box43q93aSZPqp9CUhBqu74TerX01pzzUA|66c83bc5-93a9-8fd9-c761-1445dedff16b','2026-04-24','2026-04-24 17:27:31','2026-04-24 17:27:33',10,180,1,'/use/1AUse-042026-1-af2r98ux77',NULL,'2026-04-24 09:27:31','2026-04-24 09:27:33'),(88,2,1,'216.247.87.214','v1APU7box43q93aSZPqp9CUhBqu74TerX01pzzUA|4ff2b97a-0b76-acde-a49c-d700fd4aa559','2026-04-24','2026-04-24 17:27:34','2026-04-24 17:27:42',10,180,1,'/use/1AUse-042026-1-af2r98ux77',NULL,'2026-04-24 09:27:34','2026-04-24 09:27:42'),(89,2,1,'216.247.87.214','v1APU7box43q93aSZPqp9CUhBqu74TerX01pzzUA|4ff2b97a-0b76-acde-a49c-d700fd4aa559','2026-04-24','2026-04-24 17:27:47','2026-04-24 17:27:49',10,180,1,'/use/1AUse-042026-1-af2r98ux77',NULL,'2026-04-24 09:27:47','2026-04-24 09:27:49'),(90,2,1,'136.158.78.175','v1APU7box43q93aSZPqp9CUhBqu74TerX01pzzUA|6efa5ba7-9f79-7cf8-6ca7-e9ce6d2b3474','2026-04-27','2026-04-27 14:06:34','2026-04-27 14:06:36',10,180,1,NULL,NULL,'2026-04-27 06:06:34','2026-04-27 06:06:36'),(91,2,1,'136.158.78.175','v1APU7box43q93aSZPqp9CUhBqu74TerX01pzzUA|4ff2b97a-0b76-acde-a49c-d700fd4aa559','2026-04-27','2026-04-27 14:06:36','2026-04-27 14:06:36',10,180,1,'/use/1AUse-042026-1-af2r98ux77',NULL,'2026-04-27 06:06:36','2026-04-27 06:06:36'),(92,2,1,'136.158.78.175','v1APU7box43q93aSZPqp9CUhBqu74TerX01pzzUA|6efa5ba7-9f79-7cf8-6ca7-e9ce6d2b3474','2026-04-27','2026-04-27 14:06:36','2026-04-27 14:06:36',10,180,0,NULL,NULL,'2026-04-27 06:06:36','2026-04-27 06:06:36'),(93,2,1,'136.158.78.175','v1APU7box43q93aSZPqp9CUhBqu74TerX01pzzUA|4ff2b97a-0b76-acde-a49c-d700fd4aa559','2026-04-27','2026-04-27 14:06:36','2026-04-27 14:06:36',10,180,1,'/use/1AUse-042026-1-af2r98ux77',NULL,'2026-04-27 06:06:36','2026-04-27 06:06:36'),(94,NULL,1,'136.158.60.132','c7xtsiajKuRpw8bERft9YIvdWnfCvthIh8yBKK05|ad95c398-c5e4-9ce1-94ed-ed08c831998c','2026-04-30','2026-04-30 10:21:42','2026-04-30 10:21:43',10,180,1,'/register',NULL,'2026-04-30 02:21:42','2026-04-30 02:21:43'),(95,NULL,1,'136.158.60.132','c7xtsiajKuRpw8bERft9YIvdWnfCvthIh8yBKK05|ad95c398-c5e4-9ce1-94ed-ed08c831998c','2026-04-30','2026-04-30 10:22:39','2026-04-30 10:22:41',10,180,1,'/register',NULL,'2026-04-30 02:22:39','2026-04-30 02:22:41'),(96,NULL,1,'136.158.60.132','c7xtsiajKuRpw8bERft9YIvdWnfCvthIh8yBKK05|ad95c398-c5e4-9ce1-94ed-ed08c831998c','2026-04-30','2026-04-30 10:23:02','2026-04-30 10:23:02',10,180,0,'/register',NULL,'2026-04-30 02:23:02','2026-04-30 02:23:02'),(97,9,1,'136.158.60.132','c7xtsiajKuRpw8bERft9YIvdWnfCvthIh8yBKK05|4b81d19a-00d6-9a13-27e0-afe1d9a19c18','2026-04-30','2026-04-30 10:23:11','2026-04-30 10:23:21',10,180,1,NULL,NULL,'2026-04-30 02:23:11','2026-04-30 02:23:21'),(98,9,1,'136.158.60.132','c7xtsiajKuRpw8bERft9YIvdWnfCvthIh8yBKK05|4b81d19a-00d6-9a13-27e0-afe1d9a19c18','2026-04-30','2026-04-30 10:34:59','2026-04-30 10:35:23',10,180,1,NULL,NULL,'2026-04-30 02:34:59','2026-04-30 02:35:23'),(99,9,1,'136.158.60.132','c7xtsiajKuRpw8bERft9YIvdWnfCvthIh8yBKK05|4b81d19a-00d6-9a13-27e0-afe1d9a19c18','2026-04-30','2026-04-30 10:37:22','2026-04-30 10:38:25',10,180,1,NULL,NULL,'2026-04-30 02:37:22','2026-04-30 02:38:25'),(100,9,1,'136.158.60.132','c7xtsiajKuRpw8bERft9YIvdWnfCvthIh8yBKK05|4b81d19a-00d6-9a13-27e0-afe1d9a19c18','2026-04-30','2026-04-30 10:46:58','2026-04-30 10:47:01',10,180,1,NULL,NULL,'2026-04-30 02:46:58','2026-04-30 02:47:01'),(101,NULL,1,'136.158.60.132','s1MJnBe4UGOGGga2rMbw2CEWu2Vx83zl8HnyiZ2a|46cf7168-5287-d698-850c-4a00866f1450','2026-04-30','2026-04-30 10:51:49','2026-04-30 10:51:49',10,180,0,'/register',NULL,'2026-04-30 02:51:49','2026-04-30 02:51:49'),(102,9,1,'136.158.60.132','s1MJnBe4UGOGGga2rMbw2CEWu2Vx83zl8HnyiZ2a|dbf025d8-c5a0-6f4f-4315-378cd7660f90','2026-04-30','2026-04-30 10:51:53','2026-04-30 10:51:57',10,180,1,NULL,NULL,'2026-04-30 02:51:53','2026-04-30 02:51:57'),(103,1,1,'136.158.60.132','s1MJnBe4UGOGGga2rMbw2CEWu2Vx83zl8HnyiZ2a|388fbde8-22f0-901b-d513-725c16d1d953','2026-04-30','2026-04-30 10:54:45','2026-04-30 10:54:48',10,180,1,NULL,NULL,'2026-04-30 02:54:45','2026-04-30 02:54:48'),(104,1,1,'136.158.60.214','s1MJnBe4UGOGGga2rMbw2CEWu2Vx83zl8HnyiZ2a|b93e376a-01d6-2b6c-799d-b7ea2d302fa9','2026-05-11','2026-05-11 12:05:47','2026-05-11 12:06:00',10,180,1,NULL,NULL,'2026-05-11 04:05:47','2026-05-11 04:06:00'),(105,1,1,'136.158.60.214','s1MJnBe4UGOGGga2rMbw2CEWu2Vx83zl8HnyiZ2a|b93e376a-01d6-2b6c-799d-b7ea2d302fa9','2026-05-11','2026-05-11 12:07:35','2026-05-11 12:07:35',10,180,0,NULL,NULL,'2026-05-11 04:07:35','2026-05-11 04:07:35'),(106,1,1,'136.158.60.214','s1MJnBe4UGOGGga2rMbw2CEWu2Vx83zl8HnyiZ2a|152d12f4-20ef-d170-7129-cf4b769e2ba5','2026-05-11','2026-05-11 12:10:45','2026-05-11 12:10:45',10,180,0,NULL,NULL,'2026-05-11 04:10:45','2026-05-11 04:10:45'),(107,NULL,1,'158.140.136.41','INcTYdIvfIvpuTKjVDEcUJm15Z9TbOTT6vZhVXvA|453301a8-251f-f74c-d263-c4880b19390c','2026-05-11','2026-05-11 23:02:51','2026-05-11 23:02:57',10,180,1,'/register',NULL,'2026-05-11 15:02:51','2026-05-11 15:02:57'),(108,NULL,1,'158.140.136.41','INcTYdIvfIvpuTKjVDEcUJm15Z9TbOTT6vZhVXvA|453301a8-251f-f74c-d263-c4880b19390c','2026-05-11','2026-05-11 23:03:05','2026-05-11 23:03:11',10,180,1,'/register',NULL,'2026-05-11 15:03:05','2026-05-11 15:03:11'),(109,NULL,1,'158.140.136.41','INcTYdIvfIvpuTKjVDEcUJm15Z9TbOTT6vZhVXvA|a154ec31-d73a-a86e-66ae-1ff5bc57b39e','2026-05-11','2026-05-11 23:03:59','2026-05-11 23:04:00',10,180,1,'/register',NULL,'2026-05-11 15:03:59','2026-05-11 15:04:00'),(110,NULL,1,'158.140.136.41','INcTYdIvfIvpuTKjVDEcUJm15Z9TbOTT6vZhVXvA|a154ec31-d73a-a86e-66ae-1ff5bc57b39e','2026-05-12','2026-05-12 09:03:01','2026-05-12 09:03:02',10,180,1,'/register',NULL,'2026-05-12 01:03:01','2026-05-12 01:03:02'),(111,1,1,'136.158.60.214','s1MJnBe4UGOGGga2rMbw2CEWu2Vx83zl8HnyiZ2a|ce0bbd3a-3d62-7210-ee4a-9d2bb58b9343','2026-05-12','2026-05-12 10:26:40','2026-05-12 10:26:40',10,180,0,NULL,NULL,'2026-05-12 02:26:40','2026-05-12 02:26:40'),(112,1,1,'136.158.60.214','s1MJnBe4UGOGGga2rMbw2CEWu2Vx83zl8HnyiZ2a|0fd8e52a-716e-0a27-a4ce-a5c2dec6d9c9','2026-05-12','2026-05-12 14:29:33','2026-05-12 14:29:33',10,180,0,NULL,NULL,'2026-05-12 06:29:33','2026-05-12 06:29:33'),(113,1,1,'136.158.60.214','s1MJnBe4UGOGGga2rMbw2CEWu2Vx83zl8HnyiZ2a|5124333f-d792-c6ea-3de4-40a29c7345f3','2026-05-13','2026-05-13 13:36:27','2026-05-13 13:36:27',10,180,0,NULL,NULL,'2026-05-13 05:36:27','2026-05-13 05:36:27'),(114,1,1,'136.158.60.214','EQBtGRYLrvUXm8NZj9h3AifteR4mUCOBVVpTBNRv|78e5cdd1-297e-32f4-6a2f-e85f18d6bbcd','2026-05-13','2026-05-13 18:16:47','2026-05-13 18:16:54',10,180,1,NULL,NULL,'2026-05-13 10:16:47','2026-05-13 10:16:54');

--
